000
CXUS55 KPUB 211059
CF6LHX
PRELIMINARY LOCAL CLIMATOLOGICAL DATA (WS FORM: F-6)

                                          STATION:   LA JUNTA CO
                                          MONTH:     SEPTEMBER
                                          YEAR:      2018
                                          LATITUDE:   38  2 N
                                          LONGITUDE: 103 31 W

  TEMPERATURE IN F:       :PCPN:    SNOW:  WIND      :SUNSHINE: SKY     :PK WND
================================================================================
1   2   3   4   5  6A  6B    7    8   9   10  11  12  13   14  15   16   17  18
                                     12Z  AVG MX 2MIN
DY MAX MIN AVG DEP HDD CDD  WTR  SNW DPTH SPD SPD DIR MIN PSBL S-S WX    SPD DR
================================================================================

 1  90  63  77   4   0  12 0.00  0.0    0  7.9 22  40   M    M   0        29  20
 2  88  59  74   1   0   9 0.00  0.0    0 10.2 25 350   M    M   1        37 340
 3  78  59  69  -3   0   4 1.41  0.0    0  7.5 16 220   M    M   3 13     21 210
 4  86  58  72   0   0   7 0.01  0.0    0  4.1 20  50   M    M   1        25  60
 5  77  60  69  -3   0   4 0.10  0.0    0  8.8 20  70   M    M   6 1      26  80
 6  74  56  65  -7   0   0 0.00  0.0    0  5.5 14  80   M    M   4 1      19  90
 7  78  59  69  -2   0   4 0.00  0.0    0  4.9 13  90   M    M   6 12     17  90
 8  81  60  71   0   0   6 0.00  0.0    0  9.8 18 110   M    M   5 1      24 120
 9  87  58  73   3   0   8    T  0.0    0  7.0 15 140   M    M   1 13     21 140
10  93  53  73   3   0   8 0.00  0.0    0  9.3 22 150   M    M   1 1      28 150
11  96  58  77   7   0  12 0.00  0.0    0  6.9 23 170   M    M   0        32 160
12  97  60  79  10   0  14 0.00  0.0    0 10.1 21 200   M    M   0        29 200
13  97  57  77   8   0  12 0.00  0.0    0  9.3 17 140   M    M   0        23 130
14  98  52  75   7   0  10 0.00  0.0    0  7.8 17 270   M    M   0        23 270
15  96  59  78  10   0  13 0.00  0.0    0  9.9 29 150   M    M   0        40 140
16  95  59  77  10   0  12 0.00  0.0    0  6.4 15 100   M    M   0        20  90
17  97  57  77  10   0  12 0.00  0.0    0  7.4 14  30   M    M   0        21  50
18  97  61  79  13   0  14 0.00  0.0    0  7.9 16 280   M    M   0        19 270
19  99  62  81  15   0  16    T  0.0    0  8.3 31 280   M    M   1 3      40 280
20  78  58  68   3   0   3 0.03  0.0    0  8.1 17 190   M    M   2        22  10
================================================================================
SM 1782 1168         0 180  1.55     0.0 157.1          M       31
================================================================================
AV 89.1 58.4                               7.9 FASTST   M    M   2    MAX(MPH)
                                 MISC ---->  # 31 280               # 40  140
================================================================================
NOTES:
# LAST OF SEVERAL OCCURRENCES

COLUMN 17 PEAK WIND IN M.P.H.

PRELIMINARY LOCAL CLIMATOLOGICAL DATA (WS FORM: F-6) , PAGE 2

                                          STATION:  LA JUNTA CO
                                          MONTH:    SEPTEMBER
                                          YEAR:     2018
                                          LATITUDE:   38  2 N
                                          LONGITUDE: 103 31 W

[TEMPERATURE DATA]      [PRECIPITATION DATA]       SYMBOLS USED IN COLUMN 16

AVERAGE MONTHLY: 73.8   TOTAL FOR MONTH:   1.55    1 = FOG OR MIST
DPTR FM NORMAL:   4.2   DPTR FM NORMAL:    0.96    2 = FOG REDUCING VISIBILITY
HIGHEST:    99 ON 19    GRTST 24HR  1.41 ON  3- 3      TO 1/4 MILE OR LESS
LOWEST:     52 ON 14                               3 = THUNDER
                        SNOW, ICE PELLETS, HAIL    4 = ICE PELLETS
                        TOTAL MONTH:   0.0 INCH    5 = HAIL
                        GRTST 24HR     0.0         6 = FREEZING RAIN OR DRIZZLE
                        GRTST DEPTH:   0           7 = DUSTSTORM OR SANDSTORM:
                                                       VSBY 1/2 MILE OR LESS
                                                   8 = SMOKE OR HAZE
[NO. OF DAYS WITH]      [WEATHER - DAYS WITH]      9 = BLOWING SNOW
                                                   X = TORNADO
MAX 32 OR BELOW:   0    0.01 INCH OR MORE:   4
MAX 90 OR ABOVE:  11    0.10 INCH OR MORE:   2
MIN 32 OR BELOW:   0    0.50 INCH OR MORE:   1
MIN  0 OR BELOW:   0    1.00 INCH OR MORE:   1

[HDD (BASE 65) ]
TOTAL THIS MO.     0    CLEAR  (SCALE 0-3)  16
DPTR FM NORMAL   -25    PTCLDY (SCALE 4-7)   4
TOTAL FM JUL 1     0    CLOUDY (SCALE 8-10)  0
DPTR FM NORMAL   -29

[CDD (BASE 65) ]
TOTAL THIS MO.   180
DPTR FM NORMAL    63    [PRESSURE DATA]
TOTAL FM JAN 1  1469    HIGHEST SLP M ON M
DPTR FM NORMAL   274    LOWEST  SLP 29.75 ON 19

[REMARKS]
