622
CXUS55 KPUB 191059
CF6LHX
PRELIMINARY LOCAL CLIMATOLOGICAL DATA (WS FORM: F-6)

                                          STATION:   LA JUNTA CO
                                          MONTH:     OCTOBER
                                          YEAR:      2019
                                          LATITUDE:   38  2 N
                                          LONGITUDE: 103 31 W

  TEMPERATURE IN F:       :PCPN:    SNOW:  WIND      :SUNSHINE: SKY     :PK WND
================================================================================
1   2   3   4   5  6A  6B    7    8   9   10  11  12  13   14  15   16   17  18
                                     12Z  AVG MX 2MIN
DY MAX MIN AVG DEP HDD CDD  WTR  SNW DPTH SPD SPD DIR MIN PSBL S-S WX    SPD DR
================================================================================

 1  70  48  59  -1   6   0    T  0.0    0 12.4 24  20   M    M   4 1      30  30
 2  71  46  59  -1   6   0 0.00  0.0    0 10.8 21  50   M    M   5 18     28  70
 3  69  48  59   0   6   0 0.00  0.0    0 10.3 20  50   M    M   5        31 130
 4  80  40  60   1   5   0 0.01  0.0    0 12.6 29 200   M    M   0        40 200
 5  72  48  60   2   5   0 0.00  0.0    0 10.8 23 110   M    M   0        32  20
 6  69  35  52  -6  13   0 0.00  0.0    0  8.0 21  40   M    M   0        30  40
 7  79  34  57  -1   8   0 0.00  0.0    0  7.8 14 210   M    M   0        19 180
 8  88  40  64   7   1   0 0.00  0.0    0  8.7 18 240   M    M   0 8      22 240
 9  89  41  65   8   0   0 0.00  0.0    0 14.3 45 350   M    M   0 8      62 360
10  41  20  31 -25  34   0    T    M    0 14.6 28  10   M    M   7        37  20
11  56  16  36 -20  29   0 0.00  0.0    0  5.4 10 120   M    M   0        17 240
12  70  23  47  -9  18   0 0.00  0.0    0  8.2 15 270   M    M   0 8      20 270
13  75  29  52  -3  13   0 0.00  0.0    0  7.7 16 270   M    M   0        19 270
14  83  32  58   3   7   0 0.00  0.0    0  7.0 15 160   M    M   0        20 130
15  67  39  53  -1  12   0 0.00  0.0    0  6.5 17 360   M    M   0        22 350
16  79  30  55   1  10   0 0.00  0.0    0  5.1 13 150   M    M   0 8      18 130
17  87  37  62   8   3   0 0.00  0.0    0  8.8 20 220   M    M   0 8      23 210
18  83  43  63  10   2   0 0.00    M    M 15.9 40 360   M    M   1 8      58  10
================================================================================
SM 1328  649       178   0  0.01     0.0 174.9          M       22
================================================================================
AV 73.8 36.1                               9.7 FASTST   M    M   1    MAX(MPH)
                                 MISC ---->  # 45 350               # 62  360
================================================================================
NOTES:
# LAST OF SEVERAL OCCURRENCES

COLUMN 17 PEAK WIND IN M.P.H.

PRELIMINARY LOCAL CLIMATOLOGICAL DATA (WS FORM: F-6) , PAGE 2

                                          STATION:  LA JUNTA CO
                                          MONTH:    OCTOBER
                                          YEAR:     2019
                                          LATITUDE:   38  2 N
                                          LONGITUDE: 103 31 W

[TEMPERATURE DATA]      [PRECIPITATION DATA]       SYMBOLS USED IN COLUMN 16

AVERAGE MONTHLY: 54.9   TOTAL FOR MONTH:   0.01    1 = FOG OR MIST
DPTR FM NORMAL:  -1.7   DPTR FM NORMAL:   -0.53    2 = FOG REDUCING VISIBILITY
HIGHEST:    89 ON  9    GRTST 24HR  0.01 ON  4- 4      TO 1/4 MILE OR LESS
LOWEST:     16 ON 11                               3 = THUNDER
                        SNOW, ICE PELLETS, HAIL    4 = ICE PELLETS
                        TOTAL MONTH:   0.0 INCH    5 = HAIL
                        GRTST 24HR     0.0         6 = FREEZING RAIN OR DRIZZLE
                        GRTST DEPTH:   0           7 = DUSTSTORM OR SANDSTORM:
                                                       VSBY 1/2 MILE OR LESS
                                                   8 = SMOKE OR HAZE
[NO. OF DAYS WITH]      [WEATHER - DAYS WITH]      9 = BLOWING SNOW
                                                   X = TORNADO
MAX 32 OR BELOW:   0    0.01 INCH OR MORE:   1
MAX 90 OR ABOVE:   0    0.10 INCH OR MORE:   0
MIN 32 OR BELOW:   6    0.50 INCH OR MORE:   0
MIN  0 OR BELOW:   0    1.00 INCH OR MORE:   0

[HDD (BASE 65) ]
TOTAL THIS MO.   178    CLEAR  (SCALE 0-3)  14
DPTR FM NORMAL    17    PTCLDY (SCALE 4-7)   4
TOTAL FM JUL 1   180    CLOUDY (SCALE 8-10)  0
DPTR FM NORMAL   -54

[CDD (BASE 65) ]
TOTAL THIS MO.     0
DPTR FM NORMAL    -7    [PRESSURE DATA]
TOTAL FM JAN 1  1542    HIGHEST SLP M ON M
DPTR FM NORMAL   319    LOWEST  SLP 29.57 ON 18

[REMARKS]
