000
CXUS55 KBOU 200900
CF6LIC
PRELIMINARY LOCAL CLIMATOLOGICAL DATA (WS FORM: F-6)

                                          STATION:   LIMON CO
                                          MONTH:     JUNE
                                          YEAR:      2018
                                          LATITUDE:   39 10 N
                                          LONGITUDE: 103 42 W

  TEMPERATURE IN F:       :PCPN:    SNOW:  WIND      :SUNSHINE: SKY     :PK WND
================================================================================
1   2   3   4   5  6A  6B    7    8   9   10  11  12  13   14  15   16   17  18
                                     12Z  AVG MX 2MIN
DY MAX MIN AVG DEP HDD CDD  WTR  SNW DPTH SPD SPD DIR MIN PSBL S-S WX    SPD DR
================================================================================

 1  90  48  69  10   0   4 0.00    M    M 10.2 29 360   M    M   0        43 360
 2  75  48  62   M   3   0 0.00    M    M 10.7 30 360   M    M   0        41 360
 3  74  41  58   M   7   0 0.00    M    M 13.2 32 210   M    M   0        45 220
 4  89  39  64   M   1   0 0.00    M    M  8.4 22 190   M    M   0        34 180
 5  93  45  69   M   0   4 0.00    M    M  7.8 23 130   M    M   0        34 190
 6  90  49  70   M   0   5 0.00    M    M 10.2 38  20   M    M   0        49  10
 7  88  54  71   M   0   6 0.01    M    M 12.6 35  60   M    M   0 3      45  50
 8  90  46  68   M   0   3 0.02    M    M  8.4 28  80   M    M   1 13     37  80
 9  94  43  69   M   0   4 0.00    M    M  9.5 20  90   M    M   0        29 110
10  94  45  70   M   0   5 0.00    M    M  9.7 26 200   M    M   0        41 210
11  82  53  68   M   0   3 0.00    M    M 17.9 32 350   M    M   0        46  10
12  89  43  66   M   0   1    T    M    M  6.7 17 140   M    M   0 3      25 140
13  92  54  73   M   0   8 0.03    M    M 16.1 35 160   M    M   0 3      48 180
14  96  46  71   M   0   6    T    M    M  6.6 29 280   M    M   0        39 280
15  93  51  72   M   0   7    T    M    M 10.6 31 360   M    M   1 3      42 350
16  88  51  70   M   0   5 0.00    M    M 12.0 40 210   M    M   1        56 220
17  86  56  71   M   0   6 0.01    M    M 13.3 33 320   M    M   6 1      47 330
18  87  54  71   M   0   6 0.00    M    M 14.1 33  70   M    M   4 1      45  60
19  84  50  67   M   0   2 0.95    M    M 19.3 49 300   M    M   4 138    70 310
================================================================================
SM 1674  916        11  75  1.02    M    217.3          M       17
================================================================================
AV 88.1 48.2                              11.4 FASTST   M    M   1    MAX(MPH)
                                 MISC ---->  # 49 300               # 70  310
================================================================================
NOTES:
# LAST OF SEVERAL OCCURRENCES

COLUMN 17 PEAK WIND IN M.P.H.

PRELIMINARY LOCAL CLIMATOLOGICAL DATA (WS FORM: F-6) , PAGE 2

                                          STATION:  LIMON CO
                                          MONTH:    JUNE
                                          YEAR:     2018
                                          LATITUDE:   39 10 N
                                          LONGITUDE: 103 42 W

[TEMPERATURE DATA]      [PRECIPITATION DATA]       SYMBOLS USED IN COLUMN 16

AVERAGE MONTHLY: 68.2   TOTAL FOR MONTH:   1.02    1 = FOG OR MIST
DPTR FM NORMAL:     M   DPTR FM NORMAL:    0.92    2 = FOG REDUCING VISIBILITY
HIGHEST:    96 ON 14    GRTST 24HR  0.95 ON 19-19      TO 1/4 MILE OR LESS
LOWEST:     39 ON  4                               3 = THUNDER
                        SNOW, ICE PELLETS, HAIL    4 = ICE PELLETS
                        TOTAL MONTH:    M          5 = HAIL
                        GRTST 24HR    M  ON   M    6 = FREEZING RAIN OR DRIZZLE
                        GRTST DEPTH:  M  ON   M    7 = DUSTSTORM OR SANDSTORM:
                                                       VSBY 1/2 MILE OR LESS
                                                   8 = SMOKE OR HAZE
[NO. OF DAYS WITH]      [WEATHER - DAYS WITH]      9 = BLOWING SNOW
                                                   X = TORNADO
MAX 32 OR BELOW:   0    0.01 INCH OR MORE:   5
MAX 90 OR ABOVE:   9    0.10 INCH OR MORE:   1
MIN 32 OR BELOW:   0    0.50 INCH OR MORE:   1
MIN  0 OR BELOW:   0    1.00 INCH OR MORE:   0

[HDD (BASE 65) ]
TOTAL THIS MO.    11    CLEAR  (SCALE 0-3)  16
DPTR FM NORMAL     M    PTCLDY (SCALE 4-7)   3
TOTAL FM JUL 1  6443    CLOUDY (SCALE 8-10)  0
DPTR FM NORMAL     M

[CDD (BASE 65) ]
TOTAL THIS MO.    75
DPTR FM NORMAL    75    [PRESSURE DATA]
TOTAL FM JAN 1    90    HIGHEST SLP M ON M
DPTR FM NORMAL    90    LOWEST  SLP 29.39 ON 10

[REMARKS]
