000
CXUS55 KBOU 270901
CF6LIC
PRELIMINARY LOCAL CLIMATOLOGICAL DATA (WS FORM: F-6)

                                          STATION:   LIMON CO
                                          MONTH:     MAY
                                          YEAR:      2020
                                          LATITUDE:   39 10 N
                                          LONGITUDE: 103 42 W

  TEMPERATURE IN F:       :PCPN:    SNOW:  WIND      :SUNSHINE: SKY     :PK WND
================================================================================
1   2   3   4   5  6A  6B    7    8   9   10  11  12  13   14  15   16   17  18
                                     12Z  AVG MX 2MIN
DY MAX MIN AVG DEP HDD CDD  WTR  SNW DPTH SPD SPD DIR MIN PSBL S-S WX    SPD DR
================================================================================

 1  85  47  66   M   0   1 0.00    M    M 12.0 35  60   M    M   1        47  70
 2  65  48  57   M   8   0 0.17    M    M 12.4 29 130   M    M   8 13     37 120
 3  79  43  61   M   4   0 0.28    M    M 13.1 24 130   M    M   3 3      31 120
 4  66  37  52   M  13   0 0.00    M    M 18.0 33  20   M    M   3 1      45 350
 5  69  30  50   M  15   0 0.00    M    M  6.5 18 310   M    M   0        25 310
 6  67  30  49   M  16   0 0.00    M    M 13.1 24 160   M    M   0        34 150
 7  68  30  49   M  16   0 0.00    M    M 19.2 39  20   M    M   0        53  20
 8  57  32  45   M  20   0 0.00    M    M 14.2 35 360   M    M   5        44 360
 9  60  27  44   M  21   0 0.00    M    M 17.7 36 350   M    M   4        50 340
10  60  25  43   M  22   0 0.00    M    M 11.4 21 160   M    M   1        29 170
11  48  33  41   M  24   0    T    M    M 16.3 24 140   M    M   7 1      31 130
12  57  32  45   M  20   0 0.00    M    M 16.5 25 150   M    M   7 1      36 160
13  81  41  61   M   4   0 0.00    M    M  8.8 32  60   M    M   4 12     44  60
14  74  41  58   M   7   0 0.04    M    M 10.4 38 340   M    M   3 13     52 340
15  74  44  59   M   6   0 0.14    M    M 12.8 29 360   M    M   5 1      39 160
16  67  38  53   M  12   0 0.00    M    M  9.2 21  40   M    M   5 1      28  20
17  76  34  55   M  10   0 0.00    M    M  7.7 18 190   M    M   1        26 180
18  82  44  63   M   2   0 0.00    M    M 14.3 24 150   M    M   0        32 150
19  86  44  65   M   0   0    T    M    M 17.3 46 160   M    M   3 138    60 160
20  80  51  66   M   0   1 0.00    M    M 19.6 41 140   M    M   3 1      52 140
21  74  45  60   M   5   0 0.00    M    M 12.2 30  20   M    M   0        39  20
22  80  36  58   M   7   0 0.00    M    M 13.3 32 140   M    M   0        43 140
23  79  50  65   M   0   0 0.00    M    M 16.3 32 340   M    M   3        43 350
24  68  42  55   M  10   0 0.67    M    M 16.7 41 320   M    M   6 13     53 310
25  62  37  50   M  15   0 0.00    M    M 12.1 22 360   M    M   2        32 340
26  75  34  55   M  10   0 0.00    M    M  8.9 22 350   M    M   0        37 360
================================================================================
SM 1839  995       267   2  1.30    M    350.0          M       74
================================================================================
AV 70.7 38.3                              13.5 FASTST   M    M   3    MAX(MPH)
                                 MISC ---->  # 46 160               # 60  160
================================================================================
NOTES:
# LAST OF SEVERAL OCCURRENCES

COLUMN 17 PEAK WIND IN M.P.H.

PRELIMINARY LOCAL CLIMATOLOGICAL DATA (WS FORM: F-6) , PAGE 2

                                          STATION:  LIMON CO
                                          MONTH:    MAY
                                          YEAR:     2020
                                          LATITUDE:   39 10 N
                                          LONGITUDE: 103 42 W

[TEMPERATURE DATA]      [PRECIPITATION DATA]       SYMBOLS USED IN COLUMN 16

AVERAGE MONTHLY: 54.5   TOTAL FOR MONTH:   1.30    1 = FOG OR MIST
DPTR FM NORMAL:     M   DPTR FM NORMAL:       M    2 = FOG REDUCING VISIBILITY
HIGHEST:    86 ON 19    GRTST 24HR  0.67 ON 24-24      TO 1/4 MILE OR LESS
LOWEST:     25 ON 10                               3 = THUNDER
                        SNOW, ICE PELLETS, HAIL    4 = ICE PELLETS
                        TOTAL MONTH:    M          5 = HAIL
                        GRTST 24HR    M  ON   M    6 = FREEZING RAIN OR DRIZZLE
                        GRTST DEPTH:  M  ON   M    7 = DUSTSTORM OR SANDSTORM:
                                                       VSBY 1/2 MILE OR LESS
                                                   8 = SMOKE OR HAZE
[NO. OF DAYS WITH]      [WEATHER - DAYS WITH]      9 = BLOWING SNOW
                                                   X = TORNADO
MAX 32 OR BELOW:   0    0.01 INCH OR MORE:   5
MAX 90 OR ABOVE:   0    0.10 INCH OR MORE:   4
MIN 32 OR BELOW:   7    0.50 INCH OR MORE:   1
MIN  0 OR BELOW:   0    1.00 INCH OR MORE:   0

[HDD (BASE 65) ]
TOTAL THIS MO.   267    CLEAR  (SCALE 0-3)  13
DPTR FM NORMAL     M    PTCLDY (SCALE 4-7)  13
TOTAL FM JUL 1  6838    CLOUDY (SCALE 8-10)  0
DPTR FM NORMAL     M

[CDD (BASE 65) ]
TOTAL THIS MO.     2
DPTR FM NORMAL     M    [PRESSURE DATA]
TOTAL FM JAN 1     2    HIGHEST SLP M ON M
DPTR FM NORMAL     M    LOWEST  SLP 29.39 ON 20

[REMARKS]
