000
CXUS55 KBOU 230836
CF6LIC
PRELIMINARY LOCAL CLIMATOLOGICAL DATA (WS FORM: F-6)

                                          STATION:   LIMON CO
                                          MONTH:     SEPTEMBER
                                          YEAR:      2018
                                          LATITUDE:   39 10 N
                                          LONGITUDE: 103 42 W

  TEMPERATURE IN F:       :PCPN:    SNOW:  WIND      :SUNSHINE: SKY     :PK WND
================================================================================
1   2   3   4   5  6A  6B    7    8   9   10  11  12  13   14  15   16   17  18
                                     12Z  AVG MX 2MIN
DY MAX MIN AVG DEP HDD CDD  WTR  SNW DPTH SPD SPD DIR MIN PSBL S-S WX    SPD DR
================================================================================

 1  83  49  66   M   0   1    T    M    M  7.4 22 140   M    M   1 3      31 280
 2  82  51  67   M   0   2 0.00    M    M  5.7 23 340   M    M   0 3      31 340
 3  73  50  62   M   3   0 0.07    M    M  4.6 16 140   M    M   2 1      20 150
 4  83  50  67   M   0   2 0.00    M    M  6.5 26  50   M    M   1 13     34  50
 5  71  46  59   M   6   0    T    M    M  8.1 17  80   M    M   6 1      22  70
 6  74  45  60   M   5   0 0.05    M    M  9.2 23 170   M    M   6 123    35 170
 7  76  54  65   M   0   0 0.00    M    M  6.7 17  80   M    M   6 13     23 100
 8  77  57  67   M   0   2 0.02    M    M 11.1 22 150   M    M   5 3      27 140
 9  87  57  72   M   0   7 0.01    M    M  8.3 18 150   M    M   3 3      26 140
10  91  53  72   M   0   7    T    M    M  7.4 36 210   M    M   3 123    62 180
11  92  44  68   M   0   3    T    M    M  8.6 22 160   M    M   0 1      33 150
12  91  45  68   M   0   3 0.00    M    M  6.2 23 200   M    M   0        32 190
13  92  42  67   M   0   2 0.00    M    M  7.8 22 160   M    M   0        32 170
14  92  47  70   M   0   5 0.00    M    M 10.0 25 360   M    M   0        37  20
15  90  41  66   M   0   1 0.00    M    M 12.6 33 140   M    M   0        44 140
16  93  53  73   M   0   8 0.00    M    M  6.5 20  30   M    M   2 12     26 100
17  92  50  71   M   0   6 0.00    M    M  7.9 24  20   M    M   0        31 360
18  90  50  70   M   0   5 0.00    M    M  8.9 21 110   M    M   0        27 110
19  88  50  69   M   0   4    T    M    M 10.6 25 340   M    M   1        34 340
20  81  53  67   M   0   2 0.01    M    M  8.5 25  50   M    M   2 3      33  50
21  72  39  56   M   9   0 0.00    M    M 13.2 24 160   M    M   0        33 170
22  84  36  60   M   5   0 0.00  0.0    0  7.4 16 120   M    M   0        22 130
================================================================================
SM 1854 1062        28  60  0.16     0.0 183.2          M       38
================================================================================
AV 84.3 48.3                               8.3 FASTST   M    M   2    MAX(MPH)
                                 MISC ---->  # 36 210               # 62  180
================================================================================
NOTES:
# LAST OF SEVERAL OCCURRENCES

COLUMN 17 PEAK WIND IN M.P.H.

PRELIMINARY LOCAL CLIMATOLOGICAL DATA (WS FORM: F-6) , PAGE 2

                                          STATION:  LIMON CO
                                          MONTH:    SEPTEMBER
                                          YEAR:     2018
                                          LATITUDE:   39 10 N
                                          LONGITUDE: 103 42 W

[TEMPERATURE DATA]      [PRECIPITATION DATA]       SYMBOLS USED IN COLUMN 16

AVERAGE MONTHLY: 66.3   TOTAL FOR MONTH:   0.16    1 = FOG OR MIST
DPTR FM NORMAL:     M   DPTR FM NORMAL:       M    2 = FOG REDUCING VISIBILITY
HIGHEST:    93 ON 16    GRTST 24HR  0.07 ON  3- 3      TO 1/4 MILE OR LESS
LOWEST:     36 ON 22                               3 = THUNDER
                        SNOW, ICE PELLETS, HAIL    4 = ICE PELLETS
                        TOTAL MONTH:   0.0 INCH    5 = HAIL
                        GRTST 24HR     0.0         6 = FREEZING RAIN OR DRIZZLE
                        GRTST DEPTH:   0           7 = DUSTSTORM OR SANDSTORM:
                                                       VSBY 1/2 MILE OR LESS
                                                   8 = SMOKE OR HAZE
[NO. OF DAYS WITH]      [WEATHER - DAYS WITH]      9 = BLOWING SNOW
                                                   X = TORNADO
MAX 32 OR BELOW:   0    0.01 INCH OR MORE:   5
MAX 90 OR ABOVE:   9    0.10 INCH OR MORE:   0
MIN 32 OR BELOW:   0    0.50 INCH OR MORE:   0
MIN  0 OR BELOW:   0    1.00 INCH OR MORE:   0

[HDD (BASE 65) ]
TOTAL THIS MO.    28    CLEAR  (SCALE 0-3)  17
DPTR FM NORMAL     M    PTCLDY (SCALE 4-7)   5
TOTAL FM JUL 1    56    CLOUDY (SCALE 8-10)  0
DPTR FM NORMAL     M

[CDD (BASE 65) ]
TOTAL THIS MO.    60
DPTR FM NORMAL     M    [PRESSURE DATA]
TOTAL FM JAN 1   484    HIGHEST SLP M ON M
DPTR FM NORMAL   341    LOWEST  SLP 29.55 ON 12

[REMARKS]
