000
CXHW51 PHFO 171250
CF6LIH
PRELIMINARY LOCAL CLIMATOLOGICAL DATA (WS FORM: F-6)

                                          STATION:   LIHUE HI
                                          MONTH:     JUNE
                                          YEAR:      2018
                                          LATITUDE:   21 58 N
                                          LONGITUDE: 159 21 W

  TEMPERATURE IN F:       :PCPN:    SNOW:  WIND      :SUNSHINE: SKY     :PK WND
================================================================================
1   2   3   4   5  6A  6B    7    8   9   10  11  12  13   14  15   16   17  18
                                     12Z  AVG MX 2MIN
DY MAX MIN AVG DEP HDD CDD  WTR  SNW DPTH SPD SPD DIR MIN PSBL S-S WX    SPD DR
================================================================================

 1  82  72  77   0   0  12 0.05  0.0    M 14.6 22  80   M    M   M 1      26  80
 2  81  74  78   1   0  13 0.01  0.0    M 15.5 22  90   M    M   M 1      27  80
 3  83  74  79   2   0  14    T  0.0    M 16.2 24  60   M    M   M        29  60
 4  82  73  78   0   0  13 0.05  0.0    M 18.5 26  70   M    M   M 18     34  70
 5  81  71  76  -2   0  11 0.04  0.0    M 18.1 23  40   M    M   M 18     28  60
 6  82  72  77  -1   0  12 0.02  0.0    M 16.3 22  50   M    M   M 18     25  50
 7  82  71  77  -1   0  12 0.02  0.0    M 14.8 24  80   M    M   M 1      28  90
 8  83  74  79   1   0  14 0.03  0.0    M 12.2 15  80   M    M   M 1      19  60
 9  83  76  80   2   0  15 0.00  0.0    M 14.3 18  60   M    M   M        22  60
10  83  73  78   0   0  13 0.02  0.0    M 14.0 22  90   M    M   M 1      27  90
11  83  74  79   1   0  14    T  0.0    M 14.8 22  70   M    M   M        24  70
12  83  72  78   0   0  13    T  0.0    M 13.1 24  90   M    M   M        28  90
13  83  75  79   1   0  14    T  0.0    M 12.6 17  80   M    M   M 1      22  80
14  83  74  79   1   0  14 0.02  0.0    M 10.3 17  90   M    M   M 1      20  90
15  83  73  78   0   0  13 0.20  0.0    M  9.4 18 160   M    M   M 1      21 160
16  83  72  78   0   0  13 0.00  0.0    M  8.3 13  50   M    M   M        15  40
================================================================================
SM 1320 1170         0 210  0.46     0.0 223.0          M        M
================================================================================
AV 82.5 73.1                              13.9 FASTST   M    M   0    MAX(MPH)
                                 MISC ---->  # 26  70               # 34   70
================================================================================
NOTES:
# LAST OF SEVERAL OCCURRENCES

COLUMN 17 PEAK WIND IN M.P.H.

PRELIMINARY LOCAL CLIMATOLOGICAL DATA (WS FORM: F-6) , PAGE 2

                                          STATION:  LIHUE HI
                                          MONTH:    JUNE
                                          YEAR:     2018
                                          LATITUDE:   21 58 N
                                          LONGITUDE: 159 21 W

[TEMPERATURE DATA]      [PRECIPITATION DATA]       SYMBOLS USED IN COLUMN 16

AVERAGE MONTHLY: 77.8   TOTAL FOR MONTH:   0.46    1 = FOG OR MIST
DPTR FM NORMAL:   0.0   DPTR FM NORMAL:   -0.37    2 = FOG REDUCING VISIBILITY
HIGHEST:    83 ON 16,15 GRTST 24HR  0.20 ON 15-15      TO 1/4 MILE OR LESS
LOWEST:     71 ON  7, 5                            3 = THUNDER
                        SNOW, ICE PELLETS, HAIL    4 = ICE PELLETS
                        TOTAL MONTH:   0.0 INCH    5 = HAIL
                        GRTST 24HR     0.0         6 = FREEZING RAIN OR DRIZZLE
                        GRTST DEPTH:  M  ON   M    7 = DUSTSTORM OR SANDSTORM:
                                                       VSBY 1/2 MILE OR LESS
                                                   8 = SMOKE OR HAZE
[NO. OF DAYS WITH]      [WEATHER - DAYS WITH]      9 = BLOWING SNOW
                                                   X = TORNADO
MAX 32 OR BELOW:   0    0.01 INCH OR MORE:  10
MAX 90 OR ABOVE:   0    0.10 INCH OR MORE:   1
MIN 32 OR BELOW:   0    0.50 INCH OR MORE:   0
MIN  0 OR BELOW:   0    1.00 INCH OR MORE:   0

[HDD (BASE 65) ]
TOTAL THIS MO.     0    CLEAR  (SCALE 0-3)   0
DPTR FM NORMAL     0    PTCLDY (SCALE 4-7)   0
TOTAL FM JUL 1     0    CLOUDY (SCALE 8-10)  0
DPTR FM NORMAL     0

[CDD (BASE 65) ]
TOTAL THIS MO.   210
DPTR FM NORMAL     6    [PRESSURE DATA]
TOTAL FM JAN 1  1533    HIGHEST SLP M ON M
DPTR FM NORMAL    90    LOWEST  SLP 29.94 ON  1

[REMARKS]
