000
CXHW51 PHFO 261250
CF6LIH
PRELIMINARY LOCAL CLIMATOLOGICAL DATA (WS FORM: F-6)

                                          STATION:   LIHUE HI
                                          MONTH:     MAY
                                          YEAR:      2020
                                          LATITUDE:   21 58 N
                                          LONGITUDE: 159 21 W

  TEMPERATURE IN F:       :PCPN:    SNOW:  WIND      :SUNSHINE: SKY     :PK WND
================================================================================
1   2   3   4   5  6A  6B    7    8   9   10  11  12  13   14  15   16   17  18
                                     12Z  AVG MX 2MIN
DY MAX MIN AVG DEP HDD CDD  WTR  SNW DPTH SPD SPD DIR MIN PSBL S-S WX    SPD DR
================================================================================

 1  82  74  78   3   0  13    T  0.0    M 20.4 26  40   M    M   M        30  30
 2  83  73  78   3   0  13 0.01  0.0    M 18.1 25  40   M    M   M        29  60
 3  82  73  78   3   0  13 0.01  0.0    M 19.6 25  40   M    M   M        31  40
 4  82  72  77   2   0  12 0.01  0.0    M 18.9 24  40   M    M   M 1      28  40
 5  82  72  77   2   0  12 0.03  0.0    M 12.9 18  70   M    M   M 1      24  50
 6  80  69  75   0   0  10 0.26  0.0    M 13.5 29  40   M    M   M 1      34  40
 7  80  67  74  -1   0   9 0.28  0.0    M 16.9 25  10   M    M   M 1      31  10
 8  81  70  76   1   0  11 0.00  0.0    M 16.4 24  40   M    M   M        27  30
 9  81  68  75   0   0  10    T  0.0    M 15.1 22  10   M    M   M        27  40
10  81  73  77   2   0  12    T  0.0    M 14.1 20  40   M    M   M        27  60
11  81  72  77   2   0  12 0.00  0.0    M 13.0 21 100   M    M   M        24  90
12  81  69  75   0   0  10 0.15  0.0    M 11.3 17  90   M    M   M 1      20  70
13  81  69  75  -1   0  10 0.43  0.0    M  8.5 13  90   M    M   M 1      24  80
14  81  68  75  -1   0  10    T  0.0    M  6.8 15 300   M    M   M        17 300
15  81  68  75  -1   0  10 0.39  0.0    M  8.7 18  40   M    M   M 1      28  80
16  81  71  76   0   0  11 0.02  0.0    M 12.2 18  40   M    M   M 1      22  40
17  81  74  78   2   0  13    T  0.0    M 12.4 20  40   M    M   M        23  30
18  77  72  75  -1   0  10 0.14  0.0    M 14.3 21  70   M    M   M 18     26  80
19  81  73  77   1   0  12 0.03  0.0    M 15.4 23  60   M    M   M 1      29  60
20  80  71  76   0   0  11    T  0.0    M 16.9 23  50   M    M   M 8      28  50
21  80  73  77   1   0  12 0.04  0.0    M 18.3 24  70   M    M   M 18     31  60
22  82  72  77   1   0  12 0.07  0.0    M 15.9 23  40   M    M   M 1      27  40
23  82  72  77   1   0  12    T  0.0    M 11.0 16  40   M    M   M        20  50
24  82  70  76   0   0  11 0.00  0.0    M  8.5 14 100   M    M   M        16  90
25  81  70  76  -1   0  11 0.01  0.0    M  6.4 13  50   M    M   M        15  60
================================================================================
SM 2026 1775         0 282  1.88     0.0 345.5          M        M
================================================================================
AV 81.0 71.0                              13.8 FASTST   M    M   0    MAX(MPH)
                                 MISC ---->  # 29  40               # 34   40
================================================================================
NOTES:
# LAST OF SEVERAL OCCURRENCES

COLUMN 17 PEAK WIND IN M.P.H.

PRELIMINARY LOCAL CLIMATOLOGICAL DATA (WS FORM: F-6) , PAGE 2

                                          STATION:  LIHUE HI
                                          MONTH:    MAY
                                          YEAR:     2020
                                          LATITUDE:   21 58 N
                                          LONGITUDE: 159 21 W

[TEMPERATURE DATA]      [PRECIPITATION DATA]       SYMBOLS USED IN COLUMN 16

AVERAGE MONTHLY: 76.0   TOTAL FOR MONTH:   1.88    1 = FOG OR MIST
DPTR FM NORMAL:   0.5   DPTR FM NORMAL:    0.12    2 = FOG REDUCING VISIBILITY
HIGHEST:    83 ON  2    GRTST 24HR  0.43 ON 13-13      TO 1/4 MILE OR LESS
LOWEST:     67 ON  7                               3 = THUNDER
                        SNOW, ICE PELLETS, HAIL    4 = ICE PELLETS
                        TOTAL MONTH:   0.0 INCH    5 = HAIL
                        GRTST 24HR     0.0         6 = FREEZING RAIN OR DRIZZLE
                        GRTST DEPTH:  M  ON   M    7 = DUSTSTORM OR SANDSTORM:
                                                       VSBY 1/2 MILE OR LESS
                                                   8 = SMOKE OR HAZE
[NO. OF DAYS WITH]      [WEATHER - DAYS WITH]      9 = BLOWING SNOW
                                                   X = TORNADO
MAX 32 OR BELOW:   0    0.01 INCH OR MORE:  15
MAX 90 OR ABOVE:   0    0.10 INCH OR MORE:   6
MIN 32 OR BELOW:   0    0.50 INCH OR MORE:   0
MIN  0 OR BELOW:   0    1.00 INCH OR MORE:   0

[HDD (BASE 65) ]
TOTAL THIS MO.     0    CLEAR  (SCALE 0-3)   0
DPTR FM NORMAL     0    PTCLDY (SCALE 4-7)   0
TOTAL FM JUL 1     0    CLOUDY (SCALE 8-10)  0
DPTR FM NORMAL     0

[CDD (BASE 65) ]
TOTAL THIS MO.   282
DPTR FM NORMAL    18    [PRESSURE DATA]
TOTAL FM JAN 1  1372    HIGHEST SLP M ON M
DPTR FM NORMAL   204    LOWEST  SLP 30.04 ON 24

[REMARKS]
