670
CXUS53 KOAX 161000
CF6LNK
PRELIMINARY LOCAL CLIMATOLOGICAL DATA (WS FORM: F-6)

                                          STATION:   LINCOLN NE
                                          MONTH:     DECEMBER
                                          YEAR:      2019
                                          LATITUDE:   40 50 N
                                          LONGITUDE:  96 45 W

  TEMPERATURE IN F:       :PCPN:    SNOW:  WIND      :SUNSHINE: SKY     :PK WND
================================================================================
1   2   3   4   5  6A  6B    7    8   9   10  11  12  13   14  15   16   17  18
                                     12Z  AVG MX 2MIN
DY MAX MIN AVG DEP HDD CDD  WTR  SNW DPTH SPD SPD DIR MIN PSBL S-S WX    SPD DR
================================================================================

 1  35  25  30  -1  35   0    T    T    0 22.7 38 330   M    M   8        53 330
 2  44  16  30   0  35   0 0.00  0.0    0  6.5 13 180   M    M   0        17 320
 3  56  26  41  11  24   0 0.00  0.0    0  7.7 20 300   M    M   0        25 310
 4  57  27  42  12  23   0 0.00  0.0    0  3.8 13 300   M    M   0        17 330
 5  60  22  41  12  24   0 0.00  0.0    0  6.7 26  10   M    M   1        36  10
 6  40  24  32   3  33   0 0.00  0.0    0  8.4 25 360   M    M   4        33 360
 7  54  23  39  10  26   0 0.00  0.0    0 12.6 23 180   M    M   0        35 180
 8  52  30  41  13  24   0 0.00  0.0    0  3.6 17 200   M    M   0        23 200
 9  40  12  26  -2  39   0 0.01  0.4    T 14.4 37 340   M    M   3 18     48 320
10  26  13  20  -8  45   0 0.00  0.0    T  8.2 21 220   M    M   3        28 230
11  37  16  27   0  38   0 0.00  0.0    0  9.5 20 230   M    M   0        27 220
12  43  22  33   6  32   0 0.00  0.0    T  7.6 16 190   M    M   1 1      22 190
13  43  22  33   6  32   0    T  0.0    0  6.4 25  10   M    M   5 18     32  10
14  32  19  26  -1  39   0 0.00  0.0    0 11.4 24 340   M    M   8 8      30  10
15  21  17  19  -7  46   0 0.11  1.4    T  5.1 10  50   M    M  10 18     13  50
================================================================================
SM  640  314       495   0  0.12     1.8 134.6          M       43
================================================================================
AV 42.7 20.9                               9.0 FASTST   M    M   3    MAX(MPH)
                                 MISC ---->  # 38 330               # 53  330
================================================================================
NOTES:
# LAST OF SEVERAL OCCURRENCES

COLUMN 17 PEAK WIND IN M.P.H.

PRELIMINARY LOCAL CLIMATOLOGICAL DATA (WS FORM: F-6) , PAGE 2

                                          STATION:  LINCOLN NE
                                          MONTH:    DECEMBER
                                          YEAR:     2019
                                          LATITUDE:   40 50 N
                                          LONGITUDE:  96 45 W

[TEMPERATURE DATA]      [PRECIPITATION DATA]       SYMBOLS USED IN COLUMN 16

AVERAGE MONTHLY: 31.8   TOTAL FOR MONTH:   0.12    1 = FOG OR MIST
DPTR FM NORMAL:   3.4   DPTR FM NORMAL:   -0.40    2 = FOG REDUCING VISIBILITY
HIGHEST:    60 ON  5    GRTST 24HR  0.11 ON 15-15      TO 1/4 MILE OR LESS
LOWEST:     12 ON  9                               3 = THUNDER
                        SNOW, ICE PELLETS, HAIL    4 = ICE PELLETS
                        TOTAL MONTH:   1.8 INCHES  5 = HAIL
                        GRTST 24HR   1.4 ON 15-15  6 = FREEZING RAIN OR DRIZZLE
                        GRTST DEPTH:   0           7 = DUSTSTORM OR SANDSTORM:
                                                       VSBY 1/2 MILE OR LESS
                                                   8 = SMOKE OR HAZE
[NO. OF DAYS WITH]      [WEATHER - DAYS WITH]      9 = BLOWING SNOW
                                                   X = TORNADO
MAX 32 OR BELOW:   3    0.01 INCH OR MORE:   2
MAX 90 OR ABOVE:   0    0.10 INCH OR MORE:   1
MIN 32 OR BELOW:  15    0.50 INCH OR MORE:   0
MIN  0 OR BELOW:   0    1.00 INCH OR MORE:   0

[HDD (BASE 65) ]
TOTAL THIS MO.   495    CLEAR  (SCALE 0-3)  10
DPTR FM NORMAL   -53    PTCLDY (SCALE 4-7)   3
TOTAL FM JUL 1  1829    CLOUDY (SCALE 8-10)  2
DPTR FM NORMAL    20

[CDD (BASE 65) ]
TOTAL THIS MO.     0
DPTR FM NORMAL     0    [PRESSURE DATA]
TOTAL FM JAN 1  1332    HIGHEST SLP M ON M
DPTR FM NORMAL   159    LOWEST  SLP 29.45 ON  1

[REMARKS]
