000
CXUS53 KOAX 181000
CF6LNK
PRELIMINARY LOCAL CLIMATOLOGICAL DATA (WS FORM: F-6)

                                          STATION:   LINCOLN NE
                                          MONTH:     OCTOBER
                                          YEAR:      2019
                                          LATITUDE:   40 50 N
                                          LONGITUDE:  96 45 W

  TEMPERATURE IN F:       :PCPN:    SNOW:  WIND      :SUNSHINE: SKY     :PK WND
================================================================================
1   2   3   4   5  6A  6B    7    8   9   10  11  12  13   14  15   16   17  18
                                     12Z  AVG MX 2MIN
DY MAX MIN AVG DEP HDD CDD  WTR  SNW DPTH SPD SPD DIR MIN PSBL S-S WX    SPD DR
================================================================================

 1  77  53  65   6   0   0 2.83  0.0    0  8.4 24 340   M    M  10 13     33 330
 2  57  49  53  -6  12   0 0.11    M    0  9.8 22 310   M    M  10 18     29 340
 3  63  43  53  -5  12   0    T  0.0    0  8.7 15 350   M    M   2        21 350
 4  57  43  50  -8  15   0 0.10    M    0 10.2 22 150   M    M   9 13     29 160
 5  69  42  56  -2   9   0 0.54  0.0    0 12.0 32 160   M    M   2 13     43 160
 6  69  41  55  -2  10   0 0.00  0.0    0  2.9 18 280   M    M   1        24 290
 7  74  37  56  -1   9   0 0.00  0.0    0  6.3 18 200   M    M   0        24 190
 8  74  45  60   4   5   0 0.00  0.0    0 14.0 29 160   M    M   0        41 160
 9  72  56  64   8   1   0 0.10  0.0    0 14.1 25 160   M    M   7 138    34 150
10  59  37  48  -8  17   0 0.82  0.0    0 16.1 29 340   M    M   9 138    37 340
11  44  30  37 -18  28   0 0.00  0.0    0 14.2 26 290   M    M   7        38 290
12  62  28  45 -10  20   0 0.00  0.0    0  9.0 23 270   M    M   0        32 270
13  63  27  45  -9  20   0 0.00  0.0    0  6.3 21 280   M    M   0        28 290
14  76  28  52  -2  13   0 0.00  0.0    0  8.8 23 170   M    M   0        32 160
15  61  45  53  -1  12   0 0.00  0.0    0 17.2 32 340   M    M   2        41 330
16  58  37  48  -5  17   0 0.00  0.0    0  6.4 21  10   M    M   3        25  10
17  72  38  55   2  10   0 0.00  0.0    0  9.3 16 150   M    M   0        22 140
================================================================================
SM 1107  679       210   0  4.50     0.0 173.7          M       62
================================================================================
AV 65.1 39.9                              10.2 FASTST   M    M   4    MAX(MPH)
                                 MISC ---->  # 32 160               # 43  160
================================================================================
NOTES:
# LAST OF SEVERAL OCCURRENCES

COLUMN 17 PEAK WIND IN M.P.H.

PRELIMINARY LOCAL CLIMATOLOGICAL DATA (WS FORM: F-6) , PAGE 2

                                          STATION:  LINCOLN NE
                                          MONTH:    OCTOBER
                                          YEAR:     2019
                                          LATITUDE:   40 50 N
                                          LONGITUDE:  96 45 W

[TEMPERATURE DATA]      [PRECIPITATION DATA]       SYMBOLS USED IN COLUMN 16

AVERAGE MONTHLY: 52.5   TOTAL FOR MONTH:   4.50    1 = FOG OR MIST
DPTR FM NORMAL:  -3.5   DPTR FM NORMAL:    3.33    2 = FOG REDUCING VISIBILITY
HIGHEST:    77 ON  1    GRTST 24HR  2.83 ON  1- 1      TO 1/4 MILE OR LESS
LOWEST:     27 ON 13                               3 = THUNDER
                        SNOW, ICE PELLETS, HAIL    4 = ICE PELLETS
                        TOTAL MONTH:   0.0 INCH    5 = HAIL
                        GRTST 24HR     0.0         6 = FREEZING RAIN OR DRIZZLE
                        GRTST DEPTH:   0           7 = DUSTSTORM OR SANDSTORM:
                                                       VSBY 1/2 MILE OR LESS
                                                   8 = SMOKE OR HAZE
[NO. OF DAYS WITH]      [WEATHER - DAYS WITH]      9 = BLOWING SNOW
                                                   X = TORNADO
MAX 32 OR BELOW:   0    0.01 INCH OR MORE:   6
MAX 90 OR ABOVE:   0    0.10 INCH OR MORE:   6
MIN 32 OR BELOW:   4    0.50 INCH OR MORE:   3
MIN  0 OR BELOW:   0    1.00 INCH OR MORE:   1

[HDD (BASE 65) ]
TOTAL THIS MO.   210    CLEAR  (SCALE 0-3)  11
DPTR FM NORMAL    44    PTCLDY (SCALE 4-7)   2
TOTAL FM JUL 1   218    CLOUDY (SCALE 8-10)  4
DPTR FM NORMAL   -46

[CDD (BASE 65) ]
TOTAL THIS MO.     0
DPTR FM NORMAL   -12    [PRESSURE DATA]
TOTAL FM JAN 1  1331    HIGHEST SLP M ON M
DPTR FM NORMAL   161    LOWEST  SLP 29.71 ON 10

[REMARKS]
