000
CXUS54 KCRP 181300
CF6LRD
PRELIMINARY LOCAL CLIMATOLOGICAL DATA (WS FORM: F-6)

                                          STATION:   LAREDO
                                          MONTH:     DECEMBER
                                          YEAR:      2018
                                          LATITUDE:   27 31 N
                                          LONGITUDE:  99 28 W

  TEMPERATURE IN F:       :PCPN:    SNOW:  WIND      :SUNSHINE: SKY     :PK WND
================================================================================
1   2   3   4   5  6A  6B    7    8   9   10  11  12  13   14  15   16   17  18
                                     12Z  AVG MX 2MIN
DY MAX MIN AVG DEP HDD CDD  WTR  SNW DPTH SPD SPD DIR MIN PSBL S-S WX    SPD DR
================================================================================

 1  81  57  69   9   0   4 0.00  0.0    0   M   M   M   M    M   0         M  M
 2  84  53  69   9   0   4 0.00  0.0    0   M   M   M   M    M   1 8       M  M
 3  70  55  63   3   2   0 0.00  0.0    0   M   M   M   M    M   7         M  M
 4  69  48  59   0   6   0 0.00  0.0    0   M   M   M   M    M   5         M  M
 5  60  53  57  -2   8   0 0.00  0.0    0   M   M   M   M    M  10         M  M
 6  76  56  66   7   0   1 0.03  0.0    0   M   M   M   M    M   8         M  M
 7  64  53  59   0   6   0 1.01  0.0    0   M   M   M   M    M  10 13      M  M
 8  60  46  53  -5  12   0 0.20  0.0    0   M   M   M   M    M   7         M  M
 9  62  42  52  -6  13   0 0.00  0.0    0   M   M   M   M    M   2         M  M
10  63  39  51  -7  14   0 0.00  0.0    0   M   M   M   M    M   0         M  M
11  67  42  55  -3  10   0 0.00  0.0    0   M   M   M   M    M   0         M  M
12  72  52  62   4   3   0    T  0.0    0   M   M   M   M    M   0         M  M
13  78  52  65   8   0   0 0.02  0.0    0 18.2 35 320   M    M   1 1      52 320
14  65  46  56  -1   9   0 0.00  0.0    0 21.8 35 310   M    M   0        45 300
15  70  39  55  -2  10   0 0.00  0.0    0   M   M   M   M    M   0         M  M
16  72  35  54  -3  11   0 0.00  0.0    0   M   M   M   M    M   0         M  M
17  75  49  62   5   3   0 0.00  0.0    0   M   M   M   M    M   0         M  M
================================================================================
SM 1188  817       107   9  1.26     0.0  40.0          M       51
================================================================================
AV 69.9 48.1                              20.0 FASTST   M    M   3    MAX(MPH)
                                 MISC ---->  # 35 320               # 52  320
================================================================================
NOTES:
# LAST OF SEVERAL OCCURRENCES

COLUMN 17 PEAK WIND IN M.P.H.

PRELIMINARY LOCAL CLIMATOLOGICAL DATA (WS FORM: F-6) , PAGE 2

                                          STATION:  LAREDO
                                          MONTH:    DECEMBER
                                          YEAR:     2018
                                          LATITUDE:   27 31 N
                                          LONGITUDE:  99 28 W

[TEMPERATURE DATA]      [PRECIPITATION DATA]       SYMBOLS USED IN COLUMN 16

AVERAGE MONTHLY: 59.0   TOTAL FOR MONTH:   1.26    1 = FOG OR MIST
DPTR FM NORMAL:   0.7   DPTR FM NORMAL:    0.82    2 = FOG REDUCING VISIBILITY
HIGHEST:    84 ON  2    GRTST 24HR  1.01 ON  7- 7      TO 1/4 MILE OR LESS
LOWEST:     35 ON 16                               3 = THUNDER
                        SNOW, ICE PELLETS, HAIL    4 = ICE PELLETS
                        TOTAL MONTH:   0.0 INCH    5 = HAIL
                        GRTST 24HR     0.0         6 = FREEZING RAIN OR DRIZZLE
                        GRTST DEPTH:   0           7 = DUSTSTORM OR SANDSTORM:
                                                       VSBY 1/2 MILE OR LESS
                                                   8 = SMOKE OR HAZE
[NO. OF DAYS WITH]      [WEATHER - DAYS WITH]      9 = BLOWING SNOW
                                                   X = TORNADO
MAX 32 OR BELOW:   0    0.01 INCH OR MORE:   4
MAX 90 OR ABOVE:   0    0.10 INCH OR MORE:   2
MIN 32 OR BELOW:   0    0.50 INCH OR MORE:   1
MIN  0 OR BELOW:   0    1.00 INCH OR MORE:   1

[HDD (BASE 65) ]
TOTAL THIS MO.   107    CLEAR  (SCALE 0-3)  11
DPTR FM NORMAL   -30    PTCLDY (SCALE 4-7)   3
TOTAL FM JUL 1   320    CLOUDY (SCALE 8-10)  3
DPTR FM NORMAL    68

[CDD (BASE 65) ]
TOTAL THIS MO.     9
DPTR FM NORMAL   -12    [PRESSURE DATA]
TOTAL FM JAN 1  4615    HIGHEST SLP M ON M
DPTR FM NORMAL   339    LOWEST  SLP 29.60 ON  1

[REMARKS]
