000
CXUS54 KCRP 221300
CF6LRD
PRELIMINARY LOCAL CLIMATOLOGICAL DATA (WS FORM: F-6)

                                          STATION:   LAREDO
                                          MONTH:     SEPTEMBER
                                          YEAR:      2018
                                          LATITUDE:   27 31 N
                                          LONGITUDE:  99 28 W

  TEMPERATURE IN F:       :PCPN:    SNOW:  WIND      :SUNSHINE: SKY     :PK WND
================================================================================
1   2   3   4   5  6A  6B    7    8   9   10  11  12  13   14  15   16   17  18
                                     12Z  AVG MX 2MIN
DY MAX MIN AVG DEP HDD CDD  WTR  SNW DPTH SPD SPD DIR MIN PSBL S-S WX    SPD DR
================================================================================

 1 104  77  91   4   0  26 0.00  0.0    0   M   M   M   M    M   1         M  M
 2 104  77  91   5   0  26 0.04  0.0    0   M   M   M   M    M   1 3       M  M
 3  98  75  87   1   0  22 0.06  0.0    0   M   M   M   M    M   5 3       M  M
 4  97  77  87   1   0  22 0.01  0.0    0   M   M   M   M    M   5         M  M
 5 100  77  89   3   0  24 0.00  0.0    0   M   M   M   M    M   3 3       M  M
 6  95  75  85  -1   0  20 1.77  0.0    0   M   M   M   M    M   3 138     M  M
 7  95  76  86   1   0  21 0.00  0.0    0   M   M   M   M    M   6         M  M
 8  94  78  86   1   0  21 0.00  0.0    0   M   M   M   M    M   6         M  M
 9  80  73  77  -8   0  12 2.64  0.0    0   M   M   M   M    M   9 138     M  M
10  82  71  77  -8   0  12 1.35  0.0    0   M   M   M   M    M  10 1       M  M
11  85  72  79  -5   0  14 0.14  0.0    0   M   M   M   M    M   8         M  M
12  90  73  82  -2   0  17 0.00  0.0    0   M   M   M   M    M   6 1       M  M
13  91  75  83  -1   0  18 0.00  0.0    0   M   M   M   M    M   7         M  M
14  88  75  82  -1   0  17 0.24  0.0    0   M   M   M   M    M   8         M  M
15  83  75  79  -4   0  14 0.72  0.0    0   M   M   M   M    M   9 13      M  M
16  87  74  81  -2   0  16 0.21    M    0   M   M   M   M    M   7 1       M  M
17  91  75  83   0   0  18 0.00  0.0    0   M  14 130   M    M   4 3       M  M
18  93  76  85   3   0  20 0.00  0.0    0   M   M   M   M    M   4         M  M
19  90  76  83   1   0  18    T  0.0    0   M   M   M   M    M   4         M  M
20  92  78  85   3   0  20    T  0.0    0   M   M   M   M    M   4         M  M
21  94  78  86   4   0  21 0.00  0.0    0   M   M   M   M    M   1         M  M
================================================================================
SM 1933 1583         0 399  7.18     0.0     M          M      111
================================================================================
AV 92.1 75.4                                 M FASTST   M    M   5    MAX(MPH)
                                 MISC ---->  # 14 130                  M    M
================================================================================
NOTES:
# LAST OF SEVERAL OCCURRENCES

COLUMN 17 PEAK WIND IN M.P.H.

PRELIMINARY LOCAL CLIMATOLOGICAL DATA (WS FORM: F-6) , PAGE 2

                                          STATION:  LAREDO
                                          MONTH:    SEPTEMBER
                                          YEAR:     2018
                                          LATITUDE:   27 31 N
                                          LONGITUDE:  99 28 W

[TEMPERATURE DATA]      [PRECIPITATION DATA]       SYMBOLS USED IN COLUMN 16

AVERAGE MONTHLY: 83.7   TOTAL FOR MONTH:   7.18    1 = FOG OR MIST
DPTR FM NORMAL:  -0.5   DPTR FM NORMAL:    5.03    2 = FOG REDUCING VISIBILITY
HIGHEST:   104 ON  2, 1 GRTST 24HR  2.64 ON  9- 9      TO 1/4 MILE OR LESS
LOWEST:     71 ON 10                               3 = THUNDER
                        SNOW, ICE PELLETS, HAIL    4 = ICE PELLETS
                        TOTAL MONTH:   0.0 INCH    5 = HAIL
                        GRTST 24HR     0.0         6 = FREEZING RAIN OR DRIZZLE
                        GRTST DEPTH:   0           7 = DUSTSTORM OR SANDSTORM:
                                                       VSBY 1/2 MILE OR LESS
                                                   8 = SMOKE OR HAZE
[NO. OF DAYS WITH]      [WEATHER - DAYS WITH]      9 = BLOWING SNOW
                                                   X = TORNADO
MAX 32 OR BELOW:   0    0.01 INCH OR MORE:  10
MAX 90 OR ABOVE:  15    0.10 INCH OR MORE:   7
MIN 32 OR BELOW:   0    0.50 INCH OR MORE:   4
MIN  0 OR BELOW:   0    1.00 INCH OR MORE:   3

[HDD (BASE 65) ]
TOTAL THIS MO.     0    CLEAR  (SCALE 0-3)   5
DPTR FM NORMAL     0    PTCLDY (SCALE 4-7)  13
TOTAL FM JUL 1     0    CLOUDY (SCALE 8-10)  3
DPTR FM NORMAL     0

[CDD (BASE 65) ]
TOTAL THIS MO.   399
DPTR FM NORMAL    -3    [PRESSURE DATA]
TOTAL FM JAN 1  4076    HIGHEST SLP M ON M
DPTR FM NORMAL   431    LOWEST  SLP 29.77 ON M

[REMARKS]
