000
CXUS54 KJAN 171414
CF6MEI
PRELIMINARY LOCAL CLIMATOLOGICAL DATA (WS FORM: F-6)

                                          STATION:   MERIDIAN
                                          MONTH:     JUNE
                                          YEAR:      2018
                                          LATITUDE:   32 19 N
                                          LONGITUDE:  88 45 W

  TEMPERATURE IN F:       :PCPN:    SNOW:  WIND      :SUNSHINE: SKY     :PK WND
================================================================================
1   2   3   4   5  6A  6B    7    8   9   10  11  12  13   14  15   16   17  18
                                     12Z  AVG MX 2MIN
DY MAX MIN AVG DEP HDD CDD  WTR  SNW DPTH SPD SPD DIR MIN PSBL S-S WX    SPD DR
================================================================================

 1  94  74  84   9   0  19    T  0.0    0  5.2 14 200   M    M   2        17 210
 2  95  76  86  11   0  21 0.00  0.0    0  5.1 13 280   M    M   1 8      17 260
 3  95  74  85  10   0  20 0.34  0.0    0  2.9 22 360   M    M   1 13     28 360
 4  89  65  77   1   0  12 0.00  0.0    0  4.3 12 360   M    M   0        17  10
 5  85  66  76   0   0  11    T  0.0    0  2.3 10 190   M    M   1        12 190
 6  91  63  77   1   0  12 0.00  0.0    0  4.0 13 340   M    M   1 12     16 330
 7  96  63  80   4   0  15 0.00  0.0    0  1.6 12  50   M    M   0        15  40
 8  93  67  80   4   0  15 1.14  0.0    0  2.5 36 130   M    M   2 3      47 100
 9  93  69  81   4   0  16    T  0.0    0  3.8 21 230   M    M   1 13     28 230
10  94  69  82   5   0  17 0.18  0.0    0  4.9 26 220   M    M   1        33 220
11  86  71  79   2   0  14 1.03  0.0    0  5.2 24 320   M    M   3 13     29 320
12  92  70  81   4   0  16 0.15  0.0    0  5.8 23 170   M    M   2 13     30 140
13  89  70  80   3   0  15 0.32  0.0    0  3.7 20 360   M    M   4 13     24 360
14  93  71  82   4   0  17 0.00  0.0    0  3.1 18 150   M    M   4 1      23 130
15  90  72  81   3   0  16 0.18  0.0    0  3.1 17 140   M    M   5 13     22 140
16  92  69  81   3   0  16 0.00  0.0    0  3.7 18 170   M    M   3 12     24 180
================================================================================
SM 1467 1109         0 252  3.34     0.0  61.2          M       31
================================================================================
AV 91.7 69.3                               3.8 FASTST   M    M   2    MAX(MPH)
                                 MISC ---->  # 36 130               # 47  100
================================================================================
NOTES:
# LAST OF SEVERAL OCCURRENCES

COLUMN 17 PEAK WIND IN M.P.H.

PRELIMINARY LOCAL CLIMATOLOGICAL DATA (WS FORM: F-6) , PAGE 2

                                          STATION:  MERIDIAN
                                          MONTH:    JUNE
                                          YEAR:     2018
                                          LATITUDE:   32 19 N
                                          LONGITUDE:  88 45 W

[TEMPERATURE DATA]      [PRECIPITATION DATA]       SYMBOLS USED IN COLUMN 16

AVERAGE MONTHLY: 80.5   TOTAL FOR MONTH:   3.34    1 = FOG OR MIST
DPTR FM NORMAL:   4.0   DPTR FM NORMAL:    1.08    2 = FOG REDUCING VISIBILITY
HIGHEST:    96 ON  7    GRTST 24HR  1.14 ON  8- 8      TO 1/4 MILE OR LESS
LOWEST:     63 ON  7, 6                            3 = THUNDER
                        SNOW, ICE PELLETS, HAIL    4 = ICE PELLETS
                        TOTAL MONTH:   0.0 INCH    5 = HAIL
                        GRTST 24HR     0.0         6 = FREEZING RAIN OR DRIZZLE
                        GRTST DEPTH:   0           7 = DUSTSTORM OR SANDSTORM:
                                                       VSBY 1/2 MILE OR LESS
                                                   8 = SMOKE OR HAZE
[NO. OF DAYS WITH]      [WEATHER - DAYS WITH]      9 = BLOWING SNOW
                                                   X = TORNADO
MAX 32 OR BELOW:   0    0.01 INCH OR MORE:   7
MAX 90 OR ABOVE:  12    0.10 INCH OR MORE:   7
MIN 32 OR BELOW:   0    0.50 INCH OR MORE:   2
MIN  0 OR BELOW:   0    1.00 INCH OR MORE:   2

[HDD (BASE 65) ]
TOTAL THIS MO.     0    CLEAR  (SCALE 0-3)  13
DPTR FM NORMAL     0    PTCLDY (SCALE 4-7)   3
TOTAL FM JUL 1  2104    CLOUDY (SCALE 8-10)  0
DPTR FM NORMAL  -449

[CDD (BASE 65) ]
TOTAL THIS MO.   252
DPTR FM NORMAL    68    [PRESSURE DATA]
TOTAL FM JAN 1   768    HIGHEST SLP M ON M
DPTR FM NORMAL   301    LOWEST  SLP 29.83 ON  1

[REMARKS]
