000
CXUS54 KBRO 230900
CF6MFE
PRELIMINARY LOCAL CLIMATOLOGICAL DATA (WS FORM: F-6)

                                          STATION:   MCALLEN
                                          MONTH:     JANUARY
                                          YEAR:      2019
                                          LATITUDE:   26 10 N
                                          LONGITUDE:  98 14 W

  TEMPERATURE IN F:       :PCPN:    SNOW:  WIND      :SUNSHINE: SKY     :PK WND
================================================================================
1   2   3   4   5  6A  6B    7    8   9   10  11  12  13   14  15   16   17  18
                                     12Z  AVG MX 2MIN
DY MAX MIN AVG DEP HDD CDD  WTR  SNW DPTH SPD SPD DIR MIN PSBL S-S WX    SPD DR
================================================================================

 1  70  49  60   0   5   0 0.03  0.0    0  8.1 15 360   M    M   8 18     21 340
 2  56  49  53  -7  12   0 0.12  0.0    0 10.3 17 350   M    M  10 1      24 340
 3  66  44  55  -5  10   0 0.00  0.0    0  8.5 21 340   M    M   4 1      30 350
 4  79  38  59  -1   6   0 0.00  0.0    0  3.7  9  10   M    M   0        12 270
 5  82  44  63   3   2   0 0.00  0.0    0  6.5 18 130   M    M   0 18     21 150
 6  83  55  69   9   0   4 0.00  0.0    0 12.7 31 150   M    M   2 12     37 160
 7  86  64  75  15   0  10 0.00  0.0    0  9.6 17 160   M    M   6 1      23 160
 8  84  69  77  17   0  12 0.00  0.0    0  7.3 15 140   M    M   8        18 130
 9  75  63  69   9   0   4 0.00  0.0    0  8.5 15 350   M    M  10        19  30
10  74  62  68   8   0   3 0.00  0.0    0  8.0 14 110   M    M   9        20  40
11  82  66  74  14   0   9 0.04  0.0    0 11.5 23 130   M    M  10        26 130
12  86  57  72  12   0   7 0.03  0.0    0  4.7 15  10   M    M   2 128    20  10
13  69  54  62   2   3   0 0.00  0.0    0  9.2 16  80   M    M   8 1      20  30
14  61  50  56  -4   9   0    T  0.0    0 10.4 15 360   M    M  10 18     24  30
15  54  50  52  -9  13   0 0.16  0.0    0  8.1 13 350   M    M  10 1      17 350
16  65  53  59  -2   6   0 0.00  0.0    0  5.1  9 300   M    M  10 12     12 310
17  70  56  63   2   2   0    T  0.0    0  1.2  7  10   M    M   9 18      9  20
18  86  64  75  14   0  10 0.00  0.0    0 10.5 22 150   M    M   6 12     28 140
19  74  56  65   4   0   0 0.00  0.0    0 16.1 32 310   M    M   1        40 320
20  68  40  54  -7  11   0 0.00  0.0    0  6.6 21  20   M    M   0        28  20
21  79  42  61   0   4   0 0.00  0.0    0 13.3 30 140   M    M   0 1      37 160
22  86  62  74  13   0   9 0.00  0.0    0 20.1 36 140   M    M   1 8      44 150
================================================================================
SM 1635 1187        83  68  0.38     0.0 200.0          M      124
================================================================================
AV 74.3 54.0                               9.1 FASTST   M    M   6    MAX(MPH)
                                 MISC ---->  # 36 140               # 44  150
================================================================================
NOTES:
# LAST OF SEVERAL OCCURRENCES

COLUMN 17 PEAK WIND IN M.P.H.

PRELIMINARY LOCAL CLIMATOLOGICAL DATA (WS FORM: F-6) , PAGE 2

                                          STATION:  MCALLEN
                                          MONTH:    JANUARY
                                          YEAR:     2019
                                          LATITUDE:   26 10 N
                                          LONGITUDE:  98 14 W

[TEMPERATURE DATA]      [PRECIPITATION DATA]       SYMBOLS USED IN COLUMN 16

AVERAGE MONTHLY: 64.1   TOTAL FOR MONTH:   0.38    1 = FOG OR MIST
DPTR FM NORMAL:   3.8   DPTR FM NORMAL:   -0.35    2 = FOG REDUCING VISIBILITY
HIGHEST:    86 ON 22,18 GRTST 24HR  0.16 ON 15-15      TO 1/4 MILE OR LESS
LOWEST:     38 ON  4                               3 = THUNDER
                        SNOW, ICE PELLETS, HAIL    4 = ICE PELLETS
                        TOTAL MONTH:   0.0 INCH    5 = HAIL
                        GRTST 24HR     0.0         6 = FREEZING RAIN OR DRIZZLE
                        GRTST DEPTH:   0           7 = DUSTSTORM OR SANDSTORM:
                                                       VSBY 1/2 MILE OR LESS
                                                   8 = SMOKE OR HAZE
[NO. OF DAYS WITH]      [WEATHER - DAYS WITH]      9 = BLOWING SNOW
                                                   X = TORNADO
MAX 32 OR BELOW:   0    0.01 INCH OR MORE:   5
MAX 90 OR ABOVE:   0    0.10 INCH OR MORE:   2
MIN 32 OR BELOW:   0    0.50 INCH OR MORE:   0
MIN  0 OR BELOW:   0    1.00 INCH OR MORE:   0

[HDD (BASE 65) ]
TOTAL THIS MO.    83    CLEAR  (SCALE 0-3)   8
DPTR FM NORMAL   -60    PTCLDY (SCALE 4-7)   4
TOTAL FM JUL 1   311    CLOUDY (SCALE 8-10) 10
DPTR FM NORMAL   -69

[CDD (BASE 65) ]
TOTAL THIS MO.    68
DPTR FM NORMAL    24    [PRESSURE DATA]
TOTAL FM JAN 1    68    HIGHEST SLP 30.30 ON 19
DPTR FM NORMAL    24    LOWEST  SLP 29.69 ON 22

[REMARKS]
