000
CXUS55 KBOI 191002
CF6MUO
PRELIMINARY LOCAL CLIMATOLOGICAL DATA (WS FORM: F-6)

                                          STATION:   MOUNTAIN HOME AFB
                                          MONTH:     SEPTEMBER
                                          YEAR:      2018
                                          LATITUDE:   43  2 N
                                          LONGITUDE: 115 52 W

  TEMPERATURE IN F:       :PCPN:    SNOW:  WIND      :SUNSHINE: SKY     :PK WND
================================================================================
1   2   3   4   5  6A  6B    7    8   9   10  11  12  13   14  15   16   17  18
                                     12Z  AVG MX 2MIN
DY MAX MIN AVG DEP HDD CDD  WTR  SNW DPTH SPD SPD DIR MIN PSBL S-S WX    SPD DR
================================================================================

 1  84  47  66  -3   0   1 0.00    M    M  9.5 18 340   M    M   0        24 330
 2  88  48  68  -1   0   3 0.00    M    M  6.6 15 320   M    M   0        17 320
 3  91  46  69   0   0   4 0.00    M    M  5.7 17 340   M    M   0        23 350
 4  91  52  72   4   0   7 0.00    M    M  6.9 12 300   M    M   0         M  M
 5  96  50  73   5   0   8 0.00    M    M  5.9 12 110   M    M   0         M  M
 6  95  61  78  11   0  13 0.00    M    M  7.4 23 150   M    M   4        35 140
 7  94  61  78  11   0  13 0.00    M    M  6.8 15 110   M    M   1         M  M
 8  86  59  73   6   0   8 0.00    M    M 10.5 21 330   M    M   1        33 360
 9  85  49  67   1   0   2 0.00    M    M  3.2 10 320   M    M   0         M  M
10  84  50  67   1   0   2 0.00    M    M  8.3 17 330   M    M   2        25 330
11  77  47  62  -3   3   0 0.00    M    M 12.5 20 330   M    M   1        23 320
12  74  49  62  -3   3   0 0.00    M    M 12.4 20 320   M    M   4        27 320
13  74  49  62  -3   3   0 0.00    M    M  4.5 10 340   M    M   5         M  M
14  82  51  67   3   0   2 0.00    M    M  6.1 15 100   M    M   6        22 120
15  77  51  64   0   1   0 0.00    M    M  2.6  6 190   M    M   3         M  M
16  80  43  62  -1   3   0 0.00    M    M   M   M   M   M    M   M         M  M
17  82  39  61  -2   4   0 0.00    M    M   M   M   M   M    M   M         M  M
18   M   M   M   M   M   M    M    M    M   M   M   M   M    M   M         M  M
================================================================================
SM 1440  852        17  63  0.00    M    108.9          M       27
================================================================================
AV 84.7 50.1                               7.3 FASTST   M    M   2    MAX(MPH)
                                 MISC ---->  # 23 150               # 35  140
================================================================================
NOTES:
# LAST OF SEVERAL OCCURRENCES

COLUMN 17 PEAK WIND IN M.P.H.

PRELIMINARY LOCAL CLIMATOLOGICAL DATA (WS FORM: F-6) , PAGE 2

                                          STATION:  MOUNTAIN HOME AFB
                                          MONTH:    SEPTEMBER
                                          YEAR:     2018
                                          LATITUDE:   43  2 N
                                          LONGITUDE: 115 52 W

[TEMPERATURE DATA]      [PRECIPITATION DATA]       SYMBOLS USED IN COLUMN 16

AVERAGE MONTHLY: 67.4   TOTAL FOR MONTH:   0.00    1 = FOG OR MIST
DPTR FM NORMAL:   1.4   DPTR FM NORMAL:   -0.27    2 = FOG REDUCING VISIBILITY
HIGHEST:    96 ON  5    GRTST 24HR  0.00 ON 17-17      TO 1/4 MILE OR LESS
LOWEST:     39 ON 17                               3 = THUNDER
                        SNOW, ICE PELLETS, HAIL    4 = ICE PELLETS
                        TOTAL MONTH:    M          5 = HAIL
                        GRTST 24HR    M  ON   M    6 = FREEZING RAIN OR DRIZZLE
                        GRTST DEPTH:  M  ON   M    7 = DUSTSTORM OR SANDSTORM:
                                                       VSBY 1/2 MILE OR LESS
                                                   8 = SMOKE OR HAZE
[NO. OF DAYS WITH]      [WEATHER - DAYS WITH]      9 = BLOWING SNOW
                                                   X = TORNADO
MAX 32 OR BELOW:   0    0.01 INCH OR MORE:   0
MAX 90 OR ABOVE:   5    0.10 INCH OR MORE:   0
MIN 32 OR BELOW:   0    0.50 INCH OR MORE:   0
MIN  0 OR BELOW:   0    1.00 INCH OR MORE:   0

[HDD (BASE 65) ]
TOTAL THIS MO.    17    CLEAR  (SCALE 0-3)  10
DPTR FM NORMAL   -28    PTCLDY (SCALE 4-7)   5
TOTAL FM JUL 1    25    CLOUDY (SCALE 8-10)  0
DPTR FM NORMAL   -34

[CDD (BASE 65) ]
TOTAL THIS MO.    63
DPTR FM NORMAL    -9    [PRESSURE DATA]
TOTAL FM JAN 1   950    HIGHEST SLP M ON M
DPTR FM NORMAL    57    LOWEST  SLP M ON M

[REMARKS]
