000
CXAK56 PAFG 180940
CF6OME
PRELIMINARY LOCAL CLIMATOLOGICAL DATA (WS FORM: F-6)

                                          STATION:   NOME AK
                                          MONTH:     DECEMBER
                                          YEAR:      2018
                                          LATITUDE:   64 30 N
                                          LONGITUDE: 165 26 W

  TEMPERATURE IN F:       :PCPN:    SNOW:  WIND      :SUNSHINE: SKY     :PK WND
================================================================================
1   2   3   4   5  6A  6B    7    8   9   10  11  12  13   14  15   16   17  18
                                     12Z  AVG MX 2MIN
DY MAX MIN AVG DEP HDD CDD  WTR  SNW DPTH SPD SPD DIR MIN PSBL S-S WX    SPD DR
================================================================================

 1  33  27  30  17  35   0    M    M    M 18.0 35 170   M    M   8 16     44 170
 2  33  27  30  18  35   0    M    M    M 12.4 24 190   M    M   9 1      30 190
 3  31  15  23  11  42   0    M    M    M 10.6 21  30   M    M   8 12     25  30
 4  23  19  21   9  44   0    T    T    9 24.6 39  30   M    M   5 189    46  40
 5  29  23  26  14  39   0 0.01  0.2    9  7.7 17  30   M    M  10 19     20  30
 6  29  24  27  15  38   0 0.19  3.2    9 18.4 31  90   M    M  10 12     38 100
 7  24  20  22  11  43   0    T    T   12  9.6 18 100   M    M   6 1      22 100
 8  21  14  18   7  47   0 0.01  0.2   12  9.2 15  20   M    M  10 1      21 330
 9  15   7  11   0  54   0 0.00  0.0   12  9.3 16 360   M    M   8        17 350
10  16   3  10  -1  55   0 0.00  0.0   13  6.9 16  30   M    M   7 1      19  30
11  18   4  11   1  54   0 0.00  0.0   13  3.5 14  40   M    M   8 18     16  40
12  12  -4   4  -6  61   0 0.00  0.0   14  5.8 16 340   M    M   4        19 340
13  11 -15  -2 -12  67   0 0.00  0.0   14  6.6 16 340   M    M   3        17 340
14  -1 -16  -8 -18  73   0 0.00  0.0   14  2.6 13 320   M    M   4        14 320
15  -4 -18 -11 -21  76   0 0.00  0.0   14  3.6 12 350   M    M   3        12 340
16  -3 -18 -10 -20  75   0 0.00  0.0   14  5.9 15 350   M    M   0 18     19 350
17  -1  -8  -4 -13  69   0 0.00  0.0   14  8.9 18 340   M    M   0        23 320
================================================================================
SM  286  104       907   0  0.21     3.6 163.6          M      103
================================================================================
AV 16.8  6.1                               9.6 FASTST   M    M   6    MAX(MPH)
                                 MISC ---->  # 39  30               # 46   40
================================================================================
NOTES:
# LAST OF SEVERAL OCCURRENCES

COLUMN 17 PEAK WIND IN M.P.H.

PRELIMINARY LOCAL CLIMATOLOGICAL DATA (WS FORM: F-6) , PAGE 2

                                          STATION:  NOME AK
                                          MONTH:    DECEMBER
                                          YEAR:     2018
                                          LATITUDE:   64 30 N
                                          LONGITUDE: 165 26 W

[TEMPERATURE DATA]      [PRECIPITATION DATA]       SYMBOLS USED IN COLUMN 16

AVERAGE MONTHLY: 11.5   TOTAL FOR MONTH:   0.21    1 = FOG OR MIST
DPTR FM NORMAL:   0.5   DPTR FM NORMAL:   -0.37    2 = FOG REDUCING VISIBILITY
HIGHEST:    33 ON  2, 1 GRTST 24HR  0.19 ON  6- 6      TO 1/4 MILE OR LESS
LOWEST:    -18 ON 16,15                            3 = THUNDER
                        SNOW, ICE PELLETS, HAIL    4 = ICE PELLETS
                        TOTAL MONTH:   3.6 INCHES  5 = HAIL
                        GRTST 24HR   3.2 ON  6- 6  6 = FREEZING RAIN OR DRIZZLE
                        GRTST DEPTH:  14 ON 17,16  7 = DUSTSTORM OR SANDSTORM:
                                                       VSBY 1/2 MILE OR LESS
                                                   8 = SMOKE OR HAZE
[NO. OF DAYS WITH]      [WEATHER - DAYS WITH]      9 = BLOWING SNOW
                                                   X = TORNADO
MAX 32 OR BELOW:  15    0.01 INCH OR MORE:   3
MAX 90 OR ABOVE:   0    0.10 INCH OR MORE:   1
MIN 32 OR BELOW:  17    0.50 INCH OR MORE:   0
MIN  0 OR BELOW:   6    1.00 INCH OR MORE:   0

[HDD (BASE 65) ]
TOTAL THIS MO.   907    CLEAR  (SCALE 0-3)   3
DPTR FM NORMAL   -14    PTCLDY (SCALE 4-7)   8
TOTAL FM JUL 1  4246    CLOUDY (SCALE 8-10)  6
DPTR FM NORMAL  -768

[CDD (BASE 65) ]
TOTAL THIS MO.     0
DPTR FM NORMAL     0    [PRESSURE DATA]
TOTAL FM JAN 1     0    HIGHEST SLP M ON M
DPTR FM NORMAL    -3    LOWEST  SLP 29.39 ON 17

[REMARKS]
