000
CXAK56 PAFG 230943
CF6OME
PRELIMINARY LOCAL CLIMATOLOGICAL DATA (WS FORM: F-6)

                                          STATION:   NOME AK
                                          MONTH:     SEPTEMBER
                                          YEAR:      2018
                                          LATITUDE:   64 30 N
                                          LONGITUDE: 165 26 W

  TEMPERATURE IN F:       :PCPN:    SNOW:  WIND      :SUNSHINE: SKY     :PK WND
================================================================================
1   2   3   4   5  6A  6B    7    8   9   10  11  12  13   14  15   16   17  18
                                     12Z  AVG MX 2MIN
DY MAX MIN AVG DEP HDD CDD  WTR  SNW DPTH SPD SPD DIR MIN PSBL S-S WX    SPD DR
================================================================================

 1  55  41  48   0  17   0 0.00  0.0    0 12.4 22 270   M    M   9 1      27 270
 2  50  47  49   1  16   0 0.00  0.0    0  9.2 17 260   M    M  10        23 260
 3  53  47  50   3  15   0 0.00  0.0    0 12.7 22 250   M    M  10        26 250
 4  50  48  49   2  16   0    T    M    0 18.1 22 260   M    M  10        30 260
 5  49  46  48   1  17   0 0.06  0.0    0 12.1 17 250   M    M   9         M  M
 6  58  41  50   3  15   0 0.00  0.0    0  6.9 14 320   M    M   6         M  M
 7  53  41  47   1  18   0 0.00  0.0    0  5.8 12 280   M    M   5        14 140
 8  50  34  42  -4  23   0 0.00  0.0    0  4.1 12 250   M    M   5 1      14 280
 9  52  43  48   2  17   0 0.00  0.0    0  3.9  9 210   M    M   9 12     11 220
10  52  37  45   0  20   0 0.00  0.0    0  3.8  9 160   M    M   9 12     11 160
11  50  47  49   4  16   0 0.02  0.0    0  8.0 17 260   M    M  10 1      21 260
12  50  46  48   3  17   0 0.02  0.0    0  8.6 14 270   M    M  10 1      17 270
13  55  47  51   7  14   0 0.00  0.0    0  9.6 20 100   M    M   8 1      24  90
14  55  50  53   9  12   0 0.31  0.0    0 14.3 22 100   M    M   7 1      27 100
15  52  50  51   8  14   0 0.26  0.0    0 10.9 20  80   M    M  10 1      26  70
16  51  45  48   5  17   0 0.10  0.0    0  9.4 18 270   M    M   9 1      22 270
17  51  40  46   3  19   0 0.09  0.0    0  7.4 16 140   M    M   8 1      20 140
18  50  37  44   2  21   0 0.12  0.0    0  8.3 16 230   M    M   6 1      21 230
19  51  40  46   4  19   0 0.06  0.0    0  5.3 15 250   M    M   9 1      18 240
20  50  36  43   2  22   0 0.00  0.0    0  4.9 12 150   M    M   2        13 170
21  48  41  45   4  20   0 0.11  0.0    0 15.0 24  90   M    M  10        30  70
22  50  43  47   7  18   0    T  0.0    0 15.2 23  60   M    M  10        29  60
================================================================================
SM 1135  947       383   0  1.15     0.0 205.9          M      181
================================================================================
AV 51.6 43.1                               9.4 FASTST   M    M   8    MAX(MPH)
                                 MISC ---->  # 24  90               # 30   70
================================================================================
NOTES:
# LAST OF SEVERAL OCCURRENCES

COLUMN 17 PEAK WIND IN M.P.H.

PRELIMINARY LOCAL CLIMATOLOGICAL DATA (WS FORM: F-6) , PAGE 2

                                          STATION:  NOME AK
                                          MONTH:    SEPTEMBER
                                          YEAR:     2018
                                          LATITUDE:   64 30 N
                                          LONGITUDE: 165 26 W

[TEMPERATURE DATA]      [PRECIPITATION DATA]       SYMBOLS USED IN COLUMN 16

AVERAGE MONTHLY: 47.3   TOTAL FOR MONTH:   1.15    1 = FOG OR MIST
DPTR FM NORMAL:   2.8   DPTR FM NORMAL:   -0.73    2 = FOG REDUCING VISIBILITY
HIGHEST:    58 ON  6    GRTST 24HR  0.31 ON 14-14      TO 1/4 MILE OR LESS
LOWEST:     34 ON  8                               3 = THUNDER
                        SNOW, ICE PELLETS, HAIL    4 = ICE PELLETS
                        TOTAL MONTH:   0.0 INCH    5 = HAIL
                        GRTST 24HR     0.0         6 = FREEZING RAIN OR DRIZZLE
                        GRTST DEPTH:   0           7 = DUSTSTORM OR SANDSTORM:
                                                       VSBY 1/2 MILE OR LESS
                                                   8 = SMOKE OR HAZE
[NO. OF DAYS WITH]      [WEATHER - DAYS WITH]      9 = BLOWING SNOW
                                                   X = TORNADO
MAX 32 OR BELOW:   0    0.01 INCH OR MORE:  10
MAX 90 OR ABOVE:   0    0.10 INCH OR MORE:   5
MIN 32 OR BELOW:   0    0.50 INCH OR MORE:   0
MIN  0 OR BELOW:   0    1.00 INCH OR MORE:   0

[HDD (BASE 65) ]
TOTAL THIS MO.   383    CLEAR  (SCALE 0-3)   1
DPTR FM NORMAL   -67    PTCLDY (SCALE 4-7)   5
TOTAL FM JUL 1  1187    CLOUDY (SCALE 8-10) 16
DPTR FM NORMAL  -123

[CDD (BASE 65) ]
TOTAL THIS MO.     0
DPTR FM NORMAL     0    [PRESSURE DATA]
TOTAL FM JAN 1     0    HIGHEST SLP M ON M
DPTR FM NORMAL    -3    LOWEST  SLP 29.54 ON 22

[REMARKS]
