000
CXUS56 KSGX 181445
CF6ONT
PRELIMINARY LOCAL CLIMATOLOGICAL DATA (WS FORM: F-6)

                                          STATION:   ONTARIO INTL AIRPORT CA
                                          MONTH:     JUNE
                                          YEAR:      2018
                                          LATITUDE:   34  2 N
                                          LONGITUDE: 117 37 W

  TEMPERATURE IN F:       :PCPN:    SNOW:  WIND      :SUNSHINE: SKY     :PK WND
================================================================================
1   2   3   4   5  6A  6B    7    8   9   10  11  12  13   14  15   16   17  18
                                     12Z  AVG MX 2MIN
DY MAX MIN AVG DEP HDD CDD  WTR  SNW DPTH SPD SPD DIR MIN PSBL S-S WX    SPD DR
================================================================================

 1  83  54  69   0   0   4 0.00  0.0    0  6.2 17 270   M    M   1        22 260
 2  89  58  74   5   0   9 0.00  0.0    0  6.3 17 250   M    M   0        23 240
 3  93  59  76   6   0  11 0.00  0.0    0  7.7 17 240   M    M   0        28 270
 4  89  59  74   4   0   9 0.00  0.0    0  8.4 18 260   M    M   3 18     23 260
 5  80  59  70   0   0   5    T  0.0    0  7.8 16 240   M    M   5 18     21 230
 6  83  59  71   1   0   6 0.00  0.0    0  7.6 18 250   M    M   5 8      26 250
 7  85  56  71   1   0   6 0.00  0.0    0  6.9 17 270   M    M   2 18     23 280
 8  92  59  76   6   0  11 0.00  0.0    0  6.1 20 260   M    M   0        26 260
 9  89  61  75   4   0  10 0.00  0.0    0  7.3 17 230   M    M   1        27 240
10  89  61  75   4   0  10 0.00  0.0    0  6.8 20 270   M    M   1        24 280
11  93  64  79   8   0  14 0.00  0.0    0  6.6 15 250   M    M   0        22 250
12  94  66  80   9   0  15 0.00  0.0    0  6.9 20 270   M    M   1        26 270
13  95  63  79   7   0  14 0.00  0.0    0  7.3 20 270   M    M   2 8      27 280
14  96  61  79   7   0  14 0.00  0.0    0  8.2 22 270   M    M   4 8      40 270
15  91  62  77   5   0  12 0.00  0.0    0  7.9 21 270   M    M   6 8      26 260
16  75  60  68  -4   0   3 0.00  0.0    0  9.7 20 270   M    M   7 8      28 260
17  73  59  66  -6   0   1 0.00  0.0    0 11.2 18 260   M    M   7        24 240
================================================================================
SM 1489 1020         0 154    T      0.0 128.9          M       45
================================================================================
AV 87.6 60.0                               7.6 FASTST   M    M   3    MAX(MPH)
                                 MISC ---->  # 22 270               # 40  270
================================================================================
NOTES:
# LAST OF SEVERAL OCCURRENCES

COLUMN 17 PEAK WIND IN M.P.H.

PRELIMINARY LOCAL CLIMATOLOGICAL DATA (WS FORM: F-6) , PAGE 2

                                          STATION:  ONTARIO INTL AIRPORT CA
                                          MONTH:    JUNE
                                          YEAR:     2018
                                          LATITUDE:   34  2 N
                                          LONGITUDE: 117 37 W

[TEMPERATURE DATA]      [PRECIPITATION DATA]       SYMBOLS USED IN COLUMN 16

AVERAGE MONTHLY: 73.8   TOTAL FOR MONTH:      T    1 = FOG OR MIST
DPTR FM NORMAL:   3.1   DPTR FM NORMAL:   -0.11    2 = FOG REDUCING VISIBILITY
HIGHEST:    96 ON 14    GRTST 24HR    T  ON  5- 5      TO 1/4 MILE OR LESS
LOWEST:     54 ON  1                               3 = THUNDER
                        SNOW, ICE PELLETS, HAIL    4 = ICE PELLETS
                        TOTAL MONTH:   0.0 INCH    5 = HAIL
                        GRTST 24HR     0.0         6 = FREEZING RAIN OR DRIZZLE
                        GRTST DEPTH:   0           7 = DUSTSTORM OR SANDSTORM:
                                                       VSBY 1/2 MILE OR LESS
                                                   8 = SMOKE OR HAZE
[NO. OF DAYS WITH]      [WEATHER - DAYS WITH]      9 = BLOWING SNOW
                                                   X = TORNADO
MAX 32 OR BELOW:   0    0.01 INCH OR MORE:   0
MAX 90 OR ABOVE:   7    0.10 INCH OR MORE:   0
MIN 32 OR BELOW:   0    0.50 INCH OR MORE:   0
MIN  0 OR BELOW:   0    1.00 INCH OR MORE:   0

[HDD (BASE 65) ]
TOTAL THIS MO.     0    CLEAR  (SCALE 0-3)  10
DPTR FM NORMAL    -1    PTCLDY (SCALE 4-7)   7
TOTAL FM JUL 1   854    CLOUDY (SCALE 8-10)  0
DPTR FM NORMAL  -679

[CDD (BASE 65) ]
TOTAL THIS MO.   154
DPTR FM NORMAL    51    [PRESSURE DATA]
TOTAL FM JAN 1   342    HIGHEST SLP M ON M
DPTR FM NORMAL    73    LOWEST  SLP 29.65 ON 15

[REMARKS]
