046
CXUS53 KDDC 231200
CF6P28
PRELIMINARY LOCAL CLIMATOLOGICAL DATA (WS FORM: F-6)

                                          STATION:   MEDICINE LODGE KS
                                          MONTH:     SEPTEMBER
                                          YEAR:      2018
                                          LATITUDE:   37 17 N
                                          LONGITUDE:  98 35 W

  TEMPERATURE IN F:       :PCPN:    SNOW:  WIND      :SUNSHINE: SKY     :PK WND
================================================================================
1   2   3   4   5  6A  6B    7    8   9   10  11  12  13   14  15   16   17  18
                                     12Z  AVG MX 2MIN
DY MAX MIN AVG DEP HDD CDD  WTR  SNW DPTH SPD SPD DIR MIN PSBL S-S WX    SPD DR
================================================================================

 1  97  72  85   8   0  20 0.00    M    M  9.9 18 170   M    M   0        29 140
 2  93  70  82   6   0  17 1.87    M    M  8.7 24 220   M    M   0        42 220
 3  80  66  73  -3   0   8 1.81    M    M  8.7 17  40   M    M   0        25 130
 4  82  71  77   1   0  12 0.07    M    M  6.7 17 170   M    M   0        26 160
 5  85  70  78   3   0  13 0.00  0.0    0  6.5 15  10   M    M   0        21 360
 6  77  68  73  -2   0   8 0.19  0.0    0  9.0 16  10   M    M   0        22  20
 7  78  67  73  -2   0   8 0.03  0.0    0  9.0 14  50   M    M   0        20  20
 8  76  65  71  -3   0   6 0.00  0.0    0  9.8 15  30   M    M   0        22  60
 9  78  56  67  -7   0   2 0.00  0.0    0  5.6 13  80   M    M   0        19  80
10  76  56  66  -8   0   1 0.00  0.0    0  4.9 13 130   M    M   0        19 100
11  82  57  70  -3   0   5 0.00  0.0    0  8.0 18 180   M    M   0        27 160
12  84  61  73   0   0   8 0.00  0.0    0  9.4 21 180   M    M   0        31 150
13  86  68  77   5   0  12 0.00  0.0    0 12.6 24 180   M    M   0        36 160
14  90  68  79   7   0  14 0.00  0.0    0 11.3 21 180   M    M   0        30 180
15  86  66  76   4   0  11 0.02  0.0    0  4.1 16 150   M    M   0        25 160
16  89  65  77   6   0  12 0.00  0.0    0  5.5 14 160   M    M   0        21 150
17  93  70  82  11   0  17 0.00  0.0    0  8.4 21 180   M    M   0        28 170
18  94  68  81  11   0  16 0.00  0.0    0  9.2 18 180   M    M   0        28 190
19  93  70  82  12   0  17 0.00  0.0    0 12.6 25 190   M    M   0        37 190
20  93  69  81  12   0  16 0.64  0.0    0 12.6 26 190   M    M   0        38 180
21  71  50  61  -8   4   0 0.15  0.0    0  9.8 25  20   M    M   0        36  20
22  76  47  62  -7   3   0 0.00  0.0    0  5.4 10  40   M    M   0        15  50
================================================================================
SM 1859 1420         7 223  4.78     0.0 187.7          M        0
================================================================================
AV 84.5 64.6                               8.5 FASTST   M    M   0    MAX(MPH)
                                 MISC ---->  # 26 190               # 42  220
================================================================================
NOTES:
# LAST OF SEVERAL OCCURRENCES

COLUMN 17 PEAK WIND IN M.P.H.

PRELIMINARY LOCAL CLIMATOLOGICAL DATA (WS FORM: F-6) , PAGE 2

                                          STATION:  MEDICINE LODGE KS
                                          MONTH:    SEPTEMBER
                                          YEAR:     2018
                                          LATITUDE:   37 17 N
                                          LONGITUDE:  98 35 W

[TEMPERATURE DATA]      [PRECIPITATION DATA]       SYMBOLS USED IN COLUMN 16

AVERAGE MONTHLY: 74.5   TOTAL FOR MONTH:   4.78    1 = FOG OR MIST
DPTR FM NORMAL:   1.7   DPTR FM NORMAL:    3.22    2 = FOG REDUCING VISIBILITY
HIGHEST:    97 ON  1    GRTST 24HR  1.87 ON  2- 2      TO 1/4 MILE OR LESS
LOWEST:     47 ON 22                               3 = THUNDER
                        SNOW, ICE PELLETS, HAIL    4 = ICE PELLETS
                        TOTAL MONTH:   0.0 INCH    5 = HAIL
                        GRTST 24HR     0.0         6 = FREEZING RAIN OR DRIZZLE
                        GRTST DEPTH:   0           7 = DUSTSTORM OR SANDSTORM:
                                                       VSBY 1/2 MILE OR LESS
                                                   8 = SMOKE OR HAZE
[NO. OF DAYS WITH]      [WEATHER - DAYS WITH]      9 = BLOWING SNOW
                                                   X = TORNADO
MAX 32 OR BELOW:   0    0.01 INCH OR MORE:   8
MAX 90 OR ABOVE:   7    0.10 INCH OR MORE:   5
MIN 32 OR BELOW:   0    0.50 INCH OR MORE:   3
MIN  0 OR BELOW:   0    1.00 INCH OR MORE:   2

[HDD (BASE 65) ]
TOTAL THIS MO.     7    CLEAR  (SCALE 0-3)  22
DPTR FM NORMAL    -5    PTCLDY (SCALE 4-7)   0
TOTAL FM JUL 1     7    CLOUDY (SCALE 8-10)  0
DPTR FM NORMAL    -5

[CDD (BASE 65) ]
TOTAL THIS MO.   223
DPTR FM NORMAL    36    [PRESSURE DATA]
TOTAL FM JAN 1  1940    HIGHEST SLP M ON M
DPTR FM NORMAL   242    LOWEST  SLP 29.63 ON 20

[REMARKS]
