000
CXUS55 KTBW 241000
CF6PIE
PRELIMINARY LOCAL CLIMATOLOGICAL DATA (WS FORM: F-6)

                                          STATION:   St Petersburg Clearwater
                                          MONTH:     FEBRUARY
                                          YEAR:      2018
                                          LATITUDE:   27 55 N
                                          LONGITUDE:  82 41 W

  TEMPERATURE IN F:       :PCPN:    SNOW:  WIND      :SUNSHINE: SKY     :PK WND
================================================================================
1   2   3   4   5  6A  6B    7    8   9   10  11  12  13   14  15   16   17  18
                                     12Z  AVG MX 2MIN
DY MAX MIN AVG DEP HDD CDD  WTR  SNW DPTH SPD SPD DIR MIN PSBL S-S WX    SPD DR
================================================================================

 1  73  50  62  -1   3   0 0.00  0.0    0  5.3 12 320   M    M   1 1      13 320
 2  77  53  65   2   0   0 0.00  0.0    0  6.7 18 330   M    M   0 1      23 320
 3  72  56  64   1   1   0 0.00  0.0    0 10.1 18  50   M    M   9        24  60
 4  75  61  68   5   0   3 1.55  0.0    0 12.2 26 200   M    M   5 13     33 190
 5  76  59  68   5   0   3 0.00  0.0    0  6.1 14 110   M    M   4 128    20 110
 6  81  58  70   7   0   5 0.00  0.0    0  5.5 13 150   M    M   2        18 130
 7  83  64  74  11   0   9 0.00  0.0    0  9.5 21 200   M    M   2 1      25 200
 8  79  63  71   8   0   6 0.00  0.0    0  6.2 16  60   M    M   6 128    21  60
 9  83  64  74  10   0   9 0.00  0.0    0  7.3 16  60   M    M   5        22  60
10  85  67  76  12   0  11 0.00  0.0    0  9.3 15 210   M    M   3 1      24 170
11  85  68  77  13   0  12 0.00  0.0    0 12.7 24 180   M    M   3 1      29 180
12  83  69  76  12   0  11 0.00  0.0    0  6.5 14 240   M    M   6 1      18 170
13  84  70  77  13   0  12 0.00  0.0    0  6.3 14  50   M    M   5 1      18  40
14  81  67  74  10   0   9 0.00  0.0    0  8.0 14  60   M    M   6        19  60
15  81  66  74  10   0   9 0.00  0.0    0  5.8 13 270   M    M   4 1      20  70
16  80  62  71   7   0   6 0.00  0.0    0  6.7 16 240   M    M   1 1      21 280
17  82  61  72   8   0   7 0.00  0.0    0  5.0 15 240   M    M   4 12     19 250
18  81  56  69   5   0   4 0.00  0.0    0  5.3 12  90   M    M   1 12     17  30
19  86  68  77  12   0  12 0.00  0.0    0  9.6 17 140   M    M   1        22 130
20  88  71  80  15   0  15 0.00  0.0    0 11.0 18 110   M    M   4        25 120
21  86  72  79  14   0  14 0.00  0.0    0 12.6 20 110   M    M   3        25 110
22  85  70  78  13   0  13 0.00  0.0    0  9.2 17 110   M    M   2        24 120
23  85  70  78  13   0  13 0.00  0.0    0  8.8 17 140   M    M   3        22 120
================================================================================
SM 1871 1465         4 183  1.55     0.0 185.7          M       80
================================================================================
AV 81.4 63.7                               8.1 FASTST   M    M   3    MAX(MPH)
                                 MISC ---->  # 26 200               # 33  190
================================================================================
NOTES:
# LAST OF SEVERAL OCCURRENCES

COLUMN 17 PEAK WIND IN M.P.H.

PRELIMINARY LOCAL CLIMATOLOGICAL DATA (WS FORM: F-6) , PAGE 2

                                          STATION:  St Petersburg Clearwater
                                          MONTH:    FEBRUARY
                                          YEAR:     2018
                                          LATITUDE:   27 55 N
                                          LONGITUDE:  82 41 W

[TEMPERATURE DATA]      [PRECIPITATION DATA]       SYMBOLS USED IN COLUMN 16

AVERAGE MONTHLY: 72.5   TOTAL FOR MONTH:   1.55    1 = FOG OR MIST
DPTR FM NORMAL:   8.7   DPTR FM NORMAL:   -0.69    2 = FOG REDUCING VISIBILITY
HIGHEST:    88 ON 20    GRTST 24HR  1.55 ON  4- 4      TO 1/4 MILE OR LESS
LOWEST:     50 ON  1                               3 = THUNDER
                        SNOW, ICE PELLETS, HAIL    4 = ICE PELLETS
                        TOTAL MONTH:   0.0 INCH    5 = HAIL
                        GRTST 24HR     0.0         6 = FREEZING RAIN OR DRIZZLE
                        GRTST DEPTH:   0           7 = DUSTSTORM OR SANDSTORM:
                                                       VSBY 1/2 MILE OR LESS
                                                   8 = SMOKE OR HAZE
[NO. OF DAYS WITH]      [WEATHER - DAYS WITH]      9 = BLOWING SNOW
                                                   X = TORNADO
MAX 32 OR BELOW:   0    0.01 INCH OR MORE:   1
MAX 90 OR ABOVE:   0    0.10 INCH OR MORE:   1
MIN 32 OR BELOW:   0    0.50 INCH OR MORE:   1
MIN  0 OR BELOW:   0    1.00 INCH OR MORE:   1

[HDD (BASE 65) ]
TOTAL THIS MO.     4    CLEAR  (SCALE 0-3)   9
DPTR FM NORMAL   -77    PTCLDY (SCALE 4-7)  13
TOTAL FM JUL 1   293    CLOUDY (SCALE 8-10)  1
DPTR FM NORMAL    45

[CDD (BASE 65) ]
TOTAL THIS MO.   183
DPTR FM NORMAL   131    [PRESSURE DATA]
TOTAL FM JAN 1   216    HIGHEST SLP M ON M
DPTR FM NORMAL   102    LOWEST  SLP 29.98 ON  4

[REMARKS]
