000
CXUS51 KRLX 161315
CF6PKB
PRELIMINARY LOCAL CLIMATOLOGICAL DATA (WS FORM: F-6)

                                          STATION:   PARKERSBURG WV
                                          MONTH:     DECEMBER
                                          YEAR:      2018
                                          LATITUDE:   39 20 N
                                          LONGITUDE:  81 26 W

  TEMPERATURE IN F:       :PCPN:    SNOW:  WIND      :SUNSHINE: SKY     :PK WND
================================================================================
1   2   3   4   5  6A  6B    7    8   9   10  11  12  13   14  15   16   17  18
                                     12Z  AVG MX 2MIN
DY MAX MIN AVG DEP HDD CDD  WTR  SNW DPTH SPD SPD DIR MIN PSBL S-S WX    SPD DR
================================================================================

 1  56  41  49   9  16   0 0.77    M    M  6.2 13 100   M    M   9 13     20 160
 2  68  49  59  20   6   0 0.02    M    M 10.2 25 310   M    M   3 1      35 310
 3  49  35  42   3  23   0 0.05    M    M  7.5 20 270   M    M   9 1      25 270
 4  38  33  36  -2  29   0 0.00    M    M  3.5  8 340   M    M  10        13  20
 5  36  30  33  -5  32   0 0.03    M    M  7.0 17 270   M    M   9 18     23 270
 6  41  30  36  -2  29   0 0.01    M    M  9.3 20 200   M    M   8 1      24 210
 7  37  20  29  -8  36   0    T    M    M  2.7 12 340   M    M   2 1      17 330
 8  30  17  24 -13  41   0 0.00    M    M  1.6  9  40   M    M   0 18     11  40
 9  35  25  30  -7  35   0 0.00    M    M  4.9  9  60   M    M   0        12  60
10  32  16  24 -12  41   0 0.00    M    M  2.7  9 320   M    M   2 18     13  30
11  39  14  27  -9  38   0 0.00    M    M  6.0 14 220   M    M   3 18     20 220
12  47  30  39   3  26   0 0.00    M    M  6.8 17 160   M    M   3        22 160
13  52  33  43   7  22   0 0.00  0.0    M  3.8 10 210   M    M   5        14 170
14  53  33  43   8  22   0 0.20    M    M  3.4 18 170   M    M   7 18     25 170
15  56  49  53  18  12   0 1.04    M    0  7.0 20  70   M    M  10 1      25  90
================================================================================
SM  669  455       408   0  2.12     0.0  82.6          M       80
================================================================================
AV 44.6 30.3                               5.5 FASTST   M    M   5    MAX(MPH)
                                 MISC ---->  # 25 310               # 35  310
================================================================================
NOTES:
# LAST OF SEVERAL OCCURRENCES

COLUMN 17 PEAK WIND IN M.P.H.

PRELIMINARY LOCAL CLIMATOLOGICAL DATA (WS FORM: F-6) , PAGE 2

                                          STATION:  PARKERSBURG WV
                                          MONTH:    DECEMBER
                                          YEAR:     2018
                                          LATITUDE:   39 20 N
                                          LONGITUDE:  81 26 W

[TEMPERATURE DATA]      [PRECIPITATION DATA]       SYMBOLS USED IN COLUMN 16

AVERAGE MONTHLY: 37.5   TOTAL FOR MONTH:   2.12    1 = FOG OR MIST
DPTR FM NORMAL:   0.3   DPTR FM NORMAL:    0.54    2 = FOG REDUCING VISIBILITY
HIGHEST:    68 ON  2    GRTST 24HR  1.04 ON 15-15      TO 1/4 MILE OR LESS
LOWEST:     14 ON 11                               3 = THUNDER
                        SNOW, ICE PELLETS, HAIL    4 = ICE PELLETS
                        TOTAL MONTH:   0.0 INCH    5 = HAIL
                        GRTST 24HR     0.0         6 = FREEZING RAIN OR DRIZZLE
                        GRTST DEPTH:   0           7 = DUSTSTORM OR SANDSTORM:
                                                       VSBY 1/2 MILE OR LESS
                                                   8 = SMOKE OR HAZE
[NO. OF DAYS WITH]      [WEATHER - DAYS WITH]      9 = BLOWING SNOW
                                                   X = TORNADO
MAX 32 OR BELOW:   2    0.01 INCH OR MORE:   7
MAX 90 OR ABOVE:   0    0.10 INCH OR MORE:   3
MIN 32 OR BELOW:   8    0.50 INCH OR MORE:   2
MIN  0 OR BELOW:   0    1.00 INCH OR MORE:   1

[HDD (BASE 65) ]
TOTAL THIS MO.   408    CLEAR  (SCALE 0-3)   6
DPTR FM NORMAL   -11    PTCLDY (SCALE 4-7)   4
TOTAL FM JUL 1  1480    CLOUDY (SCALE 8-10)  5
DPTR FM NORMAL    76

[CDD (BASE 65) ]
TOTAL THIS MO.     0
DPTR FM NORMAL     0    [PRESSURE DATA]
TOTAL FM JAN 1  1437    HIGHEST SLP M ON M
DPTR FM NORMAL   482    LOWEST  SLP 29.52 ON  2

[REMARKS]
