000
CXUS51 KRLX 161111
CF6PKB
PRELIMINARY LOCAL CLIMATOLOGICAL DATA (WS FORM: F-6)

                                          STATION:   PARKERSBURG WV
                                          MONTH:     SEPTEMBER
                                          YEAR:      2018
                                          LATITUDE:   39 20 N
                                          LONGITUDE:  81 26 W

  TEMPERATURE IN F:       :PCPN:    SNOW:  WIND      :SUNSHINE: SKY     :PK WND
================================================================================
1   2   3   4   5  6A  6B    7    8   9   10  11  12  13   14  15   16   17  18
                                     12Z  AVG MX 2MIN
DY MAX MIN AVG DEP HDD CDD  WTR  SNW DPTH SPD SPD DIR MIN PSBL S-S WX    SPD DR
================================================================================

 1  88  68  78   7   0  13    T    M    M  4.3 14 180   M    M   2 13     20 210
 2  91  67  79   8   0  14 0.00    M    M  1.5  8 150   M    M   1 12     12 190
 3  93  68  81  10   0  16 0.00    M    M  1.0  7 220   M    M   0 13     10 190
 4  94  69  82  12   0  17 0.00    M    M  1.2  8  80   M    M   2 12     11  50
 5  92  69  81  11   0  16 0.00    M    M  2.5 12 170   M    M   0 18     15 160
 6  93  71  82  12   0  17    T    M    M  2.6 14  90   M    M   2 138    17 350
 7  88  68  78   9   0  13    T    M    M  3.0 21 100   M    M   4 13     28 100
 8  72  58  65  -4   0   0 0.19    M    M  9.1 18  70   M    M   8 1      26  80
 9  69  57  63  -6   2   0 2.75    M    M  5.8 16  80   M    M  10 1      23  80
10  71  62  67  -1   0   2 1.01    M    M  5.6 14 160   M    M  10 1      20 180
11  73  61  67  -1   0   2 0.00    M    M  0.9  7  60   M    M   9 1       9  60
12  80  60  70   2   0   5 0.00    M    M  1.2  9  70   M    M   6 12     11  80
13  89  66  78  11   0  13 0.00    M    M  1.9  9  80   M    M   5 12     12 170
14  89  66  78  11   0  13 0.00    M    M  4.0 13 120   M    M   1 3      18 100
15  87  68  78  11   0  13 0.00    M    M  6.7 13  60   M    M   1        17  70
================================================================================
SM 1269  978         2 154  3.95    M     51.3          M       61
================================================================================
AV 84.6 65.2                               3.4 FASTST   M    M   4    MAX(MPH)
                                 MISC ---->  # 21 100               # 28  100
================================================================================
NOTES:
# LAST OF SEVERAL OCCURRENCES

COLUMN 17 PEAK WIND IN M.P.H.

PRELIMINARY LOCAL CLIMATOLOGICAL DATA (WS FORM: F-6) , PAGE 2

                                          STATION:  PARKERSBURG WV
                                          MONTH:    SEPTEMBER
                                          YEAR:     2018
                                          LATITUDE:   39 20 N
                                          LONGITUDE:  81 26 W

[TEMPERATURE DATA]      [PRECIPITATION DATA]       SYMBOLS USED IN COLUMN 16

AVERAGE MONTHLY: 74.9   TOTAL FOR MONTH:   3.95    1 = FOG OR MIST
DPTR FM NORMAL:   5.9   DPTR FM NORMAL:    2.36    2 = FOG REDUCING VISIBILITY
HIGHEST:    94 ON  4    GRTST 24HR  2.75 ON  9- 9      TO 1/4 MILE OR LESS
LOWEST:     57 ON  9                               3 = THUNDER
                        SNOW, ICE PELLETS, HAIL    4 = ICE PELLETS
                        TOTAL MONTH:    M          5 = HAIL
                        GRTST 24HR    M  ON   M    6 = FREEZING RAIN OR DRIZZLE
                        GRTST DEPTH:  M  ON   M    7 = DUSTSTORM OR SANDSTORM:
                                                       VSBY 1/2 MILE OR LESS
                                                   8 = SMOKE OR HAZE
[NO. OF DAYS WITH]      [WEATHER - DAYS WITH]      9 = BLOWING SNOW
                                                   X = TORNADO
MAX 32 OR BELOW:   0    0.01 INCH OR MORE:   3
MAX 90 OR ABOVE:   5    0.10 INCH OR MORE:   3
MIN 32 OR BELOW:   0    0.50 INCH OR MORE:   2
MIN  0 OR BELOW:   0    1.00 INCH OR MORE:   2

[HDD (BASE 65) ]
TOTAL THIS MO.     2    CLEAR  (SCALE 0-3)   8
DPTR FM NORMAL   -13    PTCLDY (SCALE 4-7)   3
TOTAL FM JUL 1     2    CLOUDY (SCALE 8-10)  4
DPTR FM NORMAL   -18

[CDD (BASE 65) ]
TOTAL THIS MO.   154
DPTR FM NORMAL    80    [PRESSURE DATA]
TOTAL FM JAN 1  1270    HIGHEST SLP M ON M
DPTR FM NORMAL   366    LOWEST  SLP 29.78 ON  9

[REMARKS]
