983
CXUS56 KOTX 160900
CF6SFF
PRELIMINARY LOCAL CLIMATOLOGICAL DATA (WS FORM: F-6)

                                          STATION:   SPOKANE WA FELTS AIRPORT
                                          MONTH:     DECEMBER
                                          YEAR:      2019
                                          LATITUDE:   47 40 N
                                          LONGITUDE: 117 20 W

  TEMPERATURE IN F:       :PCPN:    SNOW:  WIND      :SUNSHINE: SKY     :PK WND
================================================================================
1   2   3   4   5  6A  6B    7    8   9   10  11  12  13   14  15   16   17  18
                                     12Z  AVG MX 2MIN
DY MAX MIN AVG DEP HDD CDD  WTR  SNW DPTH SPD SPD DIR MIN PSBL S-S WX    SPD DR
================================================================================

 1  31  17  24  -8  41   0    T    M    M  0.1  5  50   M    M   7 18      7 340
 2  41  29  35   3  30   0    T    M    M  1.3  8 260   M    M   9        11 260
 3  48  31  40   8  25   0    T    M    M  2.1 16 200   M    M  10        19 200
 4  48  37  43  12  22   0 0.03    M    M  1.4 10 200   M    M  10        14 200
 5  45  35  40   9  25   0 0.03    M    M  0.5  6  50   M    M  10 128     7  60
 6  43  36  40   9  25   0 0.00    M    M  1.4  8  90   M    M  10 12      9  80
 7  48  39  44  14  21   0 0.30    M    M  1.8  9 220   M    M  10 1      12 240
 8  44  28  36   6  29   0 0.00    M    M  4.0 10 290   M    M   5 1      16 280
 9  37  24  31   1  34   0    T    M    M  0.6  6  20   M    M   6 1       9 290
10  41  29  35   5  30   0 0.03    M    M  0.9  8 240   M    M   5 18      9 250
11  36  30  33   3  32   0 0.25    M    M  0.5  9 290   M    M  10 1      13 290
12  42  34  38   8  27   0 0.48    M    M  4.7 17 240   M    M  10 1      26 230
13  42  33  38   9  27   0 0.00    M    M  3.3 13 240   M    M  10 1      14 220
14  36  33  35   6  30   0 0.00    M    M  2.0  9 230   M    M  10 1      11 260
15  34  28  31   2  34   0 0.01    M    M  4.6 13 190   M    M  10 18     14 180
================================================================================
SM  616  463       432   0  1.13    M     29.2          M      132
================================================================================
AV 41.1 30.9                               1.9 FASTST   M    M   9    MAX(MPH)
                                 MISC ---->  # 17 240               # 26  230
================================================================================
NOTES:
# LAST OF SEVERAL OCCURRENCES

COLUMN 17 PEAK WIND IN M.P.H.

PRELIMINARY LOCAL CLIMATOLOGICAL DATA (WS FORM: F-6) , PAGE 2

                                          STATION:  SPOKANE WA FELTS AIRPORT
                                          MONTH:    DECEMBER
                                          YEAR:     2019
                                          LATITUDE:   47 40 N
                                          LONGITUDE: 117 20 W

[TEMPERATURE DATA]      [PRECIPITATION DATA]       SYMBOLS USED IN COLUMN 16

AVERAGE MONTHLY: 36.0   TOTAL FOR MONTH:   1.13    1 = FOG OR MIST
DPTR FM NORMAL:   5.6   DPTR FM NORMAL:   -0.13    2 = FOG REDUCING VISIBILITY
HIGHEST:    48 ON  7, 4 GRTST 24HR  0.48 ON 12-12      TO 1/4 MILE OR LESS
LOWEST:     17 ON  1                               3 = THUNDER
                        SNOW, ICE PELLETS, HAIL    4 = ICE PELLETS
                        TOTAL MONTH:    M          5 = HAIL
                        GRTST 24HR    M  ON   M    6 = FREEZING RAIN OR DRIZZLE
                        GRTST DEPTH:  M  ON   M    7 = DUSTSTORM OR SANDSTORM:
                                                       VSBY 1/2 MILE OR LESS
                                                   8 = SMOKE OR HAZE
[NO. OF DAYS WITH]      [WEATHER - DAYS WITH]      9 = BLOWING SNOW
                                                   X = TORNADO
MAX 32 OR BELOW:   1    0.01 INCH OR MORE:   7
MAX 90 OR ABOVE:   0    0.10 INCH OR MORE:   3
MIN 32 OR BELOW:   8    0.50 INCH OR MORE:   0
MIN  0 OR BELOW:   0    1.00 INCH OR MORE:   0

[HDD (BASE 65) ]
TOTAL THIS MO.   432    CLEAR  (SCALE 0-3)   0
DPTR FM NORMAL   -87    PTCLDY (SCALE 4-7)   4
TOTAL FM JUL 1  2085    CLOUDY (SCALE 8-10) 11
DPTR FM NORMAL    -8

[CDD (BASE 65) ]
TOTAL THIS MO.     0
DPTR FM NORMAL     0    [PRESSURE DATA]
TOTAL FM JAN 1   522    HIGHEST SLP M ON M
DPTR FM NORMAL   116    LOWEST  SLP 29.76 ON  7

[REMARKS]
