000
CXUS56 KOTX 180900
CF6SFF
PRELIMINARY LOCAL CLIMATOLOGICAL DATA (WS FORM: F-6)

                                          STATION:   SPOKANE WA FELTS AIRPORT
                                          MONTH:     OCTOBER
                                          YEAR:      2019
                                          LATITUDE:   47 40 N
                                          LONGITUDE: 117 20 W

  TEMPERATURE IN F:       :PCPN:    SNOW:  WIND      :SUNSHINE: SKY     :PK WND
================================================================================
1   2   3   4   5  6A  6B    7    8   9   10  11  12  13   14  15   16   17  18
                                     12Z  AVG MX 2MIN
DY MAX MIN AVG DEP HDD CDD  WTR  SNW DPTH SPD SPD DIR MIN PSBL S-S WX    SPD DR
================================================================================

 1  54  30  42 -12  23   0 0.00    M    M  2.0  9 200   M    M   2 1      11 190
 2  57  30  44 -10  21   0 0.00    M    M  1.1 10 180   M    M   2 12     14 210
 3  51  39  45  -8  20   0    T    M    M  1.5  7  90   M    M   8         9 350
 4  55  37  46  -7  19   0 0.01    M    M  2.1 13 340   M    M   9 12     19 290
 5  59  38  49  -4  16   0    T    M    M  4.6 12 230   M    M   5        19 290
 6  63  34  49  -3  16   0 0.00    M    M  1.8  9 230   M    M   0 1      13 230
 7  69  40  55   3  10   0 0.00    M    M  8.1 25 220   M    M   6        33 220
 8  59  34  47  -4  18   0 0.52    M    M 10.0 25 240   M    M   6 1      33 240
 9  44  28  36 -15  29   0 0.09    M    M  5.5 14  60   M    M   2 1      19  10
10  48  29  39 -11  26   0 0.00    M    M  1.4  8 220   M    M   0        12 220
11  55  27  41  -9  24   0 0.00    M    M  1.1  6  90   M    M   0 8       8  50
12  56  29  43  -7  22   0 0.00    M    M  0.9  7  80   M    M   0         8  80
13  51  40  46  -3  19   0    T    M    M  0.9  5 280   M    M   9         7 290
14  59  38  49   0  16   0 0.00    M    M  0.9  5  70   0    0   0         M  M
15  60  34  47  -1  18   0 0.00    M    M  2.5  9  80   M    M   1 1      13  70
16  64  44  54   6  11   0    T    M    M  1.8 10 160   M    M   4        14 230
17  59  48  54   6  11   0 0.02    M    M 10.8 24 220   M    M   8        31 210
================================================================================
SM  963  599       319   0  0.64    M     57.0            0     62
================================================================================
AV 56.7 35.2                               3.4 FASTST    0   0   4    MAX(MPH)
                                 MISC ---->  # 25 220               # 33  220
================================================================================
NOTES:
# LAST OF SEVERAL OCCURRENCES

COLUMN 17 PEAK WIND IN M.P.H.

PRELIMINARY LOCAL CLIMATOLOGICAL DATA (WS FORM: F-6) , PAGE 2

                                          STATION:  SPOKANE WA FELTS AIRPORT
                                          MONTH:    OCTOBER
                                          YEAR:     2019
                                          LATITUDE:   47 40 N
                                          LONGITUDE: 117 20 W

[TEMPERATURE DATA]      [PRECIPITATION DATA]       SYMBOLS USED IN COLUMN 16

AVERAGE MONTHLY: 45.9   TOTAL FOR MONTH:   0.64    1 = FOG OR MIST
DPTR FM NORMAL:  -4.9   DPTR FM NORMAL:    0.01    2 = FOG REDUCING VISIBILITY
HIGHEST:    69 ON  7    GRTST 24HR  0.52 ON  8- 8      TO 1/4 MILE OR LESS
LOWEST:     27 ON 11                               3 = THUNDER
                        SNOW, ICE PELLETS, HAIL    4 = ICE PELLETS
                        TOTAL MONTH:    M          5 = HAIL
                        GRTST 24HR    M  ON   M    6 = FREEZING RAIN OR DRIZZLE
                        GRTST DEPTH:  M  ON   M    7 = DUSTSTORM OR SANDSTORM:
                                                       VSBY 1/2 MILE OR LESS
                                                   8 = SMOKE OR HAZE
[NO. OF DAYS WITH]      [WEATHER - DAYS WITH]      9 = BLOWING SNOW
                                                   X = TORNADO
MAX 32 OR BELOW:   0    0.01 INCH OR MORE:   4
MAX 90 OR ABOVE:   0    0.10 INCH OR MORE:   1
MIN 32 OR BELOW:   6    0.50 INCH OR MORE:   1
MIN  0 OR BELOW:   0    1.00 INCH OR MORE:   0

[HDD (BASE 65) ]
TOTAL THIS MO.   319    CLEAR  (SCALE 0-3)   9
DPTR FM NORMAL    78    PTCLDY (SCALE 4-7)   5
TOTAL FM JUL 1   490    CLOUDY (SCALE 8-10)  3
DPTR FM NORMAL    38

[CDD (BASE 65) ]
TOTAL THIS MO.     0
DPTR FM NORMAL     0    [PRESSURE DATA]
TOTAL FM JAN 1   522    HIGHEST SLP  0.00 ON 14
DPTR FM NORMAL   116    LOWEST  SLP  0.00 ON 14

[REMARKS]
