000
CXUS56 KOTX 190900
CF6SFF
PRELIMINARY LOCAL CLIMATOLOGICAL DATA (WS FORM: F-6)

                                          STATION:   SPOKANE WA FELTS AIRPORT
                                          MONTH:     SEPTEMBER
                                          YEAR:      2018
                                          LATITUDE:   47 40 N
                                          LONGITUDE: 117 20 W

  TEMPERATURE IN F:       :PCPN:    SNOW:  WIND      :SUNSHINE: SKY     :PK WND
================================================================================
1   2   3   4   5  6A  6B    7    8   9   10  11  12  13   14  15   16   17  18
                                     12Z  AVG MX 2MIN
DY MAX MIN AVG DEP HDD CDD  WTR  SNW DPTH SPD SPD DIR MIN PSBL S-S WX    SPD DR
================================================================================

 1  76  52  64  -2   1   0 0.00    M    M  5.1 13 230   M    M   1 8      17 220
 2  80  45  63  -2   2   0 0.00    M    M  4.9 17 220   M    M   0        24 260
 3  80  54  67   2   0   2 0.00    M    M  3.8 12 250   M    M   2 8      17 350
 4  78  46  62  -3   3   0 0.00    M    M  1.3  9 240   M    M   0 8      14 290
 5  85  46  66   2   0   1 0.00    M    M  1.1  8  70   M    M   0        11  70
 6  87  48  68   4   0   3 0.00    M    M  1.6  9 240   M    M   0        10 240
 7  87  52  70   6   0   5 0.00    M    M  4.1 14 220   M    M   0        20 200
 8  77  56  67   4   0   2 0.01    M    M  6.3 22 230   M    M   1        28 220
 9  77  55  66   3   0   1 0.00    M    M  4.7 13 200   M    M   1        20 250
10  74  56  65   2   0   0 0.00    M    M  8.0 24 230   M    M   5        29 230
11  66  52  59  -3   6   0 0.10    M    M  6.1 14 220   M    M   4        22 180
12  68  47  58  -4   7   0 0.00    M    M  4.1 13 230   M    M   6        16 200
13  69  44  57  -5   8   0 0.00    M    M  6.9 21 210   M    M   3        25 220
14  73  44  59  -2   6   0 0.02    M    M  2.4 16 140   M    M   4        20 140
15  74  51  63   2   2   0    T    M    M  3.1 13 120   M    M   2        15 160
16  69  49  59  -1   6   0 0.02    M    M  7.3 23 200   M    M   7        30 200
17  67  42  55  -5  10   0 0.00    M    M  2.0  8 250   M    M   0        13 240
18  71  40  56  -4   9   0 0.00    M    M  1.4 10 330   M    M   0        15 340
================================================================================
SM 1358  879        60  14  0.15    M     74.2          M       36
================================================================================
AV 75.4 48.8                               4.1 FASTST   M    M   2    MAX(MPH)
                                 MISC ---->  # 24 230               # 30  200
================================================================================
NOTES:
# LAST OF SEVERAL OCCURRENCES

COLUMN 17 PEAK WIND IN M.P.H.

PRELIMINARY LOCAL CLIMATOLOGICAL DATA (WS FORM: F-6) , PAGE 2

                                          STATION:  SPOKANE WA FELTS AIRPORT
                                          MONTH:    SEPTEMBER
                                          YEAR:     2018
                                          LATITUDE:   47 40 N
                                          LONGITUDE: 117 20 W

[TEMPERATURE DATA]      [PRECIPITATION DATA]       SYMBOLS USED IN COLUMN 16

AVERAGE MONTHLY: 62.1   TOTAL FOR MONTH:   0.15    1 = FOG OR MIST
DPTR FM NORMAL:  -0.6   DPTR FM NORMAL:   -0.31    2 = FOG REDUCING VISIBILITY
HIGHEST:    87 ON  7, 6 GRTST 24HR  0.10 ON 11-11      TO 1/4 MILE OR LESS
LOWEST:     40 ON 18                               3 = THUNDER
                        SNOW, ICE PELLETS, HAIL    4 = ICE PELLETS
                        TOTAL MONTH:    M          5 = HAIL
                        GRTST 24HR    M  ON   M    6 = FREEZING RAIN OR DRIZZLE
                        GRTST DEPTH:  M  ON   M    7 = DUSTSTORM OR SANDSTORM:
                                                       VSBY 1/2 MILE OR LESS
                                                   8 = SMOKE OR HAZE
[NO. OF DAYS WITH]      [WEATHER - DAYS WITH]      9 = BLOWING SNOW
                                                   X = TORNADO
MAX 32 OR BELOW:   0    0.01 INCH OR MORE:   4
MAX 90 OR ABOVE:   0    0.10 INCH OR MORE:   1
MIN 32 OR BELOW:   0    0.50 INCH OR MORE:   0
MIN  0 OR BELOW:   0    1.00 INCH OR MORE:   0

[HDD (BASE 65) ]
TOTAL THIS MO.    60    CLEAR  (SCALE 0-3)  13
DPTR FM NORMAL    -7    PTCLDY (SCALE 4-7)   5
TOTAL FM JUL 1    82    CLOUDY (SCALE 8-10)  0
DPTR FM NORMAL   -31

[CDD (BASE 65) ]
TOTAL THIS MO.    14
DPTR FM NORMAL   -14    [PRESSURE DATA]
TOTAL FM JAN 1   574    HIGHEST SLP M ON M
DPTR FM NORMAL   170    LOWEST  SLP 29.77 ON 15

[REMARKS]
