522
CXUS56 KPQR 171200
CF6SPB
PRELIMINARY LOCAL CLIMATOLOGICAL DATA (WS FORM: F-6)

                                          STATION:   SCAPPOOSE OR
                                          MONTH:     OCTOBER
                                          YEAR:      2019
                                          LATITUDE:   45 46 N
                                          LONGITUDE: 122 50 W

  TEMPERATURE IN F:       :PCPN:    SNOW:  WIND      :SUNSHINE: SKY     :PK WND
================================================================================
1   2   3   4   5  6A  6B    7    8   9   10  11  12  13   14  15   16   17  18
                                     12Z  AVG MX 2MIN
DY MAX MIN AVG DEP HDD CDD  WTR  SNW DPTH SPD SPD DIR MIN PSBL S-S WX    SPD DR
================================================================================

 1  64  33  49  -8  16   0 0.00    M    M  2.3  7 290   M    M   0 8       8 290
 2  62  35  49  -8  16   0    T    M    M  3.3  9 160   M    M   4 8      13 160
 3  59  45  52  -4  13   0 0.19    M    M  2.8 12 230   M    M   9 1      16 200
 4  62  48  55  -1  10   0    T    M    M  2.7 12 210   M    M   7        15 140
 5  64  45  55  -1  10   0 0.00    M    M  1.5  8 290   M    M   7 1      10 290
 6  71  40  56   1   9   0 0.00    M    M  3.3 13 360   M    M   2 12     16 340
 7  66  41  54  -1  11   0    T    M    M  2.2 12 320   M    M   6 8      18 320
 8  59  35  47  -8  18   0 0.09    M    M  5.5 22 310   M    M   6 1      31 310
 9  56  33  45  -9  20   0    T    M    M  3.5 13 360   M    M   2 12     17 360
10  63  30  47  -7  18   0 0.00    M    M  4.2 13  60   M    M   0        18  50
11  66  33  50  -4  15   0 0.00    M    M  3.5  8 300   M    M   0        11 290
12  61  35  48  -5  17   0 0.00    M    M  1.2  6 130   M    M   4         7 140
13  63  41  52  -1  13   0 0.00    M    M  2.4 12 340   M    M   7        15 340
14  63  35  49  -3  16   0 0.00    M    M  1.8  8 280   M    M   2 12     10 120
15  59  37  48  -4  17   0 0.00    M    M  1.8 10 130   M    M   4 18     13 150
16  56  49  53   1  12   0 0.49    M    M  3.9 13 160   M    M   8 1      19 160
================================================================================
SM  994  615       231   0  0.77    M     45.9          M       68
================================================================================
AV 62.1 38.4                               2.9 FASTST   M    M   4    MAX(MPH)
                                 MISC ---->  # 22 310               # 31  310
================================================================================
NOTES:
# LAST OF SEVERAL OCCURRENCES

COLUMN 17 PEAK WIND IN M.P.H.

PRELIMINARY LOCAL CLIMATOLOGICAL DATA (WS FORM: F-6) , PAGE 2

                                          STATION:  SCAPPOOSE OR
                                          MONTH:    OCTOBER
                                          YEAR:     2019
                                          LATITUDE:   45 46 N
                                          LONGITUDE: 122 50 W

[TEMPERATURE DATA]      [PRECIPITATION DATA]       SYMBOLS USED IN COLUMN 16

AVERAGE MONTHLY: 50.3   TOTAL FOR MONTH:   0.77    1 = FOG OR MIST
DPTR FM NORMAL:  -4.2   DPTR FM NORMAL:   -0.61    2 = FOG REDUCING VISIBILITY
HIGHEST:    71 ON  6    GRTST 24HR  0.49 ON 16-16      TO 1/4 MILE OR LESS
LOWEST:     30 ON 10                               3 = THUNDER
                        SNOW, ICE PELLETS, HAIL    4 = ICE PELLETS
                        TOTAL MONTH:    M          5 = HAIL
                        GRTST 24HR    M  ON   M    6 = FREEZING RAIN OR DRIZZLE
                        GRTST DEPTH:  M  ON   M    7 = DUSTSTORM OR SANDSTORM:
                                                       VSBY 1/2 MILE OR LESS
                                                   8 = SMOKE OR HAZE
[NO. OF DAYS WITH]      [WEATHER - DAYS WITH]      9 = BLOWING SNOW
                                                   X = TORNADO
MAX 32 OR BELOW:   0    0.01 INCH OR MORE:   3
MAX 90 OR ABOVE:   0    0.10 INCH OR MORE:   2
MIN 32 OR BELOW:   1    0.50 INCH OR MORE:   0
MIN  0 OR BELOW:   0    1.00 INCH OR MORE:   0

[HDD (BASE 65) ]
TOTAL THIS MO.   231    CLEAR  (SCALE 0-3)   6
DPTR FM NORMAL    63    PTCLDY (SCALE 4-7)   9
TOTAL FM JUL 1   394    CLOUDY (SCALE 8-10)  1
DPTR FM NORMAL    20

[CDD (BASE 65) ]
TOTAL THIS MO.     0
DPTR FM NORMAL     0    [PRESSURE DATA]
TOTAL FM JAN 1   324    HIGHEST SLP  0.00 ON  2
DPTR FM NORMAL    74    LOWEST  SLP 29.71 ON 16

[REMARKS]
