000
CXUS54 KOUN 200700
CF6SWO
PRELIMINARY LOCAL CLIMATOLOGICAL DATA (WS FORM: F-6)

                                          STATION:   STILLWATER
                                          MONTH:     JUNE
                                          YEAR:      2018
                                          LATITUDE:   36 10 N
                                          LONGITUDE:  97  5 W

  TEMPERATURE IN F:       :PCPN:    SNOW:  WIND      :SUNSHINE: SKY     :PK WND
================================================================================
1   2   3   4   5  6A  6B    7    8   9   10  11  12  13   14  15   16   17  18
                                     12Z  AVG MX 2MIN
DY MAX MIN AVG DEP HDD CDD  WTR  SNW DPTH SPD SPD DIR MIN PSBL S-S WX    SPD DR
================================================================================

 1  95  75  85  12   0  20 0.00  0.0    0 12.4 23 170   M    M   0        28 160
 2  91  65  78   5   0  13 0.00  0.0    0 11.2 23  30   M    M   1        29 360
 3  87  56  72  -2   0   7 0.00  0.0    0  5.3 15  40   M    M   0        23  50
 4  85  56  71  -3   0   6    T  0.0    0  8.7 18 160   M    M   0        24 150
 5  90  65  78   4   0  13 0.00  0.0    0  8.7 16 140   M    M   3        26 150
 6  93  70  82   8   0  17 0.00  0.0    0  9.2 18 130   M    M   1        23 110
 7  78  67  73  -2   0   8 1.72  0.0    0  9.7 32 120   M    M   4 13     41 130
 8  88  66  77   2   0  12 0.00  0.0    0  7.4 17 180   M    M   1 8      24 160
 9  92  71  82   7   0  17 0.00  0.0    0 12.8 22 180   M    M   0        30 170
10  93  70  82   7   0  17 0.00  0.0    0 13.5 21 170   M    M   0        28 190
11  93  73  83   7   0  18 0.00  0.0    0 13.9 22 170   M    M   0        28 160
12  86  68  77   1   0  12 0.01  0.0    0 11.6 37 110   M    M   3 3      47 110
13  95  71  83   7   0  18 0.00  0.0    0  6.6 17 160   M    M   0        21 160
14  94  74  84   8   0  19 0.00  0.0    0 13.0 23 170   M    M   0        29 160
15  93  73  83   7   0  18 0.00  0.0    0 13.8 23 150   M    M   0        28 170
16  92  75  84   7   0  19 0.00  0.0    0 13.9 23 160   M    M   0        29 170
17  92  75  84   7   0  19 0.00  0.0    0 14.3 24 170   M    M   1        31 150
18  90  74  82   5   0  17 0.00  0.0    0 12.2 21 170   M    M   3        26 160
19  89  72  81   4   0  16 0.00  0.0    0 12.0 20 150   M    M   4        26 150
================================================================================
SM 1716 1316         0 286  1.73     0.0 210.2          M       21
================================================================================
AV 90.3 69.3                              11.1 FASTST   M    M   1    MAX(MPH)
                                 MISC ---->  # 37 110               # 47  110
================================================================================
NOTES:
# LAST OF SEVERAL OCCURRENCES

COLUMN 17 PEAK WIND IN M.P.H.

PRELIMINARY LOCAL CLIMATOLOGICAL DATA (WS FORM: F-6) , PAGE 2

                                          STATION:  STILLWATER
                                          MONTH:    JUNE
                                          YEAR:     2018
                                          LATITUDE:   36 10 N
                                          LONGITUDE:  97  5 W

[TEMPERATURE DATA]      [PRECIPITATION DATA]       SYMBOLS USED IN COLUMN 16

AVERAGE MONTHLY: 79.8   TOTAL FOR MONTH:   1.73    1 = FOG OR MIST
DPTR FM NORMAL:   4.5   DPTR FM NORMAL:   -1.08    2 = FOG REDUCING VISIBILITY
HIGHEST:    95 ON 13, 1 GRTST 24HR  1.72 ON  7- 7      TO 1/4 MILE OR LESS
LOWEST:     56 ON  4, 3                            3 = THUNDER
                        SNOW, ICE PELLETS, HAIL    4 = ICE PELLETS
                        TOTAL MONTH:   0.0 INCH    5 = HAIL
                        GRTST 24HR     0.0         6 = FREEZING RAIN OR DRIZZLE
                        GRTST DEPTH:   0           7 = DUSTSTORM OR SANDSTORM:
                                                       VSBY 1/2 MILE OR LESS
                                                   8 = SMOKE OR HAZE
[NO. OF DAYS WITH]      [WEATHER - DAYS WITH]      9 = BLOWING SNOW
                                                   X = TORNADO
MAX 32 OR BELOW:   0    0.01 INCH OR MORE:   2
MAX 90 OR ABOVE:  13    0.10 INCH OR MORE:   1
MIN 32 OR BELOW:   0    0.50 INCH OR MORE:   1
MIN  0 OR BELOW:   0    1.00 INCH OR MORE:   1

[HDD (BASE 65) ]
TOTAL THIS MO.     0    CLEAR  (SCALE 0-3)  17
DPTR FM NORMAL     0    PTCLDY (SCALE 4-7)   2
TOTAL FM JUL 1  3695    CLOUDY (SCALE 8-10)  0
DPTR FM NORMAL   -87

[CDD (BASE 65) ]
TOTAL THIS MO.   286
DPTR FM NORMAL    90    [PRESSURE DATA]
TOTAL FM JAN 1   657    HIGHEST SLP M ON M
DPTR FM NORMAL   251    LOWEST  SLP 29.67 ON 11

[REMARKS]
