000
CXUS55 KPUB 161159
CF6TAD
PRELIMINARY LOCAL CLIMATOLOGICAL DATA (WS FORM: F-6)

                                          STATION:   TRINIDAD CO
                                          MONTH:     JANUARY
                                          YEAR:      2019
                                          LATITUDE:   37 16 N
                                          LONGITUDE: 104 20 W

  TEMPERATURE IN F:       :PCPN:    SNOW:  WIND      :SUNSHINE: SKY     :PK WND
================================================================================
1   2   3   4   5  6A  6B    7    8   9   10  11  12  13   14  15   16   17  18
                                     12Z  AVG MX 2MIN
DY MAX MIN AVG DEP HDD CDD  WTR  SNW DPTH SPD SPD DIR MIN PSBL S-S WX    SPD DR
================================================================================

 1  10  -4   3 -29  62   0    M    M    M  3.8 10 210   M    M   4 1      13 210
 2  31  -5  13 -19  52   0 0.00  0.0    M  8.3 15 280   M    M   0        18 290
 3  49  11  30  -2  35   0 0.00  0.0    0 10.6 17 240   M    M   0        22 250
 4  61  26  44  12  21   0 0.00  0.0    0 10.8 21 250   M    M   0        26 250
 5  64  27  46  14  19   0 0.00  0.0    0  8.6 18 240   M    M   0        22 240
 6  65  36  51  19  14   0 0.00  0.0    0 13.6 32 250   M    M   1        39 260
 7  56  25  41   9  24   0 0.00  0.0    0 15.5 31 240   M    M   0        47 260
 8  50  18  34   2  31   0 0.00  0.0    0  7.0 16 250   M    M   0        20 240
 9  59  26  43  11  22   0 0.00  0.0    0 10.9 26 250   M    M   0        32 250
10  65  28  47  15  18   0 0.00  0.0    0  8.9 18 320   M    M   1        23 320
11  41  32  37   5  28   0 0.23    M    0 11.1 23 340   M    M  10 1      31 340
12  37  26  32   0  33   0 0.01    M    M  5.4 14 350   M    M  10 1      20 360
13  39  22  31  -1  34   0 0.00  0.0    0  5.2 10 100   M    M   7 1      13 250
14  47  21  34   2  31   0 0.00  0.0    M  8.5 17 260   M    M   0        21 250
15  52  23  38   6  27   0 0.00  0.0    0  8.7 18 240   M    M   0        22 240
================================================================================
SM  726  312       451   0  0.24     0.0 136.9          M       33
================================================================================
AV 48.4 20.8                               9.1 FASTST   M    M   2    MAX(MPH)
                                 MISC ---->  # 32 250               # 47  260
================================================================================
NOTES:
# LAST OF SEVERAL OCCURRENCES

COLUMN 17 PEAK WIND IN M.P.H.

PRELIMINARY LOCAL CLIMATOLOGICAL DATA (WS FORM: F-6) , PAGE 2

                                          STATION:  TRINIDAD CO
                                          MONTH:    JANUARY
                                          YEAR:     2019
                                          LATITUDE:   37 16 N
                                          LONGITUDE: 104 20 W

[TEMPERATURE DATA]      [PRECIPITATION DATA]       SYMBOLS USED IN COLUMN 16

AVERAGE MONTHLY: 34.6   TOTAL FOR MONTH:   0.24    1 = FOG OR MIST
DPTR FM NORMAL:   2.6   DPTR FM NORMAL:    0.05    2 = FOG REDUCING VISIBILITY
HIGHEST:    65 ON 10, 6 GRTST 24HR  0.23 ON 11-11      TO 1/4 MILE OR LESS
LOWEST:     -5 ON  2                               3 = THUNDER
                        SNOW, ICE PELLETS, HAIL    4 = ICE PELLETS
                        TOTAL MONTH:   0.0 INCH    5 = HAIL
                        GRTST 24HR     0.0         6 = FREEZING RAIN OR DRIZZLE
                        GRTST DEPTH:   0           7 = DUSTSTORM OR SANDSTORM:
                                                       VSBY 1/2 MILE OR LESS
                                                   8 = SMOKE OR HAZE
[NO. OF DAYS WITH]      [WEATHER - DAYS WITH]      9 = BLOWING SNOW
                                                   X = TORNADO
MAX 32 OR BELOW:   2    0.01 INCH OR MORE:   2
MAX 90 OR ABOVE:   0    0.10 INCH OR MORE:   1
MIN 32 OR BELOW:  14    0.50 INCH OR MORE:   0
MIN  0 OR BELOW:   2    1.00 INCH OR MORE:   0

[HDD (BASE 65) ]
TOTAL THIS MO.   451    CLEAR  (SCALE 0-3)  11
DPTR FM NORMAL   -44    PTCLDY (SCALE 4-7)   2
TOTAL FM JUL 1  2703    CLOUDY (SCALE 8-10)  2
DPTR FM NORMAL   -60

[CDD (BASE 65) ]
TOTAL THIS MO.     0
DPTR FM NORMAL     0    [PRESSURE DATA]
TOTAL FM JAN 1     0    HIGHEST SLP M ON M
DPTR FM NORMAL     0    LOWEST  SLP 29.82 ON  6

[REMARKS]
