000
CXUS53 KSGF 230800
CF6UNO
PRELIMINARY LOCAL CLIMATOLOGICAL DATA (WS FORM: F-6)

                                          STATION:   WEST PLAINS MO
                                          MONTH:     OCTOBER
                                          YEAR:      2018
                                          LATITUDE:   36 52 N
                                          LONGITUDE:  91 55 W

  TEMPERATURE IN F:       :PCPN:    SNOW:  WIND      :SUNSHINE: SKY     :PK WND
================================================================================
1   2   3   4   5  6A  6B    7    8   9   10  11  12  13   14  15   16   17  18
                                     12Z  AVG MX 2MIN
DY MAX MIN AVG DEP HDD CDD  WTR  SNW DPTH SPD SPD DIR MIN PSBL S-S WX    SPD DR
================================================================================

 1  80  61  71   9   0   6 0.07    M    M  5.3 14 180   M    M   4 1      22 190
 2  85  67  76  14   0  11 0.00    M    M  5.1 13 220   M    M   3 12     19 230
 3  86  72  79  17   0  14 0.00    M    M  9.3 18 210   M    M   2        32 200
 4  87  71  79  18   0  14 0.00    M    M  5.8 13 170   M    M   3        19 170
 5  89  73  81  20   0  16 0.00    M    M  8.1 15 220   M    M   2        22 220
 6  87  68  78  18   0  13 0.00    M    M  6.3 15 170   M    M   2        21 220
 7  83  65  74  14   0   9 0.03    M    M  5.0 15 160   M    M   3 13     22 150
 8  85  68  77  17   0  12 0.00    M  999  7.7 17 160   M    M   2        27 150
 9  80  69  75  16   0  10 1.00    M    M  9.1 17 140   M    M   7 13     31 160
10  74  49  62   3   3   0 0.15    M    M  9.5 20 260   M    M   6 1      27 260
11  62  43  53  -6  12   0 0.00    M    M  7.0 18 330   M    M   2        26 330
12  52  41  47 -11  18   0 0.08    M    M  4.6 10 160   M    M   8 1      14 160
13  50  45  48 -10  17   0 0.39    M    M  6.6 14 120   M    M  10 1      21  80
14  59  48  54  -4  11   0 0.12    M    M  4.1  9  60   M    M  10 1      13  70
15  56  38  47 -11  18   0 0.14    M    M  7.9 17 330   M    M   7 1      29 360
16  53  37  45 -12  20   0 0.00    M    M  3.5  7 230   M    M   0        11  10
17  68  37  53  -4  12   0 0.00    M    M  4.4 15  20   M    M   0        23  20
18  63  41  52  -5  13   0 0.00    M    M  3.3 10  70   M    M   0        16 100
19  52  41  47  -9  18   0 1.12    M    M  4.5 12 220   M    M   7 1      16 230
20  68  42  55  -1  10   0 0.00    M    M  8.0 22 330   M    M   1 1      32 330
21  57  29  43 -13  22   0 0.00    M    M  3.9 12 110   M    M   0        17 110
22  66  34  50  -6  15   0 0.00    M    M  2.3  9 190   M    M   0        14 200
================================================================================
SM 1542 1139       189 105  3.10    M    131.3          M       79
================================================================================
AV 70.1 51.8                               6.0 FASTST   M    M   4    MAX(MPH)
                                 MISC ---->  # 22 330               # 32  200
================================================================================
NOTES:
# LAST OF SEVERAL OCCURRENCES

COLUMN 17 PEAK WIND IN M.P.H.

PRELIMINARY LOCAL CLIMATOLOGICAL DATA (WS FORM: F-6) , PAGE 2

                                          STATION:  WEST PLAINS MO
                                          MONTH:    OCTOBER
                                          YEAR:     2018
                                          LATITUDE:   36 52 N
                                          LONGITUDE:  91 55 W

[TEMPERATURE DATA]      [PRECIPITATION DATA]       SYMBOLS USED IN COLUMN 16

AVERAGE MONTHLY: 60.9   TOTAL FOR MONTH:   3.10    1 = FOG OR MIST
DPTR FM NORMAL:   2.2   DPTR FM NORMAL:    0.33    2 = FOG REDUCING VISIBILITY
HIGHEST:    89 ON  5    GRTST 24HR  1.12 ON 19-19      TO 1/4 MILE OR LESS
LOWEST:     29 ON 21                               3 = THUNDER
                        SNOW, ICE PELLETS, HAIL    4 = ICE PELLETS
                        TOTAL MONTH:    M          5 = HAIL
                        GRTST 24HR    M  ON   M    6 = FREEZING RAIN OR DRIZZLE
                        GRTST DEPTH: 999 ON  8     7 = DUSTSTORM OR SANDSTORM:
                                                       VSBY 1/2 MILE OR LESS
                                                   8 = SMOKE OR HAZE
[NO. OF DAYS WITH]      [WEATHER - DAYS WITH]      9 = BLOWING SNOW
                                                   X = TORNADO
MAX 32 OR BELOW:   0    0.01 INCH OR MORE:   9
MAX 90 OR ABOVE:   0    0.10 INCH OR MORE:   6
MIN 32 OR BELOW:   1    0.50 INCH OR MORE:   2
MIN  0 OR BELOW:   0    1.00 INCH OR MORE:   2

[HDD (BASE 65) ]
TOTAL THIS MO.   189    CLEAR  (SCALE 0-3)  14
DPTR FM NORMAL    29    PTCLDY (SCALE 4-7)   6
TOTAL FM JUL 1   198    CLOUDY (SCALE 8-10)  2
DPTR FM NORMAL    -4

[CDD (BASE 65) ]
TOTAL THIS MO.   105
DPTR FM NORMAL    85    [PRESSURE DATA]
TOTAL FM JAN 1  1822    HIGHEST SLP M ON M
DPTR FM NORMAL   474    LOWEST  SLP 29.69 ON  9

[REMARKS]
