000
CXUS53 KSGF 210800
CF6UNO
PRELIMINARY LOCAL CLIMATOLOGICAL DATA (WS FORM: F-6)

                                          STATION:   WEST PLAINS MO
                                          MONTH:     FEBRUARY
                                          YEAR:      2019
                                          LATITUDE:   36 52 N
                                          LONGITUDE:  91 55 W

  TEMPERATURE IN F:       :PCPN:    SNOW:  WIND      :SUNSHINE: SKY     :PK WND
================================================================================
1   2   3   4   5  6A  6B    7    8   9   10  11  12  13   14  15   16   17  18
                                     12Z  AVG MX 2MIN
DY MAX MIN AVG DEP HDD CDD  WTR  SNW DPTH SPD SPD DIR MIN PSBL S-S WX    SPD DR
================================================================================

 1  54  30  42   7  23   0 0.00    M    M  3.3 10 210   M    M   7 1      13 230
 2  62  40  51  16  14   0 0.00    M    M  4.8 12 160   M    M   7 12     19 170
 3  68  47  58  23   7   0 0.00    M    M  9.8 17 170   M    M   6        27 160
 4  77  42  60  25   5   0 0.00    M    M 10.4 16 240   M    M   7        24 250
 5  52  40  46  10  19   0    T    M    M  6.0 12  30   M    M  10 12     16  10
 6  61  52  57  21   8   0 0.24    M    M  4.7 13 160   M    M  10 12     20 160
 7  61  17  39   3  26   0 0.95    M    M 10.5 23 290   M    M  10 123    36 300
 8  31  12  22 -14  43   0 0.00    M    M  7.9 17 320   M    M   0        25 290
 9  37  13  25 -11  40   0 0.00    M    M  8.1 14 120   M    M   1        22 130
10  39  29  34  -2  31   0 0.50    M    M  5.5 12 150   M    M  10 16     16 100
11  50  38  44   7  21   0 1.48    M    M  6.2 15 100   M    M  10 1      20 100
12  49  31  40   3  25   0 0.04    M    M 12.7 26 300   M    M   5 1      41 310
13  57  26  42   5  23   0 0.00    M    M  8.7 18 170   M    M   0        27 180
14  63  37  50  13  15   0 0.00    M    M 10.5 21 210   M    M   1 8      31 210
15  37  22  30  -8  35   0 0.26    M    M 10.4 21  50   M    M   8 168    27  40
16  30  22  26 -12  39   0 0.01    M    M  8.4 15 110   M    M   9 16     23 110
17  34  24  29  -9  36   0 0.02    M    M  7.3 17 300   M    M   8 16     28 280
18  36  19  28 -10  37   0 0.00    M    M  7.1 13  40   M    M   1        16 360
19  38  25  32  -7  33   0 0.96    M    M 11.3 20  80   M    M   4 136    28  90
20  48  31  40   1  25   0 0.07    M    M  5.6 17 270   M    M   7 12     23 270
================================================================================
SM  984  597       505   0  4.53    M    159.2          M      121
================================================================================
AV 49.2 29.9                               8.0 FASTST   M    M   6    MAX(MPH)
                                 MISC ---->  # 26 300               # 41  310
================================================================================
NOTES:
# LAST OF SEVERAL OCCURRENCES

COLUMN 17 PEAK WIND IN M.P.H.

PRELIMINARY LOCAL CLIMATOLOGICAL DATA (WS FORM: F-6) , PAGE 2

                                          STATION:  WEST PLAINS MO
                                          MONTH:    FEBRUARY
                                          YEAR:     2019
                                          LATITUDE:   36 52 N
                                          LONGITUDE:  91 55 W

[TEMPERATURE DATA]      [PRECIPITATION DATA]       SYMBOLS USED IN COLUMN 16

AVERAGE MONTHLY: 39.5   TOTAL FOR MONTH:   4.53    1 = FOG OR MIST
DPTR FM NORMAL:   2.8   DPTR FM NORMAL:    2.52    2 = FOG REDUCING VISIBILITY
HIGHEST:    77 ON  4    GRTST 24HR  1.48 ON 11-11      TO 1/4 MILE OR LESS
LOWEST:     12 ON  8                               3 = THUNDER
                        SNOW, ICE PELLETS, HAIL    4 = ICE PELLETS
                        TOTAL MONTH:    M          5 = HAIL
                        GRTST 24HR    M  ON   M    6 = FREEZING RAIN OR DRIZZLE
                        GRTST DEPTH:  M  ON   M    7 = DUSTSTORM OR SANDSTORM:
                                                       VSBY 1/2 MILE OR LESS
                                                   8 = SMOKE OR HAZE
[NO. OF DAYS WITH]      [WEATHER - DAYS WITH]      9 = BLOWING SNOW
                                                   X = TORNADO
MAX 32 OR BELOW:   2    0.01 INCH OR MORE:  10
MAX 90 OR ABOVE:   0    0.10 INCH OR MORE:   6
MIN 32 OR BELOW:  13    0.50 INCH OR MORE:   4
MIN  0 OR BELOW:   0    1.00 INCH OR MORE:   1

[HDD (BASE 65) ]
TOTAL THIS MO.   505    CLEAR  (SCALE 0-3)   5
DPTR FM NORMAL   -59    PTCLDY (SCALE 4-7)   8
TOTAL FM JUL 1  3208    CLOUDY (SCALE 8-10)  7
DPTR FM NORMAL   -60

[CDD (BASE 65) ]
TOTAL THIS MO.     0
DPTR FM NORMAL     0    [PRESSURE DATA]
TOTAL FM JAN 1     0    HIGHEST SLP M ON M
DPTR FM NORMAL     0    LOWEST  SLP 29.54 ON 14

[REMARKS]
