000
CXUS56 KLKN 211009
CF6WMC
PRELIMINARY LOCAL CLIMATOLOGICAL DATA (WS FORM: F-6)

                                          STATION:   WINNEMUCCA AIRPORT NV
                                          MONTH:     SEPTEMBER
                                          YEAR:      2018
                                          LATITUDE:   40 54 N
                                          LONGITUDE: 117 48 W

  TEMPERATURE IN F:       :PCPN:    SNOW:  WIND      :SUNSHINE: SKY     :PK WND
================================================================================
1   2   3   4   5  6A  6B    7    8   9   10  11  12  13   14  15   16   17  18
                                     12Z  AVG MX 2MIN
DY MAX MIN AVG DEP HDD CDD  WTR  SNW DPTH SPD SPD DIR MIN PSBL S-S WX    SPD DR
================================================================================

 1  88  42  65  -1   0   0 0.00  0.0    0  5.1 15 360   M    M   0        19 360
 2  92  41  67   2   0   2 0.00  0.0    0  6.1 14  30   M    M   0        18  90
 3  94  41  68   3   0   3 0.00  0.0    0  5.8 17  40   M    M   0        24  30
 4  95  42  69   4   0   4 0.00  0.0    0  5.5 16  40   M    M   0        22  50
 5  93  45  69   5   0   4    T  0.0    0  5.8 25  60   M    M   0        30  60
 6  93  49  71   7   0   6 0.00  0.0    0  6.4 20 220   M    M   0        24 210
 7  95  44  70   6   0   5 0.00  0.0    0  5.8 20 190   M    M   0 8      26 240
 8  91  50  71   8   0   6 0.00  0.0    0  8.1 23 220   M    M   1 8      32 220
 9  90  41  66   3   0   1 0.00  0.0    0  4.5 12 280   M    M   0        15 280
10  88  36  62   0   3   0 0.00  0.0    0  5.6 17 280   M    M   2        23 280
11  87  38  63   1   2   0 0.00  0.0    0 10.3 23 240   M    M   1 8      33 250
12  77  38  58  -4   7   0 0.00  0.0    0  9.6 28 220   M    M   0        36 210
13  75  52  64   3   1   0 0.00  0.0    0  7.4 21 240   M    M   1        25 230
14  82  47  65   4   0   0 0.00  0.0    0  4.1 18 230   M    M   3        24 250
15  79  44  62   1   3   0    T  0.0    0  6.1 24 290   M    M   3 8      29 280
16  80  29  55  -5  10   0 0.00  0.0    0  5.6 20 260   M    M   0        24 240
17  84  29  57  -3   8   0 0.00  0.0    0  4.6 15 250   M    M   0        19 250
18  82  32  57  -2   8   0 0.00  0.0    0  6.1 17 260   M    M   0        24 240
19  78  30  54  -5  11   0 0.00  0.0    0  5.6 18 270   M    M   0        24 270
20  78  29  54  -5  11   0 0.00  0.0    0  4.6 15  40   M    M   0 8      18  30
================================================================================
SM 1721  799        64  31    T      0.0 122.7          M       11
================================================================================
AV 86.1 40.0                               6.1 FASTST   M    M   1    MAX(MPH)
                                 MISC ---->  # 28 220               # 36  210
================================================================================
NOTES:
# LAST OF SEVERAL OCCURRENCES

COLUMN 17 PEAK WIND IN M.P.H.

PRELIMINARY LOCAL CLIMATOLOGICAL DATA (WS FORM: F-6) , PAGE 2

                                          STATION:  WINNEMUCCA AIRPORT NV
                                          MONTH:    SEPTEMBER
                                          YEAR:     2018
                                          LATITUDE:   40 54 N
                                          LONGITUDE: 117 48 W

[TEMPERATURE DATA]      [PRECIPITATION DATA]       SYMBOLS USED IN COLUMN 16

AVERAGE MONTHLY: 63.0   TOTAL FOR MONTH:      T    1 = FOG OR MIST
DPTR FM NORMAL:   0.8   DPTR FM NORMAL:   -0.26    2 = FOG REDUCING VISIBILITY
HIGHEST:    95 ON  7, 4 GRTST 24HR    T  ON 15-15      TO 1/4 MILE OR LESS
LOWEST:     29 ON 20,17                            3 = THUNDER
                        SNOW, ICE PELLETS, HAIL    4 = ICE PELLETS
                        TOTAL MONTH:   0.0 INCH    5 = HAIL
                        GRTST 24HR     0.0         6 = FREEZING RAIN OR DRIZZLE
                        GRTST DEPTH:   0           7 = DUSTSTORM OR SANDSTORM:
                                                       VSBY 1/2 MILE OR LESS
                                                   8 = SMOKE OR HAZE
[NO. OF DAYS WITH]      [WEATHER - DAYS WITH]      9 = BLOWING SNOW
                                                   X = TORNADO
MAX 32 OR BELOW:   0    0.01 INCH OR MORE:   0
MAX 90 OR ABOVE:   8    0.10 INCH OR MORE:   0
MIN 32 OR BELOW:   5    0.50 INCH OR MORE:   0
MIN  0 OR BELOW:   0    1.00 INCH OR MORE:   0

[HDD (BASE 65) ]
TOTAL THIS MO.    64    CLEAR  (SCALE 0-3)  20
DPTR FM NORMAL   -21    PTCLDY (SCALE 4-7)   0
TOTAL FM JUL 1    68    CLOUDY (SCALE 8-10)  0
DPTR FM NORMAL   -47

[CDD (BASE 65) ]
TOTAL THIS MO.    31
DPTR FM NORMAL     2    [PRESSURE DATA]
TOTAL FM JAN 1   779    HIGHEST SLP M ON M
DPTR FM NORMAL   240    LOWEST  SLP 29.67 ON 15

[REMARKS]
