075
CXUS56 KLKN 181009
CF6WMC
PRELIMINARY LOCAL CLIMATOLOGICAL DATA (WS FORM: F-6)

                                          STATION:   WINNEMUCCA AIRPORT NV
                                          MONTH:     OCTOBER
                                          YEAR:      2019
                                          LATITUDE:   40 54 N
                                          LONGITUDE: 117 48 W

  TEMPERATURE IN F:       :PCPN:    SNOW:  WIND      :SUNSHINE: SKY     :PK WND
================================================================================
1   2   3   4   5  6A  6B    7    8   9   10  11  12  13   14  15   16   17  18
                                     12Z  AVG MX 2MIN
DY MAX MIN AVG DEP HDD CDD  WTR  SNW DPTH SPD SPD DIR MIN PSBL S-S WX    SPD DR
================================================================================

 1  55  20  38 -16  27   0 0.00  0.0    0  4.0 13 310   M    M   2        16 290
 2  63  22  43 -11  22   0 0.00  0.0    0  4.4 10 160   M    M   0        15 170
 3  69  24  47  -6  18   0 0.00  0.0    0  6.0 21 240   M    M   1        27 230
 4  58  34  46  -7  19   0 0.04  0.0    0  6.4 24 310   M    M   3        30 310
 5  65  26  46  -6  19   0 0.00  0.0    0  7.4 16  70   M    M   0        21  70
 6  69  35  52   0  13   0 0.00  0.0    0  7.3 18  50   M    M   0        23  50
 7  77  25  51  -1  14   0 0.00  0.0    0  4.8 16 290   M    M   0        21 280
 8  78  30  54   3  11   0 0.00  0.0    0 10.3 25 250   M    M   0        34 270
 9  53  23  38 -13  27   0 0.00  0.0    0 11.5 24 340   M    M   0        32 350
10  51  10  31 -19  34   0 0.00  0.0    0  5.1 13  50   M    M   0        20 230
11  63  16  40 -10  25   0 0.00  0.0    0  6.3 13  70   M    M   0 8      16  70
12  70  15  43  -7  22   0 0.00  0.0    0  4.0 10 150   M    M   0 8      14 290
13  73  20  47  -2  18   0 0.00  0.0    0  4.1 14 300   M    M   0        21 260
14  71  23  47  -2  18   0 0.00  0.0    0  6.3 16 270   M    M   0        22 280
15  77  25  51   3  14   0 0.00  0.0    0  4.8 14 270   M    M   0        19 270
16  76  25  51   3  14   0 0.00  0.0    0  4.5 15 250   M    M   0        20 250
17  60  31  46  -2  19   0 0.01    M    0 11.0 28 290   M    M   2        36 280
================================================================================
SM 1128  404       334   0  0.05     0.0 108.2          M        8
================================================================================
AV 66.4 23.8                               6.4 FASTST   M    M   0    MAX(MPH)
                                 MISC ---->  # 28 290               # 36  280
================================================================================
NOTES:
# LAST OF SEVERAL OCCURRENCES

COLUMN 17 PEAK WIND IN M.P.H.

PRELIMINARY LOCAL CLIMATOLOGICAL DATA (WS FORM: F-6) , PAGE 2

                                          STATION:  WINNEMUCCA AIRPORT NV
                                          MONTH:    OCTOBER
                                          YEAR:     2019
                                          LATITUDE:   40 54 N
                                          LONGITUDE: 117 48 W

[TEMPERATURE DATA]      [PRECIPITATION DATA]       SYMBOLS USED IN COLUMN 16

AVERAGE MONTHLY: 45.1   TOTAL FOR MONTH:   0.05    1 = FOG OR MIST
DPTR FM NORMAL:  -5.8   DPTR FM NORMAL:   -0.30    2 = FOG REDUCING VISIBILITY
HIGHEST:    78 ON  8    GRTST 24HR  0.15 ON 30- 1      TO 1/4 MILE OR LESS
LOWEST:     10 ON 10                               3 = THUNDER
                        SNOW, ICE PELLETS, HAIL    4 = ICE PELLETS
                        TOTAL MONTH:   0.0 INCH    5 = HAIL
                        GRTST 24HR     0.0         6 = FREEZING RAIN OR DRIZZLE
                        GRTST DEPTH:   0           7 = DUSTSTORM OR SANDSTORM:
                                                       VSBY 1/2 MILE OR LESS
                                                   8 = SMOKE OR HAZE
[NO. OF DAYS WITH]      [WEATHER - DAYS WITH]      9 = BLOWING SNOW
                                                   X = TORNADO
MAX 32 OR BELOW:   0    0.01 INCH OR MORE:   2
MAX 90 OR ABOVE:   0    0.10 INCH OR MORE:   0
MIN 32 OR BELOW:  15    0.50 INCH OR MORE:   0
MIN  0 OR BELOW:   0    1.00 INCH OR MORE:   0

[HDD (BASE 65) ]
TOTAL THIS MO.   334    CLEAR  (SCALE 0-3)  17
DPTR FM NORMAL    94    PTCLDY (SCALE 4-7)   0
TOTAL FM JUL 1   561    CLOUDY (SCALE 8-10)  0
DPTR FM NORMAL   117

[CDD (BASE 65) ]
TOTAL THIS MO.     0
DPTR FM NORMAL     0    [PRESSURE DATA]
TOTAL FM JAN 1   587    HIGHEST SLP M ON M
DPTR FM NORMAL    46    LOWEST  SLP 29.58 ON 17

[REMARKS]
