000
CXUS56 KLKN 161009
CF6WMC
PRELIMINARY LOCAL CLIMATOLOGICAL DATA (WS FORM: F-6)

                                          STATION:   WINNEMUCCA AIRPORT NV
                                          MONTH:     DECEMBER
                                          YEAR:      2019
                                          LATITUDE:   40 54 N
                                          LONGITUDE: 117 48 W

  TEMPERATURE IN F:       :PCPN:    SNOW:  WIND      :SUNSHINE: SKY     :PK WND
================================================================================
1   2   3   4   5  6A  6B    7    8   9   10  11  12  13   14  15   16   17  18
                                     12Z  AVG MX 2MIN
DY MAX MIN AVG DEP HDD CDD  WTR  SNW DPTH SPD SPD DIR MIN PSBL S-S WX    SPD DR
================================================================================

 1  38  28  33   1  32   0 0.10  1.1    2  8.4 23 200   M    M   9 16     29 190
 2  37  33  35   4  30   0 0.30    T    2  4.6 12  30   M    M  10 1      13  40
 3  40  33  37   6  28   0 0.00  0.0    T  6.9 14  50   M    M  10 128    17  40
 4  36  30  33   2  32   0 0.07  0.7    T  6.6 13  50   M    M  10 1      17  40
 5  45  31  38   7  27   0 0.01    T    T  4.9 13  60   M    M   9 12     15  60
 6  45  25  35   5  30   0 0.00  0.0    0  3.8 14 280   M    M   6 128    16 280
 7  58  30  44  14  21   0 0.11  0.0    0  8.4 24 160   M    M   8 1      30 150
 8  49  31  40  10  25   0 0.01  0.0    0  8.4 17 170   M    M   8        23 170
 9  47  22  35   5  30   0 0.00  0.0    0  3.3  8 200   M    M   1         9 140
10  47  19  33   3  32   0 0.00  0.0    0  2.5 10  80   M    M   1        12 170
11  56  41  49  19  16   0 0.21  0.0    0  9.3 17 230   M    M  10 1      22 230
12  56  41  49  20  16   0 0.02  0.0    0 10.6 28 260   M    M   7        36 250
13  45  37  41  12  24   0 0.26  0.0    0  8.7 18 230   M    M   9        25 230
14  44  31  38   9  27   0 0.00  0.0    0  7.7 23 260   M    M   6        29 270
15  38  19  29   0  36   0 0.04  0.2    T  5.8 16 310   M    M   5 1      21 300
================================================================================
SM  681  451       406   0  1.13     2.0  99.9          M      109
================================================================================
AV 45.4 30.1                               6.7 FASTST   M    M   7    MAX(MPH)
                                 MISC ---->  # 28 260               # 36  250
================================================================================
NOTES:
# LAST OF SEVERAL OCCURRENCES

COLUMN 17 PEAK WIND IN M.P.H.

PRELIMINARY LOCAL CLIMATOLOGICAL DATA (WS FORM: F-6) , PAGE 2

                                          STATION:  WINNEMUCCA AIRPORT NV
                                          MONTH:    DECEMBER
                                          YEAR:     2019
                                          LATITUDE:   40 54 N
                                          LONGITUDE: 117 48 W

[TEMPERATURE DATA]      [PRECIPITATION DATA]       SYMBOLS USED IN COLUMN 16

AVERAGE MONTHLY: 37.7   TOTAL FOR MONTH:   1.13    1 = FOG OR MIST
DPTR FM NORMAL:   7.6   DPTR FM NORMAL:    0.70    2 = FOG REDUCING VISIBILITY
HIGHEST:    58 ON  7    GRTST 24HR  0.30 ON  2- 2      TO 1/4 MILE OR LESS
LOWEST:     19 ON 15,10                            3 = THUNDER
                        SNOW, ICE PELLETS, HAIL    4 = ICE PELLETS
                        TOTAL MONTH:   2.0 INCHES  5 = HAIL
                        GRTST 24HR   1.1 ON  1- 1  6 = FREEZING RAIN OR DRIZZLE
                        GRTST DEPTH:   2 ON  2, 1  7 = DUSTSTORM OR SANDSTORM:
                                                       VSBY 1/2 MILE OR LESS
                                                   8 = SMOKE OR HAZE
[NO. OF DAYS WITH]      [WEATHER - DAYS WITH]      9 = BLOWING SNOW
                                                   X = TORNADO
MAX 32 OR BELOW:   0    0.01 INCH OR MORE:  10
MAX 90 OR ABOVE:   0    0.10 INCH OR MORE:   5
MIN 32 OR BELOW:  10    0.50 INCH OR MORE:   0
MIN  0 OR BELOW:   0    1.00 INCH OR MORE:   0

[HDD (BASE 65) ]
TOTAL THIS MO.   406    CLEAR  (SCALE 0-3)   2
DPTR FM NORMAL  -117    PTCLDY (SCALE 4-7)   6
TOTAL FM JUL 1  2122    CLOUDY (SCALE 8-10)  7
DPTR FM NORMAL    31

[CDD (BASE 65) ]
TOTAL THIS MO.     0
DPTR FM NORMAL     0    [PRESSURE DATA]
TOTAL FM JAN 1   579    HIGHEST SLP M ON M
DPTR FM NORMAL    38    LOWEST  SLP 29.78 ON 14

[REMARKS]
