457
CXUS51 KPHI 241435
CLA55N


CLIMATE REPORT
NATIONAL WEATHER SERVICE MOUNT HOLLY NJ
932 AM EST WED JAN 24 2018

...................................

...THE ATLANTIC CITY MARINA CLIMATE SUMMARY FOR THE YEAR OF 2017...

CLIMATE NORMAL PERIOD 1981 TO 2010
CLIMATE RECORD PERIOD 9999 TO 9999

WEATHER         OBSERVED          NORMAL  DEPART
                 VALUE   DATE(S)  VALUE   FROM
                                          NORMAL
................................................
TEMPERATURE (F)
RECORD
 HIGH              MM   MM
 LOW                5   01/07/2018
HIGHEST            90   07/12        MM      MM
LOWEST             12   12/31        MM      MM
AVG. MAXIMUM     62.1              61.6     0.5
AVG. MINIMUM     51.3              49.5     1.8
MEAN             56.7              55.6     1.1
DAYS MAX >= 90      1               4.7    -3.7
DAYS MAX <= 32     12               8.4     3.6
DAYS MIN <= 32     50              57.0    -7.0
DAYS MIN <= 0       0               0.0     0.0

PRECIPITATION (INCHES)
RECORD
 MAXIMUM           MM   MM
TOTALS          46.65             40.01    6.64
DAILY AVG.       0.13                MM      MM
DAYS >= .01       114             109.8     4.2
DAYS >= .10        63              67.6    -4.6
DAYS >= .50        27              27.5    -0.5
DAYS >= 1.00       16              10.9     5.1
GREATEST
 24 HR. TOTAL    3.25   MM
 STORM TOTAL       MM
 (MM/DD(HH))            MM

DEGREE_DAYS
HEATING TOTAL    3993              4457    -464
 SINCE 7/1       1413              1491     -78
COOLING TOTAL    1090              1020      70
 SINCE 1/1       1090              1020      70

FREEZE DATES
RECORD
 EARLIEST     MM
 LATEST       MM
EARLIEST                        MM
LATEST                          MM
.................................................

WIND (MPH)
AVERAGE WIND SPEED              8.4
HIGHEST WIND SPEED/DIRECTION    37/080
HIGHEST GUST SPEED/DIRECTION    54/080

SKY COVER
POSSIBLE SUNSHINE (PERCENT)    0
AVERAGE SKY COVER           0.00
NUMBER OF DAYS FAIR            3
NUMBER OF DAYS PC              0
NUMBER OF DAYS CLOUDY          0

AVERAGE RH (PERCENT)      0


-  INDICATES NEGATIVE NUMBERS.
R  INDICATES RECORD WAS SET OR TIED.
MM INDICATES DATA IS MISSING.
T  INDICATES TRACE AMOUNT.

$$
