000
CXUS52 KCAE 012124
CLAAGS


CLIMATE REPORT
NATIONAL WEATHER SERVICE COLUMBIA SC
406 PM EST TUE JAN 1 2019

...................................

...THE AUGUSTA REGIONAL BUSH FIELD GA CLIMATE SUMMARY FOR THE YEAR OF 2018...

CLIMATE NORMAL PERIOD 1981 TO 2010
CLIMATE RECORD PERIOD 1873 TO 2018

WEATHER         OBSERVED          NORMAL  DEPART  LAST YEAR`S
                 VALUE   DATE(S)  VALUE   FROM    VALUE  DATE(S)
                                          NORMAL
................................................................
TEMPERATURE (F)
RECORD
 HIGH             108   08/10/2007
                        08/21/1983
 LOW               -1   01/21/1985
HIGHEST            98   06/20        MM      MM       98  08/16
                                                          07/20
                                                          07/07
LOWEST             14   01/07        MM      MM       23  12/16
                                                          03/16
AVG. MAXIMUM     77.7              76.9     0.8     80.3
AVG. MINIMUM     53.9              51.0     2.9     55.1
MEAN             65.8              63.9     1.9     67.7
DAYS MAX >= 90    108              82.0    26.0      121
DAYS MAX <= 32      0               0.3    -0.3        0
DAYS MIN <= 32     46              51.2    -5.2       29
DAYS MIN <= 0       0               0.0     0.0        0

PRECIPITATION (INCHES)
RECORD
 MAXIMUM        73.82   1929
 MINIMUM        28.05   1933
TOTALS          54.84             43.57   11.27    44.96
DAILY AVG.       0.15              0.12    0.03     0.12
DAYS >= .01       138             104.8    33.2      102
DAYS >= .10        84              67.9    16.1       61
DAYS >= .50        39              28.6    10.4       31
DAYS >= 1.00       18              12.4     5.6       14
GREATEST
 24 HR. TOTAL    2.48   10/11 TO 10/11

SNOWFALL (INCHES)
RECORDS
 TOTAL           14.0   1973
 24 HR TOTAL       MM
 SNOW DEPTH        14   02/10/1973
TOTALS              T               0.9    -0.9        T
 LIQUID EQUIV      MM              0.10      MM       MM
SINCE 7/1         0.0               0.1    -0.1      0.0
 LIQUID 7/1      0.00              0.00    0.00     0.00
SNOWDEPTH AVG.      0                MM      MM        0
DAYS >= TRACE       1               0.4     0.6        1
DAYS >= 1.0         0               0.3    -0.3        0
GREATEST
 SNOW DEPTH         0   MM                             0  MM
 24 HR TOTAL        T   01/17 TO 01/17

DEGREE_DAYS
HEATING TOTAL    2181              2470    -289     1606
 SINCE 7/1        852               975    -123      836
COOLING TOTAL    2547              2088     459     2703
 SINCE 1/1       2547              2089     458     2703

FREEZE DATES
RECORD
 EARLIEST     MM
 LATEST       MM
EARLIEST                        MM
LATEST                          MM
.................................................................

WIND (MPH)
AVERAGE WIND SPEED              5.2
RESULTANT WIND SPEED/DIRECTION   1/254
HIGHEST WIND SPEED/DIRECTION    38/300    DATE  03/01
HIGHEST GUST SPEED/DIRECTION    54/270    DATE  06/24

SKY COVER
POSSIBLE SUNSHINE (PERCENT)   MM
AVERAGE SKY COVER           0.40
NUMBER OF DAYS FAIR          206
NUMBER OF DAYS PC             98
NUMBER OF DAYS CLOUDY         61

AVERAGE RH (PERCENT)     72

WEATHER CONDITIONS. NUMBER OF DAYS WITH
THUNDERSTORM             71     MIXED PRECIP               0
HEAVY RAIN               68     RAIN                      64
LIGHT RAIN              167     FREEZING RAIN              0
LT FREEZING RAIN          0     HAIL                       0
HEAVY SNOW                0     SNOW                       0
LIGHT SNOW                1     SLEET                      0
FOG                     270     FOG W/VIS <= 1/4 MILE     77
HAZE                     64

-  INDICATES NEGATIVE NUMBERS.
R  INDICATES RECORD WAS SET OR TIED.
MM INDICATES DATA IS MISSING.
T  INDICATES TRACE AMOUNT.

$$
