000
CXUS51 KALY 012014
CLAALB

ALBCLMALB 000
TTAA00 KALY 012013


CLIMATE REPORT
NATIONAL WEATHER SERVICE ALBANY NY
312 PM EST TUE JAN 1 2019

...................................

...THE ALBANY NY CLIMATE SUMMARY FOR THE YEAR OF 2018...

CLIMATE NORMAL PERIOD 1981 TO 2010
CLIMATE RECORD PERIOD 1874 TO 2018

WEATHER         OBSERVED          NORMAL  DEPART  LAST YEAR`S
                 VALUE   DATE(S)  VALUE   FROM    VALUE  DATE(S)
                                          NORMAL
................................................................
TEMPERATURE (F)
RECORD
 HIGH             104   07/04/1911
 LOW              -28   01/19/1971
HIGHEST            97   07/02                         95  06/12
                        07/01
                        06/18
LOWEST            -10   01/01                         -5  12/28
AVG. MAXIMUM     59.0              57.9     1.1     59.6
AVG. MINIMUM     41.3              38.7     2.6     40.8
MEAN             50.2              48.3     1.9     50.2
DAYS MAX >= 90     20               7.1    12.9        8
DAYS MAX <= 32     33              42.8    -9.8       34
DAYS MIN <= 32    144             135.0     9.0      117
DAYS MIN <= 0       4               7.6    -3.6        5

PRECIPITATION (INCHES)
RECORD
 MAXIMUM        56.78   1871
 MINIMUM        21.55   1964
TOTALS          44.28             39.35    4.93    40.16
DAYS >= .01       151             137.8    13.2      143
DAYS >= .10        99              79.3    19.7       80
DAYS >= .50        31              26.6     4.4       31
DAYS >= 1.00        9               7.4     1.6        8
GREATEST
 24 HR. TOTAL    2.26   09/18 TO 09/18

SNOWFALL (INCHES)
RECORDS
 24 HR TOTAL     30.4   03/12/1888 TO 03/12/1888
 SNOW DEPTH        36   01/01/1970
                        12/29/1969
                        12/28/1969
TOTALS           78.9              60.3    18.6     58.5
SNOWDEPTH AVG.      1
DAYS >= TRACE      89              34.8    54.2       73
DAYS >= 1.0        17              14.7     2.3       12
GREATEST
 SNOW DEPTH        14   03/14                         15  03/15
 24 HR TOTAL     11.9   03/02 TO 03/02

DEGREE_DAYS
HEATING TOTAL    6339              6680    -341     5998
 SINCE 7/1         MM              2535      MM       MM
COOLING TOTAL    1058               597     461      714
 SINCE 1/1       1058               598     460      714

FREEZE DATES
RECORD
 EARLIEST     09/24/1963
 LATEST       05/27/1969
EARLIEST                        10/10
LATEST                          04/28
.................................................................

WIND (MPH)
AVERAGE WIND SPEED              7.5
HIGHEST WIND SPEED/DIRECTION    39/310    DATE  07/27
HIGHEST GUST SPEED/DIRECTION    52/290    DATE  02/02


WEATHER CONDITIONS. NUMBER OF DAYS WITH
THUNDERSTORM             24     MIXED PRECIP               0
HEAVY RAIN               18     RAIN                      51
LIGHT RAIN              159     FREEZING RAIN              0
LT FREEZING RAIN         11     HAIL                       2
HEAVY SNOW                3     SNOW                      25
LIGHT SNOW               79     SLEET                     14
FOG                     170     FOG W/VIS <= 1/4 MILE     22
HAZE                     21

-  INDICATES NEGATIVE NUMBERS.
R  INDICATES RECORD WAS SET OR TIED.
MM INDICATES DATA IS MISSING.
T  INDICATES TRACE AMOUNT.

$$
