000
CXUS51 KCTP 011312
CLAAOO

CLIMATE REPORT
NATIONAL WEATHER SERVICE STATE COLLEGE PA
806 AM EST MON JAN 1 2018

...................................

...THE ALTOONA CLIMATE SUMMARY FOR THE YEAR OF 2017...

CLIMATE NORMAL PERIOD 1981 TO 2010
CLIMATE RECORD PERIOD 1948 TO 2017

WEATHER         OBSERVED          NORMAL  DEPART
                 VALUE   DATE(S)  VALUE   FROM
                                          NORMAL
................................................
TEMPERATURE (F)
RECORD
 HIGH             103   07/22/2011
 LOW              -20   01/17/1982
HIGHEST            92   06/13        MM      MM
LOWEST              5   12/29        MM      MM
                        12/28
AVG. MAXIMUM     61.7              58.8     2.9
AVG. MINIMUM     43.0              39.8     3.2
MEAN             52.4              49.4     3.0
DAYS MAX >= 90      4                MM      MM
DAYS MAX <= 32     28                MM      MM
DAYS MIN <= 32     98                MM      MM
DAYS MIN <= 0       0                MM      MM

PRECIPITATION (INCHES)
RECORD
 MAXIMUM        57.32   1972
 MINIMUM        20.46   2013
TOTALS          39.75             35.64    4.11
DAILY AVG.       0.11              0.10    0.01
DAYS >= .01       152                MM      MM
DAYS >= .10        87                MM      MM
DAYS >= .50        24                MM      MM
DAYS >= 1.00        6                MM      MM
GREATEST
 24 HR. TOTAL    2.20   MM
 STORM TOTAL       MM
 (MM/DD(HH))            MM

DEGREE_DAYS
HEATING TOTAL    5154              6218   -1064
 SINCE 7/1       2144              2384    -240
COOLING TOTAL     655               531     124
 SINCE 1/1        655               531     124

FREEZE DATES
RECORD
 EARLIEST     09/21/1956
 LATEST       06/01/1966
EARLIEST                        MM
LATEST                          MM
.................................................

WIND (MPH)
AVERAGE WIND SPEED              7.2
HIGHEST WIND SPEED/DIRECTION    40/270    DATE  03/08
HIGHEST GUST SPEED/DIRECTION    55/310    DATE  02/12

SKY COVER
POSSIBLE SUNSHINE (PERCENT)   MM
AVERAGE SKY COVER           0.50
NUMBER OF DAYS FAIR          137
NUMBER OF DAYS PC            127
NUMBER OF DAYS CLOUDY        100

AVERAGE RH (PERCENT)     70

WEATHER CONDITIONS. NUMBER OF DAYS WITH
MISSING

-  INDICATES NEGATIVE NUMBERS.
R  INDICATES RECORD WAS SET OR TIED.
MM INDICATES DATA IS MISSING.
T  INDICATES TRACE AMOUNT.

$$

LA CORTE
