000
CXUS51 KGYX 091829 CCA
CLAAUG

PWMCLMAUG 000
TTAA00 KGYX 031520


CLIMATE REPORT
NATIONAL WEATHER SERVICE GRAY ME
1244 PM EST TUE JAN 9 2018

...................................

...THE AUGUSTA CLIMATE SUMMARY FOR THE YEAR OF 2017...

CLIMATE NORMAL PERIOD 1981 TO 2010
CLIMATE RECORD PERIOD 1948 TO 2018

WEATHER         OBSERVED          NORMAL  DEPART  LAST YEAR`S
                 VALUE   DATE(S)  VALUE   FROM    VALUE  DATE(S)
                                          NORMAL
................................................................
TEMPERATURE (F)
RECORD
 HIGH             100   08/05/1955
 LOW              -23   02/02/1962
HIGHEST            93   05/18        93       0       94  08/11
LOWEST            -15   12/29       -10      -5      -10  02/14
AVG. MAXIMUM     55.4              54.7     0.7     56.6
AVG. MINIMUM     37.8              36.8     1.0     37.9
MEAN             46.6              45.7     0.9     47.2
DAYS MAX >= 90      3               4.8    -1.8        7
DAYS MAX <= 32     54              57.5    -3.5       46
DAYS MIN <= 32    141             145.4    -4.4      145
DAYS MIN <= 0       8              11.0    -3.0        9

PRECIPITATION (INCHES)
RECORD
 MAXIMUM        57.31   2005
 MINIMUM        25.79   2001
TOTALS          40.53             41.88   -1.35    35.25
DAILY AVG.       0.11              0.11    0.00     0.10
DAYS >= .01       137             135.4     1.6      118
DAYS >= .10        84              79.1     4.9       67
DAYS >= .50        23              26.7    -3.7       24
DAYS >= 1.00       11               9.2     1.8        8
GREATEST
 24 HR. TOTAL    2.52   10/25 TO 10/26

DEGREE_DAYS
HEATING TOTAL    7041              7422    -381     6916
 SINCE 7/1       2598              2755    -157     2557
COOLING TOTAL     446               388      58      530
.................................................................

WIND (MPH)
AVERAGE WIND SPEED              6.8
HIGHEST WIND SPEED/DIRECTION    40/120    DATE  10/30
HIGHEST GUST SPEED/DIRECTION    61/030    DATE  03/14

SKY COVER
AVERAGE SKY COVER           0.50

AVERAGE RH (PERCENT)     68

WEATHER CONDITIONS. NUMBER OF DAYS WITH
THUNDERSTORM             14     HEAVY RAIN                19
RAIN                     46     LIGHT RAIN               115
FREEZING RAIN             5     LT FREEZING RAIN          10
HEAVY SNOW                7     SNOW                      11
LIGHT SNOW               55     FOG                      179
FOG W/VIS <= 1/4 MILE    57     HAZE                      40

-  INDICATES NEGATIVE NUMBERS.
R  INDICATES RECORD WAS SET OR TIED.
MM INDICATES DATA IS MISSING.
T  INDICATES TRACE AMOUNT.

&&

THE YEAR 2017 WAS WARMER AND WETTER THAN NORMAL. IT FEATURED A VERY
WARM JANUARY, A MARCH BLIZZARD, A COLD SPRING, A WARM FALL, HEAVY
RAINS AND WINDS IN OCTOBER, AND A VERY COLD DECEMBER.

THE YEAR STARTED OUT WITH SOME WARMER THAN NORMAL WEATHER. ALTHOUGH
A COLD FRONT ON JANUARY 5 BROUGHT A FEW DAYS OF COLD WEATHER, THE
JANUARY THAW COMMENCED SOON AFTER WITH THE TEMPERATURE PEAKING AT 52
DEGREES ON JANUARY 11. ALTHOUGH THERE WERE A FEW MORE PERIODS OF
COLD AND WINTRY PRECIPITATION, THE WARM TREND CONTINUED INTO
FEBRUARY. IN MID FEBRUARY A REMARKABLY COLD AND SNOWY STRETCH OF
WEATHER WAS OBSERVED. SNOW WAS OBSERVED ON 11 STRAIGHT DAYS FROM
FEBRUARY 6 THRU 16 ALONG WITH SOME COLD TEMPERATURES. BUT ONCE THIS
SNOWY WEATHER ENDED, THE WARMTH RETURNED AGAIN IN A HURRY. THE
TEMPERATURE TOPPED 45 DEGREES FOR 9 STRAIGHT DAYS FROM FEBRUARY 22
THRU MARCH 2, INCLUDING 4 STRAIGHT DAYS IN THE 50S IN LATE FEBRUARY.

A COLD FRONT ON MARCH 2 BROUGHT MUCH COLDER AIR INTO THE AREA WITH 3
STRAIGHT DAYS WITH LOW TEMPERATURES IN THE SINGLE DIGITS. ALTHOUGH
THE TEMPERATURE WARMED UP TO 50 AGAIN ON MARCH 8, THE COLD QUICKLY
RETURNED. THE TEMPERATURE DID NOT WARM ABOVE FREEZING FOR 7 STRAIGHT
DAYS FROM MARCH 10 THRU 16, WITH A SIGNIFICANT SNOWSTORM BRINGING
HEAVY SNOW AND 61 MPH WINDS CREATING BLIZZARD CONDITIONS ON MARCH
14. ALTHOUGH THE EXTREME COLD GRADUALLY LESSENED, THE COLDER THAN
NORMAL WEATHER CONTINUED INTO EARLY APRIL WHEN ANOTHER SNOWSTORM
ARRIVED ON APRIL 1. THIS ULTIMATELY PROVED TO BE THE LAST GASPS OF
WINTER AS MUCH WARMER WEATHER SOON ARRIVED. BUILDING WARMTH IN THE
CENTER OF THE COUNTRY BEGAN OCCASIONALLY SPILLING INTO NEW ENGLAND.
THE TEMPERATURE HIT 70 DEGREES ON APRIL 10 AND 79 DEGREES THE NEXT
DAY. NOT TO BE OUTDONE, IT WARMED TO 81 DEGREES ON EASTER SUNDAY,
APRIL 16. SPRING BECAME A BATTLE BETWEEN THE BUILDING WARMTH IN THE
INTERIOR OF THE COUNTRY AND THE COOL, MOIST INFLUENCE OF THE GULF OF
MAINE. FOR SEVERAL WEEKS MOST DAYS WERE COOL WITH FREQUENT LIGHT
RAINFALL, BUT THE WARM AIR MADE PERIODIC BREAK THROUGHS. THE LAST
FREEZE OF THE SEASON CAME ON APRIL 19, JUST A FEW DAYS LATER THAN
NORMAL. RAIN WAS OBSERVED ON 10 OUT OF 12 DAYS FROM APRIL 30 THRU
MAY 11. A FEW OF THE WARMER BREAKS INCLUDED 79 DEGREES ON APRIL 29
AND 93 DEGREES ON MAY 18 (THE HOTTEST TEMPERATURE OF 2017).

BY THE MIDDLE OF JUNE THE WARMER PERIODS BECAME MORE FREQUENT AND
LONG LASTING. A MINI HEAT WAVE BROUGHT TWO DAYS OF 90 DEGREE HEAT ON
JUNE 11 AND 12, SIGNALING THAT THE WARM AIR WAS WINNING THE BATTLE.
THE MOST SUSTAINED WARMTH OF THE SUMMER CAME IN MID JULY WHEN THE
TEMPERATURE REACHED 80 DEGREES OR WARMER ON 6 OUT OF 7 DAYS FROM
JULY 16 THRU 22. THE LAST HALF OF THE SUMMER SAW SEVERAL DRY AIR
MASSES MOVE IN, ALLOWING TEMPERATURES AT NIGHT TO FALL BELOW NORMAL
WHILE DAYTIME HIGH TEMPERATURES WERE OFTEN NEAR NORMAL. A COLD FRONT
ON AUGUST 18 BROUGHT MORE THAN AN INCH OF RAINFALL, THE MOST
RAINFALL OBSERVED IN WHAT WOULD OTHERWISE BE A DRY SUMMER. COOLER,
FALL-LIKE TEMPERATURES WERE OBSERVED FOR THE LAST WEEK OF AUGUST AND
INTO THE FIRST FEW DAYS OF SEPTEMBER.

AFTER A FEW COOL DAYS IN EARLY SEPTEMBER AND SOME BENEFICIAL
RAINFALL, A NEW WEATHER PATTERN EMERGED FEATURING A RIDGE OF HIGH
PRESSURE OVER THE WESTERN ATLANTIC. THIS ALLOWED WARM, OFTEN HUMID
CONDITIONS TO MOVE UP INTO NEW ENGLAND FOR MUCH OF THE FALL. THIS
WARMTH PEAKED IN LATE SEPTEMBER WHEN THE TEMPERATURE TOPPED 85
DEGREES FOR 4 STRAIGHT DAYS FROM SEPTEMBER 24 THRU 27. ALTHOUGH THE
SUMMER-LIKE WARMTH DID NOT RETURN, THE OVERALL WARM TREND CONTINUED
THROUGH OCTOBER. A FEW PERIODIC COLD FRONTS WOULD BRING BRIEFLY
COOLER WEATHER, BUT THE WARMTH WOULD KEEP RETURNING. IT ENDED UP
BEING THE WARMEST OCTOBER ON RECORD AT AUGUSTA. THINGS BEGAN SHOWING
SIGNS OF CHANGE AT THE END OF OCTOBER. TWO STRONG LOW PRESSURE
SYSTEMS BROUGHT HEAVY RAINFALL IN THE LAST WEEK OF OCTOBER. THE
FIRST BROUGHT MORE THAN 5 INCHES OF RAIN ON OCTOBER 24 THRU 26. THE
SECOND BROUGHT MORE WIND THAN RAIN WITH MORE THAN 1.5 INCHES OF RAIN
AND WINDS GUSTING TO 60 MPH ON OCTOBER 29 AND 30. THESE STRONG WINDS
CAUSED SIGNIFICANT DAMAGE IN THE AREA WITH SOME POWER OUTAGES
CONTINUING THROUGH HALLOWEEN.

ALTHOUGH FALL WARMTH CONTINUED INTO THE FIRST FEW DAYS OF NOVEMBER,
COLDER WEATHER WAS ON ITS WAY. A COLD FRONT ON NOVEMBER 6 BROUGHT
THE FIRST SURGE OF COLDER AIR, WITH AUGUSTA OBSERVING ITS FIRST
FREEZE OF THE SEASON ON NOVEMBER 7, ABOUT A MONTH LATER THAN NORMAL
AND THE LATEST DATE OF THE FIRST FALL FREEZE ON RECORD. THE
FOLLOWING TABLE LISTS THE LATEST DATES OF THE FIRST FALL FREEZE AT
AUGUSTA.

LATEST DATE OF FIRST FALL FREEZE (SINCE 1948)...
RANK  DATE
1     NOV 7, 2017 <===
2     NOV 2, 2014
3     OCT 31, 1971
      OCT 31, 1968
5     OCT 30, 1966

ANOTHER COLD FRONT BROUGHT EVEN MORE COLD AIR STRAIGHT OUT OF THE
ARCTIC A FEW DAYS LATER, WITH AUGUSTA DROPPING ALL THE WAY DOWN TO
20 DEGREES ON NOVEMBER 10 AND 11. ALTHOUGH THE EXTREME COLD
GRADUALLY LESSENED, A SERIES OF COLD FRONTS KEPT BRINGING MORE COLD
AIR INTO THE AREA. THERE WAS A BRIEF BREAK IN EARLY DECEMBER WHEN
AUGUSTA SAW 50 DEGREES FOR TWO STRAIGHT DAYS. A STORM SYSTEM ON
DECEMBER 12 BROUGHT SNOW CHANGED TO FREEZING RAIN, WITH COLD AIR
POURING IN BEHIND THE STORM. THE TEMPERATURE DID NOT RISE ABOVE
FREEZING AGAIN FOR 7 STRAIGHT DAYS. MORE SNOW AND FREEZING RAIN CAME
ON DECEMBER 22 AND 23, WITH EVEN MORE SNOW ON CHRISTMAS MORNING.
VERY COLD AIR AGAIN POURED IN BEHIND THE CHRISTMAS DAY SNOWSTORM,
WITH THE TEMPERATURE NOT RISING ABOVE FREEZING FOR THE REST OF THE
YEAR. IN FACT, THE LAST 5 DAYS OF 2017 DID NOT WARM ABOVE 11
DEGREES, WITH EACH NIGHT FALLING WELL BELOW ZERO. THE TEMPERATURE OF
15 BELOW ZERO ON DECEMBER 29 WAS THE COLDEST TEMPERATURE EVER
RECORDED IN THE MONTH OF DECEMBER. THE TABLE BELOW LISTS THE COLDEST
TEMPERATURES OBSERVED IN DECEMBER AT AUGUSTA.

COLDEST TEMPERATURES IN DECEMBER (SINCE 1948)...
RANK  TEMP  DATE
1     -15   DEC 29, 2017 <===
      -15   DEC 31, 1962
3     -14   DEC 30, 2017 <===
      -14   DEC 30, 1962
5     -13   DEC 26, 1968

THE AVERAGE TEMPERATURE FOR THE YEAR WAS 46.6 DEGREES WHICH WAS 0.9
DEGREES ABOVE NORMAL. THE WARMEST YEAR ON RECORD WAS 1999 WHEN THE
AVERAGE TEMPERATURE WAS 49.3 DEGREES. THE COOLEST WAS IN 1968 WHEN
IT WAS 42.8 DEGREES. THE FOLLOWING TABLE LISTS THE AVERAGE
TEMPERATURES FOR EACH MONTH OF 2017 INCLUDING DEPARTURES FROM NORMAL.

AVERAGE TEMPERATURES BY MONTH IN 2017
MONTH      MAXIMUM       MINIMUM      AVERAGE      NOTES
JANUARY    33.6 (+6.0)   19.8 (+8.8)  26.7 (+7.4)  4TH WARMEST
FEBRUARY   35.0 (+3.2)   18.0 (+3.5)  26.5 (+3.3)  10TH WARMEST
MARCH      34.3 (-6.1)   18.4 (-5.0)  26.3 (-5.6)  6TH COLDEST
APRIL      55.1 (+2.0)   37.4 (+2.8)  46.2 (+2.3)
MAY        61.7 (-3.5)   44.8 (+0.2)  53.3 (-1.6)
JUNE       74.7 (+0.9)   55.0 (+0.8)  64.8 (+0.8)
JULY       79.2  (0.0)   59.4 (-0.5)  69.3 (-0.2)
AUGUST     77.2 (-0.8)   57.7 (-0.8)  67.5 (-0.8)
SEPTEMBER  74.5 (+4.9)   55.2 (+4.7)  64.9 (+4.9)  4TH WARMEST
OCTOBER    66.0 (+8.8)   46.3 (+6.7)  56.2 (+7.8)  WARMEST
NOVEMBER   45.0 (-0.2)   28.2 (-2.4)  36.6 (-1.3)
DECEMBER   28.2 (-5.3)   13.4 (-5.2)  20.8 (-5.3)  8TH COLDEST
ANNUAL     55.4 (+0.7)   37.8 (+1.0)  46.6 (+0.9)

A TOTAL OF 40.53 INCHES OF PRECIPITATION FELL WHICH WAS 1.35 INCHES
BELOW NORMAL BUT THE WETTEST YEAR SINCE 2014. THE HEAVIEST
PRECIPITATION FELL IN THE LAST WEEK OF OCTOBER WHEN TWO STORM
SYSTEMS BROUGHT MORE THAN 6 INCHES OF RAINFALL. THE DRIEST YEAR ON
RECORD WAS IN 2001 WHEN ONLY 25.79 INCHES OF PRECIPITATION WAS
REPORTED. THE WETTEST WAS IN 2005 WHEN 57.31 INCHES FELL. THE
FOLLOWING TABLE LISTS THE PRECIPITATION AMOUNTS FOR EACH MONTH OF
2017 INCLUDING DEPARTURES FROM NORMAL.

MONTHLY PRECIPITATION TOTALS FOR 2017
MONTH      PRECIPITATION   NOTES
JANUARY    2.74  (+0.13)
FEBRUARY   3.74  (+1.31)
MARCH      3.49  (+0.12)
APRIL      3.98  (+0.19)
MAY        5.00  (+1.31)
JUNE       2.04  (-1.52)
JULY       1.53  (-1.89)
AUGUST     2.67  (-0.64)
SEPTEMBER  2.98  (-0.76)
OCTOBER    7.29  (+2.93)
NOVEMBER   2.15  (-2.21)   8TH DRIEST
DECEMBER   2.92  (-0.32)
ANNUAL     40.53 (-1.35)

THERE WERE 11 DAYS WITH AT LEAST 1.00 INCH OF PRECIPITATION. THIS
WAS 1.8 DAYS MORE THAN NORMAL. THE FOLLOWING TABLE LISTS THE DAYS
WHICH RECEIVED AT LEAST 1.00 INCH OF PRECIPITATION IN 2017.

DAYS WITH AT LEAST 1.00 INCH OF PRECIPITATION IN 2017
DAYS          PRECIPITATION
JANUARY 24    1.12
FEBRUARY 13   1.43
MARCH 14      2.12
APRIL 26      1.22
MAY 14        1.07
MAY 26        1.06
AUGUST 18     1.12
SEPTEMBER 5   1.17
OCTOBER 25    2.28
OCTOBER 26    2.50
OCTOBER 30    1.30

CLIMATE INFORMATION FROM AUGUSTA IS TAKEN DIRECTLY FROM THE
AUTOMATED SURFACE OBSERVING SYSTEM AT THE AUGUSTA STATE AIRPORT.
SNOWFALL DATA IS NOT AVAILABLE AS THE AUTOMATED SYSTEM DOES NOT
REPORT SNOWFALL AMOUNTS AND SUPPLEMENTAL SNOWFALL OBSERVATIONS ARE
NOT AVAILABLE.

THE FOLLOWING DAILY RECORDS WERE SET OR TIED IN 2017...
JAN 12  38   - WARMEST LOW TEMPERATURE       35 IN 2014
JAN 13  48   - WARMEST HIGH TEMPERATURE      48 IN 2006 /TIED/
FEB 24  37   - WARMEST LOW TEMPERATURE       36 IN 1985
MAR 1   36   - WARMEST LOW TEMPERATURE       36 IN 1999 AND 1998 /TIED/
MAR 11  14   - COLDEST HIGH TEMPERATURE      22 IN 1960
MAR 11  -4   - COLDEST LOW TEMPERATURE       0 IN 2005 AND 1953
APR 10  70   - WARMEST HIGH TEMPERATURE      69 IN 1955
APR 11  79   - WARMEST HIGH TEMPERATURE      72 IN 1987
APR 12  44   - WARMEST LOW TEMPERATURE       42 IN 2014
APR 16  81   - WARMEST HIGH TEMPERATURE      77 IN 2012 AND 1976
APR 26  1.22 - MOST PRECIPITATION            0.64 IN 1994
APR 28  49   - WARMEST LOW TEMPERATURE       49 IN 2011 AND 1981 /TIED/
APR 29  79   - WARMEST HIGH TEMPERATURE      76 IN 1986
MAY 14  47   - COLDEST HIGH TEMPERATURE      48 IN 1962
MAY 14  1.07 - MOST PRECIPITATION            0.88 IN 2002
MAY 18  93   - WARMEST HIGH TEMPERATURE      86 IN 1989
MAY 18  59   - WARMEST LOW TEMPERATURE       59 IN 1986 /TIED/
MAY 26  1.06 - MOST PRECIPITATION            0.82 IN 2005 /TIED/
JUN 5   57   - COLDEST HIGH TEMPERATURE      57 IN 1992 /TIED/
JUN 11  91   - WARMEST HIGH TEMPERATURE      91 IN 1984 /TIED/
JUN 12  91   - WARMEST HIGH TEMPERATURE      88 IN 1996 AND OTHERS
AUG 18  63   - COLDEST HIGH TEMPERATURE      65 IN 1979
SEP 1   62   - COLDEST HIGH TEMPERATURE      62 IN 1994 /TIED/
SEP 20  65   - WARMEST LOW TEMPERATURE       63 IN 2016 AND 1976
SEP 24  87   - WARMEST HIGH TEMPERATURE      85 IN 1961
SEP 25  88   - WARMEST HIGH TEMPERATURE      85 IN 2007
SEP 27  85   - WARMEST HIGH TEMPERATURE      82 IN 2014
OCT 8   61   - WARMEST LOW TEMPERATURE       55 IN 1969
OCT 10  60   - WARMEST LOW TEMPERATURE       58 IN 1992 AND 1967
OCT 24  55   - WARMEST LOW TEMPERATURE       55 IN 2001 AND 1959 /TIED/
OCT 25  60   - WARMEST LOW TEMPERATURE       50 IN 1991 AND 1959
OCT 25  2.28 - MOST PRECIPITATION            2.02 IN 1951
OCT 26  2.50 - MOST PRECIPITATION            1.99 IN 2008
NOV 11  34   - COLDEST HIGH TEMPERATURE      35 IN 1987 AND 1957
DEC 28  3    - COLDEST HIGH TEMPERATURE      9 IN 1951
DEC 29  2    - COLDEST HIGH TEMPERATURE      7 IN 1993
DEC 29  -15  - COLDEST LOW TEMPERATURE       -7 IN 1993
DEC 30  9    - COLDEST HIGH TEMPERATURE      11 IN 1987 AND OTHERS
DEC 30  -14  - COLDEST LOW TEMPERATURE       -14 IN 1962 /TIED/

$$

KIMBLE
