000
CXUS53 KGRB 041440
CLAAUW

CLIMATE REPORT
NATIONAL WEATHER SERVICE GREEN BAY
840 AM CST FRI JAN 4 2019

...TIED 16TH WARMEST YEAR ON RECORD...
...11TH WETTEST AND 14TH SNOWIEST YEAR ON RECORD...
...6TH LEAST HEATING DEGREE DAYS ON RECORD...
...16TH MOST COOLING DEGREE DAYS ON RECORD...


...THE WAUSAU WI CLIMATE SUMMARY FOR THE YEAR OF 2018...

CLIMATE NORMAL PERIOD 1981 TO 2010
CLIMATE RECORD PERIOD 1896 TO 2019

WEATHER         OBSERVED          NORMAL  DEPART  LAST YEAR`S
                 VALUE   DATE(S)  VALUE   FROM    VALUE  DATE(S)
                                          NORMAL
................................................................
TEMPERATURE (F)
RECORD
 HIGH             107   07/13/1936
 LOW              -40   01/30/1951
                        01/18/1948
                        02/10/1899
HIGHEST            95   06/29                         88  06/10
LOWEST            -17   01/01                        -16  12/27
                                                          12/26
AVG. MAXIMUM     54.4              53.2     1.2     53.4
AVG. MINIMUM     35.6              33.8     1.8     35.2
MEAN             45.0              43.5     1.5     44.3
DAYS MAX >= 90      7               4.0     3.0        0
DAYS MAX <= 32     73              77.8    -4.8       72
DAYS MIN <= 32    159             163.7    -4.7      158
DAYS MIN <= 0      21              26.3    -5.3       19

PRECIPITATION (INCHES)
RECORD
 MAXIMUM        48.72   1938
 MINIMUM        21.43   1976
TOTALS          39.27             32.41    6.86    37.21
DAILY AVG.       0.11
DAYS >= .01       109             129.1   -20.1      143
DAYS >= .10        65              69.0    -4.0       82
DAYS >= .50        28              19.1     8.9       27
DAYS >= 1.00       11               6.2     4.8        7

SNOWFALL (INCHES)
RECORDS
 TOTAL          101.7   1909
TOTALS           77.9              59.6    18.3     51.2
SINCE 7/1        13.6              22.2    -8.6     17.9
SNOWDEPTH AVG.      2
DAYS >= TRACE      62              43.5    18.5       63
DAYS >= 1.0        19              18.7     0.3       15
GREATEST
 SNOW DEPTH        17   04/15                         19  01/13
                                                          01/11
                                                          01/12
 24 HR TOTAL      9.3   MM

DEGREE_DAYS
HEATING TOTAL    7142              8249   -1107     7787
 SINCE 7/1       3284              3286      -2     3215
COOLING TOTAL     628               407     221      339
 SINCE 1/1        628               407     221      339

FREEZE DATES
RECORD
 EARLIEST     08/30/1915
 LATEST       06/12/1903
EARLIEST                        10/02
LATEST                          05/05
.................................................................

WIND (MPH)
AVERAGE WIND SPEED              7.4
HIGHEST WIND SPEED/DIRECTION    36/250    DATE  09/20
HIGHEST GUST SPEED/DIRECTION    63/160    DATE  09/04

SKY COVER
POSSIBLE SUNSHINE (PERCENT)   MM
AVERAGE SKY COVER           0.40
NUMBER OF DAYS FAIR          151
NUMBER OF DAYS PC            105
NUMBER OF DAYS CLOUDY         77

AVERAGE RH (PERCENT)     70

WEATHER CONDITIONS. NUMBER OF DAYS WITH
THUNDERSTORM             22     MIXED PRECIP               0
HEAVY RAIN               24     RAIN                      36
LIGHT RAIN               91     FREEZING RAIN              5
LT FREEZING RAIN          5     HAIL                       0
HEAVY SNOW                5     SNOW                      18
LIGHT SNOW               63     SLEET                      1
FOG                     166     FOG W/VIS <= 1/4 MILE     15
HAZE                     62

-  INDICATES NEGATIVE NUMBERS.
R  INDICATES RECORD WAS SET OR TIED.
MM INDICATES DATA IS MISSING.
T  INDICATES TRACE AMOUNT.

$$
