000
CXUS51 KBGM 040138 CCA
CLAAVP

CLIMATE REPORT...CORRECTED
NATIONAL WEATHER SERVICE BINGHAMTON NY
836 PM EST WED JAN 3 2018

...................................

...THE AVOCA PA CLIMATE SUMMARY FOR THE YEAR OF 2017...

CLIMATE NORMAL PERIOD 1981 TO 2010
CLIMATE RECORD PERIOD 1901 TO 2018

WEATHER         OBSERVED          NORMAL  DEPART  LAST YEAR`S
                 VALUE   DATE(S)  VALUE   FROM    VALUE  DATE(S)
                                          NORMAL
................................................................
TEMPERATURE (F)
RECORD
 HIGH             103   07/09/1936
 LOW              -21   01/21/1994
HIGHEST            92   09/25        59      33       97  07/23
LOWEST              3   12/31        40     -37       -6  02/14
AVG. MAXIMUM     61.4              58.8     2.6     62.4
AVG. MINIMUM     43.0              40.1     2.9     42.5
MEAN             52.2              49.4     2.8     52.5
DAYS MAX >= 90     10               6.3     3.7       22
DAYS MAX <= 32     31              36.2    -5.2       26
DAYS MIN <= 32    110             123.6   -13.6      114
DAYS MIN <= 0       0               2.9    -2.9        1

PRECIPITATION (INCHES)
RECORD
 MAXIMUM        60.00   2011
 MINIMUM        26.22   1963
TOTALS          37.51             38.26   -0.75    31.30
DAILY AVG.       0.10              0.10    0.00     0.09
DAYS >= .01       140             139.2     0.8      130
DAYS >= .10        79              78.0     1.0       77
DAYS >= .50        22              23.4    -1.4       17
DAYS >= 1.00        6               7.8    -1.8        5
GREATEST
 24 HR. TOTAL    2.43   03/14 TO 03/14

SNOWFALL (INCHES)
RECORDS
 TOTAL           80.2   1994
 24 HR TOTAL     18.7   03/13/1993 TO 03/13/1993
TOTALS           50.1              46.2     3.9     26.1
SINCE 7/1         7.2              10.4    -3.2     11.9
DAYS >= TRACE      57              33.0    24.0       56
DAYS >= 1.0        10              12.5    -2.5       10
GREATEST
 24 HR TOTAL     22.1R  03/14 TO 03/14

DEGREE_DAYS
HEATING TOTAL    5373              6255    -882     5442
 SINCE 7/1       2151              2378    -227     2012
COOLING TOTAL     804               579     225      999
 SINCE 1/1        804               580     224      999

FREEZE DATES
RECORD
 EARLIEST     09/21/1956
 LATEST       05/25/1956
EARLIEST                        10/15
LATEST                          04/26
.................................................................

WIND (MPH)
AVERAGE WIND SPEED              6.3
RESULTANT WIND SPEED/DIRECTION   2/273
HIGHEST WIND SPEED/DIRECTION    41/260    DATE  03/02
HIGHEST GUST SPEED/DIRECTION    52/250    DATE  03/02

SKY COVER
POSSIBLE SUNSHINE (PERCENT)   MM
AVERAGE SKY COVER           0.50
NUMBER OF DAYS FAIR          126
NUMBER OF DAYS PC            143
NUMBER OF DAYS CLOUDY         94

AVERAGE RH (PERCENT)     69

WEATHER CONDITIONS. NUMBER OF DAYS WITH
THUNDERSTORM             34     MIXED PRECIP               0
HEAVY RAIN               42     RAIN                      70
LIGHT RAIN              151     FREEZING RAIN              4
LT FREEZING RAIN          4     HAIL                       0
HEAVY SNOW                7     SNOW                      12
LIGHT SNOW               52     SLEET                      1
FOG                     198     FOG W/VIS <= 1/4 MILE     17
HAZE                     86

-  INDICATES NEGATIVE NUMBERS.
R  INDICATES RECORD WAS SET OR TIED.
MM INDICATES DATA IS MISSING.
T  INDICATES TRACE AMOUNT.

&&
6TH WARMEST YEAR
CORRECTED TABLE AT BOTTOM
$$

TAC
