000
CXUS51 KBGM 011628
CLAAVP


CLIMATE REPORT
NATIONAL WEATHER SERVICE BINGHAMTON NY
1106 AM EST TUE JAN 1 2019

...................................

...THE AVOCA PA CLIMATE SUMMARY FOR THE YEAR OF 2018...

CLIMATE NORMAL PERIOD 1981 TO 2010
CLIMATE RECORD PERIOD 1901 TO 2018

WEATHER         OBSERVED          NORMAL  DEPART  LAST YEAR`S
                 VALUE   DATE(S)  VALUE   FROM    VALUE  DATE(S)
                                          NORMAL
................................................................
TEMPERATURE (F)
RECORD
 HIGH             103   07/09/1936
 LOW              -21   01/21/1994
HIGHEST            96   07/02        59      37       92  09/25
LOWEST             -5   01/07        40     -45        3  12/31
AVG. MAXIMUM     59.4              58.8     0.6     61.4
AVG. MINIMUM     42.6              40.1     2.5     43.0
MEAN             51.0              49.4     1.6     52.2
DAYS MAX >= 90     13               6.3     6.7       10
DAYS MAX <= 32     23              36.2   -13.2       31
DAYS MIN <= 32    126             123.6     2.4      110
DAYS MIN <= 0       2               2.9    -0.9        0

PRECIPITATION (INCHES)
RECORD
 MAXIMUM        60.00   2011
 MINIMUM        26.22   1963
TOTALS          61.08R            38.26   22.82    37.51
DAILY AVG.       0.17              0.10    0.07     0.10
DAYS >= .01       180             139.2    40.8      140
DAYS >= .10       110              78.0    32.0       79
DAYS >= .50        43              23.4    19.6       22
DAYS >= 1.00       14               7.8     6.2        6
GREATEST
 24 HR. TOTAL    4.34   08/13 TO 08/13

SNOWFALL (INCHES)
RECORDS
 TOTAL           80.2   1994
 24 HR TOTAL     22.1   03/14/2017 TO 03/14/2017
TOTALS           56.9              46.2    10.7     50.1
SINCE 7/1        12.2              10.4     1.8      7.2
DAYS >= TRACE      77              33.0    44.0       57
DAYS >= 1.0        17              12.5     4.5       10
GREATEST
 24 HR TOTAL      9.4   11/15 TO 11/15

DEGREE_DAYS
HEATING TOTAL    5920              6255    -335     5373
 SINCE 7/1       2213              2378    -165     2151
COOLING TOTAL     935               579     356      804
 SINCE 1/1        935               580     355      804

FREEZE DATES
RECORD
 EARLIEST     09/21/1956
 LATEST       05/25/1956
EARLIEST                        10/15
LATEST                          04/26
.................................................................

WIND (MPH)
AVERAGE WIND SPEED              6.0
RESULTANT WIND SPEED/DIRECTION   2/290
HIGHEST WIND SPEED/DIRECTION    44/310    DATE  05/15
HIGHEST GUST SPEED/DIRECTION    65/300    DATE  05/15

SKY COVER
POSSIBLE SUNSHINE (PERCENT)   MM
AVERAGE SKY COVER           0.60
NUMBER OF DAYS FAIR          111
NUMBER OF DAYS PC            117
NUMBER OF DAYS CLOUDY        137

AVERAGE RH (PERCENT)     72

WEATHER CONDITIONS. NUMBER OF DAYS WITH
THUNDERSTORM             27     MIXED PRECIP                0
HEAVY RAIN               63     RAIN                       88
LIGHT RAIN              165     FREEZING RAIN               3
LT FREEZING RAIN          2     HAIL                        0
HEAVY SNOW                5     SNOW                       14
LIGHT SNOW               72     SLEET                       0
FOG                     239     FOG W/VIS <= 1/4 MILE      29
HAZE                     81

-  INDICATES NEGATIVE NUMBERS.
R  INDICATES RECORD WAS SET OR TIED.
MM INDICATES DATA IS MISSING.
T  INDICATES TRACE AMOUNT.

&&
GREATEST YEARLY PRECIPITATION
19TH WARMEST YEAR

$$

TAC
