000
CXUS51 KOKX 011758
CLABDR

CLIMATE REPORT
NATIONAL WEATHER SERVICE NEW YORK NY
1257 PM EST TUE JAN 1 2019

...................................

...THE BRIDGEPORT CT CLIMATE SUMMARY FOR THE YEAR OF 2018...

CLIMATE NORMAL PERIOD 1981 TO 2010
CLIMATE RECORD PERIOD 1948 TO 2018

WEATHER         OBSERVED          NORMAL  DEPART  LAST YEAR`S
                 VALUE   DATE(S)  VALUE   FROM    VALUE  DATE(S)
                                          NORMAL
................................................................
TEMPERATURE (F)
RECORD
 HIGH             103   07/22/2011
                        07/22/1957
 LOW               -7   01/22/1984
HIGHEST            94   08/29        MM      MM       94  07/19
                                                          06/13
LOWEST             -2   01/07        MM      MM        6  12/31
AVG. MAXIMUM     61.0              60.3     0.7     62.3
AVG. MINIMUM     46.4              44.7     1.7     47.1
MEAN             53.7              52.5     1.2     54.6
DAYS MAX >= 90     13               6.3     6.7       12
DAYS MAX <= 32     14              18.2    -4.2       17
DAYS MIN <= 32     94              92.1     1.9       76
DAYS MIN <= 0       1               0.3     0.7        0

PRECIPITATION (INCHES)
RECORD
 MAXIMUM        73.93   1972
 MINIMUM           MM   MM
TOTALS          60.40             42.74   17.66    41.25
DAILY AVG.       0.17              0.12    0.05     0.11
DAYS >= .01       150             121.7    28.3      121
DAYS >= .10        92              76.1    15.9       74
DAYS >= .50        46              28.1    17.9       28
DAYS >= 1.00       19               9.8     9.2       10
GREATEST
 24 HR. TOTAL    2.82   MM                       12/31 TO 12/31
                                                          12/31 TO 12/31EATHER         OBSERVED          NORMAL  DEPART  LAST YEAR`S
                                                          12/31 TO 12/31EATHER         OBSERVED          NORMAL  DEPART  LAST YEAR`S
 STORM TOTAL       MM                                 MM
 (MM/DD(HH))            MM                    12/31(00) TO 12/31(00)
                                                 12/31(00) TO 12/31(00)1EATHER         OBSERVED          NORMAL  DEPART  LAST YEAR`S
                                                 12/31(00) TO 12/31(00)1EATHER         OBSERVED          NORMAL  DEPART  LAST YEAR`S

SNOWFALL (INCHES)
RECORDS
 TOTAL             MM   MM
 24 HR TOTAL     18.5   MM
 SNOW DEPTH        30   02/09/2013
TOTALS           43.5              27.6    15.9     43.6
 LIQUID EQUIV    4.35              2.80    1.55     4.36
SINCE 7/1         6.3               5.8     0.5      8.7
 LIQUID 7/1      0.63              0.60    0.03     0.87
SNOWDEPTH AVG.      0                MM      MM        0
DAYS >= TRACE      29              14.6    14.4       25
DAYS >= 1.0         8               8.0     0.0       12
GREATEST
 SNOW DEPTH         8   01/05                          9  02/10
 24 HR TOTAL      9.0   MM                       12/31 TO 12/31
                                                          12/31 TO 12/31EATHER         OBSERVED          NORMAL  DEPART  LAST YEAR`S
                                                          12/31 TO 12/31EATHER         OBSERVED          NORMAL  DEPART  LAST YEAR`S
 STORM TOTAL       MM                                 MM
 (MM/DD(HH))            MM                    12/31(00) TO 12/31(00)
                                                 12/31(00) TO 12/31(00)1EATHER         OBSERVED          NORMAL  DEPART  LAST YEAR`S
                                                 12/31(00) TO 12/31(00)1EATHER         OBSERVED          NORMAL  DEPART  LAST YEAR`S

DEGREE_DAYS
HEATING TOTAL    5170              5392    -222     4726
 SINCE 7/1         MM              1893      MM       MM
COOLING TOTAL    1172               825     347     1053
 SINCE 1/1       1172               825     347     1053
.................................................................

WIND (MPH)
AVERAGE WIND SPEED              8.7
RESULTANT WIND SPEED/DIRECTION   2/295
HIGHEST WIND SPEED/DIRECTION    40/360    DATE  03/02
HIGHEST GUST SPEED/DIRECTION    62/350    DATE  03/02

SKY COVER
POSSIBLE SUNSHINE (PERCENT)   MM
AVERAGE SKY COVER           0.50
NUMBER OF DAYS FAIR          163
NUMBER OF DAYS PC            115
NUMBER OF DAYS CLOUDY         87

AVERAGE RH (PERCENT)     69

WEATHER CONDITIONS. NUMBER OF DAYS WITH
  0
 83
  2
  0
  9
  0
 39
HAZE                     42

-  INDICATES NEGATIVE NUMBERS.
R  INDICATES RECORD WAS SET OR TIED.
MM INDICATES DATA IS MISSING.
T  INDICATES TRACE AMOUNT.

$$
