000
CXUS51 KCTP 011441
CLABFD

CLIMATE REPORT
NATIONAL WEATHER SERVICE STATE COLLEGE PA
940 AM EST TUE JAN 1 2019

...................................

...THE BRADFORD CLIMATE SUMMARY FOR THE YEAR OF 2018...

CLIMATE NORMAL PERIOD 1981 TO 2010
CLIMATE RECORD PERIOD 1957 TO 2018

WEATHER         OBSERVED          NORMAL  DEPART
                 VALUE   DATE(S)  VALUE   FROM
                                          NORMAL
................................................
TEMPERATURE (F)
RECORD
 HIGH              97   07/22/2011
                        07/16/1988
 LOW              -30   02/11/1979
HIGHEST            88   07/01        MM      MM
                        06/30
                        05/29
LOWEST            -17   01/14        MM      MM

AVG. MAXIMUM     55.1              54.4     0.7
AVG. MINIMUM     37.2              33.8     3.4
MEAN             46.2              44.2     2.0
DAYS MAX >= 90      0                MM      MM
DAYS MAX <= 32     66                MM      MM
DAYS MIN <= 32    159                MM      MM
DAYS MIN <= 0      10                MM      MM

PRECIPITATION (INCHES)
RECORD
 MAXIMUM        60.65   1992
 MINIMUM        25.97   2001

TOTALS          48.68             44.46    4.22
DAILY AVG.       0.13              0.12    0.01
DAYS >= .01       185                MM      MM
DAYS >= .10       101                MM      MM
DAYS >= .50        32                MM      MM
DAYS >= 1.00        9                MM      MM
GREATEST
 24 HR. TOTAL    2.33   MM
 STORM TOTAL       MM
 (MM/DD(HH))            MM

DEGREE_DAYS
HEATING TOTAL    7202              7773    -571
 SINCE 7/1       2769              3056    -287
COOLING TOTAL     447               193     254
 SINCE 1/1        447               193     254

FREEZE DATES
RECORD
 EARLIEST     08/05/1972
 LATEST       06/30/1961
EARLIEST                        MM
LATEST                          MM
.................................................

WIND (MPH)
AVERAGE WIND SPEED              7.0
HIGHEST WIND SPEED/DIRECTION    33/290    DATE  04/04
HIGHEST GUST SPEED/DIRECTION    46/260    DATE  04/04

SKY COVER
POSSIBLE SUNSHINE (PERCENT)   MM
AVERAGE SKY COVER           0.60
NUMBER OF DAYS FAIR           83
NUMBER OF DAYS PC            124
NUMBER OF DAYS CLOUDY        157

AVERAGE RH (PERCENT)     76

WEATHER CONDITIONS. NUMBER OF DAYS WITH
THUNDERSTORM             23     MIXED PRECIP                0
HEAVY RAIN               41     RAIN                       67
LIGHT RAIN              153     FREEZING RAIN               3
LT FREEZING RAIN         23     HAIL                        0
HEAVY SNOW               14     SNOW                       34
LIGHT SNOW              100     SLEET                       0
FOG                     290     FOG W/VIS <= 1/4 MILE      74
HAZE                     55


-  INDICATES NEGATIVE NUMBERS.
R  INDICATES RECORD WAS SET OR TIED.
MM INDICATES DATA IS MISSING.
T  INDICATES TRACE AMOUNT.

$$
