081
CXUS51 KCTP 011313
CLABFD

CLIMATE REPORT
NATIONAL WEATHER SERVICE STATE COLLEGE PA
806 AM EST MON JAN 1 2018

...................................

...THE BRADFORD CLIMATE SUMMARY FOR THE YEAR OF 2017...

CLIMATE NORMAL PERIOD 1981 TO 2010
CLIMATE RECORD PERIOD 1957 TO 2017

WEATHER         OBSERVED          NORMAL  DEPART
                 VALUE   DATE(S)  VALUE   FROM
                                          NORMAL
................................................
TEMPERATURE (F)
RECORD
 HIGH              97   07/22/2011
                        07/16/1988
 LOW              -30   02/11/1979
HIGHEST            87   06/13        MM      MM
LOWEST            -12   12/28        MM      MM
AVG. MAXIMUM     56.6              54.4     2.2
AVG. MINIMUM     36.9              33.8     3.1
MEAN             46.7              44.2     2.5
DAYS MAX >= 90      0                MM      MM
DAYS MAX <= 32     53                MM      MM
DAYS MIN <= 32    142                MM      MM
DAYS MIN <= 0       8                MM      MM

PRECIPITATION (INCHES)
RECORD
 MAXIMUM        60.65   1992
 MINIMUM        25.97   2001
TOTALS          49.33             44.46    4.87
DAILY AVG.       0.14              0.12    0.02
DAYS >= .01       179                MM      MM
DAYS >= .10        96                MM      MM
DAYS >= .50        32                MM      MM
DAYS >= 1.00       11                MM      MM
GREATEST
 24 HR. TOTAL    2.10   MM
 STORM TOTAL       MM
 (MM/DD(HH))            MM

DEGREE_DAYS
HEATING TOTAL    6823              7773    -950
 SINCE 7/1       2822              3056    -234
COOLING TOTAL     264               193      71
 SINCE 1/1        264               193      71

FREEZE DATES
RECORD
 EARLIEST     08/05/1972
 LATEST       06/30/1961
EARLIEST                        MM
LATEST                          MM
.................................................

WIND (MPH)
AVERAGE WIND SPEED              6.8
HIGHEST WIND SPEED/DIRECTION    36/300    DATE  02/12
HIGHEST GUST SPEED/DIRECTION    52/280    DATE  04/30

SKY COVER
POSSIBLE SUNSHINE (PERCENT)   MM
AVERAGE SKY COVER           0.60
NUMBER OF DAYS FAIR          109
NUMBER OF DAYS PC            125
NUMBER OF DAYS CLOUDY        130

AVERAGE RH (PERCENT)     76

WEATHER CONDITIONS. NUMBER OF DAYS WITH
MISSING

-  INDICATES NEGATIVE NUMBERS.
R  INDICATES RECORD WAS SET OR TIED.
MM INDICATES DATA IS MISSING.
T  INDICATES TRACE AMOUNT.

$$

LA CORTE
