000
CXUS55 KVEF 030857
CLABIH

CLIMATE REPORT
NATIONAL WEATHER SERVICE LAS VEGAS, NV
1253 AM PST THU JAN 3 2019

...................................

...THE BISHOP CA CLIMATE SUMMARY FOR THE YEAR OF 2018...

CLIMATE NORMAL PERIOD 1981 TO 2010
CLIMATE RECORD PERIOD 1943 TO 2019

WEATHER         OBSERVED          NORMAL  DEPART  LAST YEAR`S
                 VALUE   DATE(S)  VALUE   FROM    VALUE  DATE(S)
                                          NORMAL
................................................................
TEMPERATURE (F)
RECORD
 HIGH             110   07/10/2002
 LOW               -8   12/22/1990
                        12/27/1988
HIGHEST           106   08/10        74      32      107  08/01
                        07/27                             06/20
                        07/17
LOWEST              7   02/24        38     -31       10  12/22
                                                          01/25
AVG. MAXIMUM     77.2              75.0     2.2     76.6
AVG. MINIMUM     39.8              38.1     1.7     39.8
MEAN             58.5              56.6     1.9     58.2
DAYS MAX >= 90    113              99.9    13.1      104
DAYS MAX <= 32      0               0.4    -0.4        0
DAYS MIN <= 32    132             133.7    -1.7      121
DAYS MIN <= 0       0               0.2    -0.2        0

PRECIPITATION (INCHES)
RECORD
 MAXIMUM        17.09   1969
 MINIMUM         0.80   1947
TOTALS           4.49              5.17   -0.68     8.98
DAILY AVG.          T              0.01   -0.01        T
DAYS >= .01        20              27.6    -7.6       29
DAYS >= .10         9              12.3    -3.3       18
DAYS >= .50         4               2.7     1.3        8
DAYS >= 1.00        0               0.6    -0.6        1
GREATEST
 24 HR. TOTAL    1.10   07/11 TO 07/12           01/08 TO 01/09
                                                          01/08 TO 01/08EATHER         OBSERVED          NORMAL  DEPART  LAST YEAR`S
                                                          01/08 TO 01/08EATHER         OBSERVED          NORMAL  DEPART  LAST YEAR`S
 STORM TOTAL     0.74                               1.71
 (MM/DD(HH))  07/12(18) TO 07/12(22)          01/08(20) TO 01/08(06)
                                                 01/08(06) TO 01/08(06)8EATHER         OBSERVED          NORMAL  DEPART  LAST YEAR`S
                                                 01/08(06) TO 01/08(06)8EATHER         OBSERVED          NORMAL  DEPART  LAST YEAR`S

SNOWFALL (INCHES)
RECORDS
 TOTAL           57.1   1969
 24 HR TOTAL     18.0   01/24/1969 TO 01/25/1969
 SNOW DEPTH        22   01/25/1969
TOTALS            0.2               8.0    -7.8      9.9
 LIQUID EQUIV    0.02                MM      MM     0.99
SINCE 7/1         0.0               1.5    -1.5      0.0
 LIQUID 7/1      0.00              0.20   -0.20     0.00
SNOWDEPTH AVG.      0                MM      MM        0
DAYS >= TRACE       1               3.0    -2.0        9
DAYS >= 1.0         0               1.9    -1.9        3
GREATEST
 SNOW DEPTH         0   MM                             5  01/22
 24 HR TOTAL      0.2   02/23 TO 02/23           01/08 TO 01/08
                                                          01/08 TO 01/08EATHER         OBSERVED          NORMAL  DEPART  LAST YEAR`S
                                                          01/08 TO 01/08EATHER         OBSERVED          NORMAL  DEPART  LAST YEAR`S
 STORM TOTAL       MM                                5.3
 (MM/DD(HH))            MM                    01/08(06) TO 01/08(06)
                                                 01/08(06) TO 01/08(06)8EATHER         OBSERVED          NORMAL  DEPART  LAST YEAR`S
                                                 01/08(06) TO 01/08(06)8EATHER         OBSERVED          NORMAL  DEPART  LAST YEAR`S

DEGREE_DAYS
HEATING TOTAL    3711              4178    -467     3772
 SINCE 7/1       1574              1747    -173       MM
COOLING TOTAL    1448              1104     344     1407
 SINCE 1/1       1448              1104     344     1407

FREEZE DATES
RECORD
 EARLIEST     09/20/1986
 LATEST       06/07/1988
EARLIEST                        10/15
LATEST                          05/03
.................................................................

WIND (MPH)
AVERAGE WIND SPEED              7.8
RESULTANT WIND SPEED/DIRECTION   2/329
HIGHEST WIND SPEED/DIRECTION    43/360    DATE  02/10
HIGHEST GUST SPEED/DIRECTION    54/340    DATE  02/10

SKY COVER
POSSIBLE SUNSHINE (PERCENT)   MM
AVERAGE SKY COVER           0.10
NUMBER OF DAYS FAIR          323
NUMBER OF DAYS PC             39
NUMBER OF DAYS CLOUDY          2

AVERAGE RH (PERCENT)     36

WEATHER CONDITIONS. NUMBER OF DAYS WITH
THUNDERSTORM             25     MIXED PRECIP               0
HEAVY RAIN                7     RAIN                      10
LIGHT RAIN               64     FREEZING RAIN              0
LT FREEZING RAIN          0     HAIL                       0
HEAVY SNOW                0     SNOW                       0
LIGHT SNOW                1     SLEET                      0
FOG                      19     FOG W/VIS <= 1/4 MILE      1
HAZE                     20

-  INDICATES NEGATIVE NUMBERS.
R  INDICATES RECORD WAS SET OR TIED.
MM INDICATES DATA IS MISSING.
T  INDICATES TRACE AMOUNT.

$$
