000
CXUS53 KBIS 021800
CLABIS

CLIMATE REPORT
NATIONAL WEATHER SERVICE BISMARCK ND
1153 AM CST WED JAN 2 2019

...................................

...THE BISMARCK CLIMATE SUMMARY FOR THE YEAR OF 2018...

CLIMATE NORMAL PERIOD 1981 TO 2010
CLIMATE RECORD PERIOD 1875 TO 2019

WEATHER         OBSERVED          NORMAL  DEPART  LAST YEAR`S
                 VALUE   DATE(S)  VALUE   FROM    VALUE
                                          NORMAL
.............................................................
TEMPERATURE (F)
RECORD
 HIGH             114   07/06/1936
 LOW              -45   02/16/1936
                        01/13/1916
HIGHEST           104   08/12        MM      MM
LOWEST            -29   01/13        MM      MM
                        01/12
AVG. MAXIMUM     53.8
AVG. MINIMUM     30.7
MEAN             42.3
DAYS MAX >= 90     24
DAYS MAX <= 32     87
DAYS MIN <= 32    187
DAYS MIN <= 0      38

PRECIPITATION (INCHES)
RECORD
 MAXIMUM        30.92   1876
 MINIMUM         5.97   1936
TOTALS          18.48             17.85    0.63    13.79
DAYS >= .01       108
DAYS >= .10        49
DAYS >= .50        12
DAYS >= 1.00        1
GREATEST
 24 HR. TOTAL    1.91   MM

SNOWFALL (INCHES)
RECORDS
 TOTAL          101.6   5
                        0
                        0
 24 HR TOTAL     17.3   04/14/2013 TO 04/14/2013
TOTALS           53.5              51.2     2.3
SINCE 7/1        16.3
DAYS >= TRACE      84
GREATEST
 24 HR TOTAL      7.5   MM

DEGREE_DAYS
HEATING TOTAL    8825              8559     266
 SINCE 7/1         MM              3500      MM
..............................................................

WIND (MPH)
AVERAGE WIND SPEED              8.7
HIGHEST WIND SPEED/DIRECTION    51/330    DATE  07/03
HIGHEST GUST SPEED/DIRECTION    63/330    DATE  07/03



-  INDICATES NEGATIVE NUMBERS.
R  INDICATES RECORD WAS SET OR TIED.
MM INDICATES DATA IS MISSING.
T  INDICATES TRACE AMOUNT.

$$
