000
CXUS53 KDLH 012011 RRB
CLABRD

CLIMATE REPORT
NATIONAL WEATHER SERVICE DULUTH MN
1247 PM CST WED JAN 1 2020

...................................

...THE BRAINERD CLIMATE SUMMARY FOR THE YEAR OF 2019...

CLIMATE NORMAL PERIOD 1981 TO 2010
CLIMATE RECORD PERIOD 1899 TO 2019

WEATHER         OBSERVED          NORMAL  DEPART  LAST YEAR`S
                 VALUE   DATE(S)  VALUE   FROM    VALUE  DATE(S)
                                          NORMAL
................................................................
TEMPERATURE (F)
RECORD
 HIGH             106   07/10/1936
 LOW              -54   02/02/1996
HIGHEST            93   06/07        MM      MM       94  05/29
LOWEST            -43   01/31        MM      MM      -29  01/05
AVG. MAXIMUM     51.0              53.0    -2.0     51.4
AVG. MINIMUM     30.6              32.0    -1.4     30.7
MEAN             40.8              42.5    -1.7     41.0
DAYS MAX >= 90      9                MM      MM        6
DAYS MAX <= 32     91                MM      MM      101
DAYS MIN <= 32    173                MM      MM      189
DAYS MIN <= 0      54                MM      MM       45

PRECIPITATION (INCHES)
RECORD
 MAXIMUM        39.79   2016
 MINIMUM        13.16   1976
TOTALS          36.90             28.38    8.52    26.99
DAILY AVG.       0.10              0.08    0.02     0.07
DAYS >= .01       128             101.8    26.2      107
DAYS >= .10        70              58.3    11.7       59
DAYS >= .50        26              17.3     8.7       21
DAYS >= 1.00       10               5.5     4.5        4
GREATEST
 24 HR. TOTAL    2.38   07/14
 STORM TOTAL       MM
 (MM/DD(HH))            MM

SNOWFALL (INCHES)
RECORDS
 TOTAL          114.1   1950
 24 HR TOTAL
 SNOW DEPTH        24   03/10
TOTALS           81.2              46.8    34.4     77.8
SINCE 7/1        31.6              18.5    13.1     22.3
SNOWDEPTH AVG.      5                MM      MM        3
DAYS >= TRACE      75              23.5    51.5       68
DAYS >= 1.0        21                       5.0
GREATEST
 SNOW DEPTH        24   03/10                         19  03/31
 24 HR TOTAL     11.0   11/30 TO 11/30

DEGREE_DAYS
HEATING TOTAL    9139              8651     488     9147
 SINCE 7/1         MM              3489      MM       MM
COOLING TOTAL     485               422      63      569
 SINCE 1/1        485               422      63      569

FREEZE DATES
RECORD
 EARLIEST     08/06/1977
 LATEST       06/08/1978

.................................................................

WIND (MPH)
AVERAGE WIND SPEED              7.5
RESULTANT WIND SPEED/DIRECTION   1/277
HIGHEST WIND SPEED/DIRECTION    43/320    DATE  09/02
HIGHEST GUST SPEED/DIRECTION    52/320    DATE  09/02

SKY COVER
POSSIBLE SUNSHINE (PERCENT)   MM
AVERAGE SKY COVER           0.50
NUMBER OF DAYS FAIR          156
NUMBER OF DAYS PC            110
NUMBER OF DAYS CLOUDY         99

AVERAGE RH (PERCENT)     67


-  INDICATES NEGATIVE NUMBERS.
R  INDICATES RECORD WAS SET OR TIED.
MM INDICATES DATA IS MISSING.
T  INDICATES TRACE AMOUNT.

$$
