000
CXUS53 KDVN 011505
CLABRL


CLIMATE REPORT
NATIONAL WEATHER SERVICE QUAD CITIES IA IL
837 AM CST TUE JAN 1 2019

...................................

...THE BURLINGTON IA CLIMATE SUMMARY FOR THE YEAR OF 2018...

CLIMATE NORMAL PERIOD 1981 TO 2010
CLIMATE RECORD PERIOD 1897 TO 2018

WEATHER         OBSERVED          NORMAL  DEPART
                 VALUE   DATE(S)  VALUE   FROM
                                          NORMAL
................................................
TEMPERATURE (F)
RECORD
 HIGH             111   07/15/1936
                        07/14/1936
 LOW              -27   02/13/1905
HIGHEST            98   05/27        87      11
LOWEST            -17   01/02        17     -34
AVG. MAXIMUM     61.2              62.8    -1.6
AVG. MINIMUM     42.1              43.1    -1.0
MEAN             51.7              53.0    -1.3
DAYS MAX >= 90     31
DAYS MAX <= 32     35
DAYS MIN <= 32    140
DAYS MIN <= 0      11

PRECIPITATION (INCHES)
TOTALS          39.04             38.48    0.56
DAILY AVG.       0.10              0.11   -0.01
DAYS >= .01       124
DAYS >= .10        69
DAYS >= .50        29
DAYS >= 1.00       10
GREATEST
 24 HR. TOTAL    2.73   06/20 TO 06/21

DEGREE_DAYS
HEATING TOTAL    6126              5599     527
 SINCE 7/1       2387              2186     201
COOLING TOTAL    1417              1209     208
 SINCE 1/1       1417              1207     210
.................................................

WIND (MPH)
AVERAGE WIND SPEED              8.2
HIGHEST WIND SPEED/DIRECTION    37/020    DATE  11/25
HIGHEST GUST SPEED/DIRECTION    56/360    DATE  09/18

SKY COVER
POSSIBLE SUNSHINE (PERCENT)   MM
AVERAGE SKY COVER           0.40
NUMBER OF DAYS FAIR          199
NUMBER OF DAYS PC            103
NUMBER OF DAYS CLOUDY         63

AVERAGE RH (PERCENT)     70

WEATHER CONDITIONS. NUMBER OF DAYS WITH
THUNDERSTORM             54     HAIL                     0
SLEET                     0     FOG                    190
FOG W/VIS <= 1/4 MILE    26     HAZE                   109

-  INDICATES NEGATIVE NUMBERS.
R  INDICATES RECORD WAS SET OR TIED.
MM INDICATES DATA IS MISSING.
T  INDICATES TRACE AMOUNT.

$$

===================================================================

NOTE: SUPPLEMENTAL CLIMATE DATA WAS USED FROM A NEARBY
CLIMATOLOGICALLY REPRESENTATIVE STATION, BLGI4.

PARAMETER   DATE
---------   ----
   WTR      02/09, 02/10, 02/11, 11/25, 11,26

===================================================================

GROSS
