000
CXUS53 KGJT 032126
CLACEZ


CLIMATE REPORT
NATIONAL WEATHER SERVICE GRAND JUNCTION CO
1200 PM MST THU JAN 3 2019

...................................

...THE CORTEZ CO CLIMATE SUMMARY FOR THE YEAR OF 2018...

CLIMATE NORMAL PERIOD 1981 TO 2010
CLIMATE RECORD PERIOD 9999 TO 9999

WEATHER         OBSERVED          NORMAL  DEPART  LAST YEAR`S
                 VALUE   DATE(S)  VALUE   FROM    VALUE  DATE(S)
                                          NORMAL
................................................................
TEMPERATURE (F)
RECORD
 HIGH              MM   MM
 LOW               MM   MM
HIGHEST            98   07/23        MM      MM       99  07/06
                        07/19                             06/21
                        06/27                             06/20
LOWEST             -4   12/04        MM      MM      -10  01/27
AVG. MAXIMUM     67.7              65.0     2.7     68.1
AVG. MINIMUM     32.6              32.1     0.5     33.6
MEAN             50.1              48.5     1.6     50.8
DAYS MAX >= 90     56              31.3    24.7       58
DAYS MAX <= 32      9               8.3     0.7        6
DAYS MIN <= 32    182             189.2    -7.2      183
DAYS MIN <= 0       4               3.9     0.1        5

PRECIPITATION (INCHES)
RECORD
 MAXIMUM           MM   MM
 MINIMUM           MM   MM
TOTALS           9.81             13.60   -3.79     9.85
DAILY AVG.       0.03              0.04   -0.01     0.03
DAYS >= .01        59                MM      MM       71
DAYS >= .10        27                MM      MM       32
DAYS >= .50         2                MM      MM        3
DAYS >= 1.00        2                MM      MM        0
GREATEST
 24 HR. TOTAL    1.33   MM                       12/31 TO 12/31
 STORM TOTAL       MM                                 MM

SNOWFALL (INCHES)
RECORDS
 TOTAL             MM   MM
 24 HR TOTAL       MM
 SNOW DEPTH        MM   MM
TOTALS             MM                MM      MM       MM
 LIQUID EQUIV      MM                MM      MM       MM
SINCE 7/1          MM                MM      MM       MM
 LIQUID 7/1        MM                MM      MM       MM
SNOWDEPTH AVG.     MM                MM      MM       MM
DAYS >= TRACE      MM                MM      MM       MM
DAYS >= 1.0        MM                MM      MM       MM
GREATEST
 SNOW DEPTH        MM                                 MM  MM
 24 HR TOTAL       MM                                 MM
 STORM TOTAL       MM                                 MM

DEGREE_DAYS
HEATING TOTAL    5923              6440    -517     5647
 SINCE 7/1       2620              2658     -38     2289
COOLING TOTAL     624               427     197      591
 SINCE 1/1        624               426     198      591

FREEZE DATES
RECORD
 EARLIEST     MM
 LATEST       MM
EARLIEST                        MM
LATEST                          MM
.................................................................

WIND (MPH)
AVERAGE WIND SPEED              6.9
RESULTANT WIND SPEED/DIRECTION   1/172
HIGHEST WIND SPEED/DIRECTION    44/210    DATE  04/12
HIGHEST GUST SPEED/DIRECTION    60/220    DATE  04/12

SKY COVER
POSSIBLE SUNSHINE (PERCENT)   MM
AVERAGE SKY COVER           0.20
NUMBER OF DAYS FAIR          294
NUMBER OF DAYS PC             49
NUMBER OF DAYS CLOUDY         22

AVERAGE RH (PERCENT)     48

WEATHER CONDITIONS. NUMBER OF DAYS WITH
THUNDERSTORM             48     MIXED PRECIP                0
HEAVY RAIN               17     RAIN                       22
LIGHT RAIN               82     FREEZING RAIN               0
LT FREEZING RAIN          0     HAIL                        0
HEAVY SNOW                5     SNOW                        9
LIGHT SNOW               30     SLEET                       0
FOG                      56     FOG W/VIS <= 1/4 MILE       8
HAZE                     58


-  INDICATES NEGATIVE NUMBERS.
R  INDICATES RECORD WAS SET OR TIED.
MM INDICATES DATA IS MISSING.
T  INDICATES TRACE AMOUNT.

$$
