000
CXUS53 KPAH 020232
CLACGI

CLIMATE REPORT
NATIONAL WEATHER SERVICE PADUCAH KY
826 PM CST TUE JAN 1 2019

...................................

...THE CAPE GIRARDEAU MO CLIMATE SUMMARY FOR THE YEAR OF 2018...

CLIMATE NORMAL PERIOD 1981 TO 2010
CLIMATE RECORD PERIOD 1960 TO 2018

WEATHER         OBSERVED          NORMAL  DEPART  LAST YEAR`S
                 VALUE   DATE(S)  VALUE   FROM    VALUE
                                          NORMAL
.............................................................
TEMPERATURE (F)
RECORD
 HIGH             107   06/29/2012
 LOW              -18   01/11/1977
HIGHEST            98   07/05                         96
LOWEST             -3   01/02                          6
AVG. MAXIMUM     67.8              67.9    -0.1     69.7
AVG. MINIMUM     48.0              46.0     2.0     47.9
MEAN             57.9              56.9     1.0     58.8
DAYS MAX >= 90     70
DAYS MAX <= 32     18
DAYS MAX >= 95      8
DAYS MAX >= 100     0
DAYS MIN <= 32     97
DAYS MIN <= 0       1

PRECIPITATION (INCHES)
RECORD
 MAXIMUM        74.51   2011
 MINIMUM        26.99   2012
TOTALS          57.56             46.81   10.75    34.29
DAILY AVG.       0.16
DAYS >= .01       127
DAYS >= .10        90
DAYS >= .50        38
DAYS >= 1.00       15
DAYS >= 0.25       68
DAYS >= 2.00        2
GREATEST
 24 HR. TOTAL    4.16
 STORM TOTAL       MM
 (MM/DD(HH))

DEGREE_DAYS
HEATING TOTAL    4452
 SINCE 7/1       1735
COOLING TOTAL    1988
 SINCE 1/1       1988
..............................................................

WIND (MPH)
AVERAGE WIND SPEED              7.3
HIGHEST WIND SPEED/DIRECTION    45/280    DATE  04/03
HIGHEST GUST SPEED/DIRECTION    63/360    DATE  03/24

SKY COVER
POSSIBLE SUNSHINE (PERCENT)   MM
NUMBER OF DAYS FAIR          190
NUMBER OF DAYS PC            109
NUMBER OF DAYS CLOUDY         66


WEATHER CONDITIONS. NUMBER OF DAYS WITH
THUNDERSTORM             60     MIXED PRECIP               0
HEAVY RAIN               52     RAIN                      73
LIGHT RAIN              136     FREEZING RAIN              3
LT FREEZING RAIN          2     HAIL                       0
HEAVY SNOW                0     SNOW                       1
LIGHT SNOW               18     SLEET                      0
FOG                     201     FOG W/VIS <= 1/4 MILE     33
HAZE                     46

-  INDICATES NEGATIVE NUMBERS.
R  INDICATES RECORD WAS SET OR TIED.
MM INDICATES DATA IS MISSING.
T  INDICATES TRACE AMOUNT.

$$
