000
CXUS53 KDVN 011505
CLACID


CLIMATE REPORT
NATIONAL WEATHER SERVICE QUAD CITIES IA IL
837 AM CST TUE JAN 1 2019

...................................

...THE CEDAR RAPIDS IA CLIMATE SUMMARY FOR THE YEAR OF 2018...

CLIMATE NORMAL PERIOD 1981 TO 2010
CLIMATE RECORD PERIOD 1891 TO 2018

WEATHER         OBSERVED          NORMAL  DEPART
                 VALUE   DATE(S)  VALUE   FROM
                                          NORMAL
................................................
TEMPERATURE (F)
RECORD
 HIGH             110   07/05/1911
 LOW              -29   01/15/2009
HIGHEST            97   05/27        84      13
LOWEST            -24   01/01        11     -35
AVG. MAXIMUM     58.5              58.4     0.1
AVG. MINIMUM     38.6              38.0     0.6
MEAN             48.6              48.2     0.4
DAYS MAX >= 90     18
DAYS MAX <= 32     49
DAYS MIN <= 32    163
DAYS MIN <= 0      17

PRECIPITATION (INCHES)
TOTALS          40.65             34.61    6.04
DAILY AVG.       0.11              0.09    0.02
DAYS >= .01       111
DAYS >= .10        78
DAYS >= .50        28
DAYS >= 1.00       10
GREATEST
 24 HR. TOTAL    3.09   06/20 TO 06/21

DEGREE_DAYS
HEATING TOTAL    6883              6867      16
 SINCE 7/1       2708              2739     -31
COOLING TOTAL    1033               750     283
 SINCE 1/1       1033               748     285
.................................................

WIND (MPH)
AVERAGE WIND SPEED              9.7
HIGHEST WIND SPEED/DIRECTION    40/320    DATE  10/20
HIGHEST GUST SPEED/DIRECTION    58/210    DATE  03/31

SKY COVER
POSSIBLE SUNSHINE (PERCENT)   MM
AVERAGE SKY COVER           0.40
NUMBER OF DAYS FAIR          195
NUMBER OF DAYS PC             99
NUMBER OF DAYS CLOUDY         71

AVERAGE RH (PERCENT)     74

WEATHER CONDITIONS. NUMBER OF DAYS WITH
THUNDERSTORM             64     HAIL                     1
SLEET                     2     FOG                    222
FOG W/VIS <= 1/4 MILE    30     HAZE                    94

-  INDICATES NEGATIVE NUMBERS.
R  INDICATES RECORD WAS SET OR TIED.
MM INDICATES DATA IS MISSING.
T  INDICATES TRACE AMOUNT.

$$

GROSS
