000
CXUS51 KRLX 011111
CLACKB

CLIMATE REPORT
NATIONAL WEATHER SERVICE CHARLESTON WV
555 AM EST MON JAN 1 2018

...................................

...THE CLARKSBURG WV CLIMATE SUMMARY FOR THE YEAR OF 2017...

CLIMATE NORMAL PERIOD 1981 TO 2010
CLIMATE RECORD PERIOD 9999 TO 9999

WEATHER         OBSERVED          NORMAL  DEPART  LAST YEAR`S
                 VALUE   DATE(S)  VALUE   FROM    VALUE
                                          NORMAL
.............................................................
TEMPERATURE (F)
RECORD
 HIGH              MM   MM
 LOW                2   12/31/2017
HIGHEST            90   08/22
                        08/17
LOWEST              2R  12/31
AVG. MAXIMUM     65.2              63.0     2.2
AVG. MINIMUM     44.5              42.3     2.2
MEAN             54.9              52.7     2.2     40.5
DAYS MAX >= 90      2               6.5    -4.5        0
DAYS MAX <= 32     20              23.6    -3.6        6
DAYS MIN <= 32     89             110.3   -21.3       33
DAYS MIN <= 0       0               1.3    -1.3        0

PRECIPITATION (INCHES)
RECORD
 MAXIMUM           MM   MM
 MINIMUM           MM   MM
TOTALS          53.41             45.83    7.58     6.41
DAILY AVG.       0.14              0.13    0.01     0.11
DAYS >= .01       159                MM      MM       23
DAYS >= .10        94                MM      MM       15
DAYS >= .50        41                MM      MM        5
DAYS >= 1.00       14                MM      MM        1
GREATEST
 24 HR. TOTAL    2.41   MM                          1.00
 STORM TOTAL       MM
 (MM/DD(HH))            MM

SNOWFALL (INCHES)
TOTALS             MM
SINCE 7/1          MM                MM

DEGREE_DAYS
HEATING TOTAL    4409              5242    -833     1481
 SINCE 7/1       1896              2038    -142     1481
COOLING TOTAL     808               744      64        0
 SINCE 1/1        808               745      63        0
..............................................................

WIND (MPH)
AVERAGE WIND SPEED              5.6
HIGHEST WIND SPEED/DIRECTION    37/290    DATE  02/12
HIGHEST GUST SPEED/DIRECTION    52/230    DATE  07/07

SKY COVER
POSSIBLE SUNSHINE (PERCENT)   MM
AVERAGE SKY COVER           0.50
NUMBER OF DAYS FAIR          130
NUMBER OF DAYS PC            138
NUMBER OF DAYS CLOUDY         97

AVERAGE RH (PERCENT)     69

WEATHER CONDITIONS. NUMBER OF DAYS WITH
THUNDERSTORM              0     MIXED PRECIP               0
HEAVY RAIN               61     RAIN                      78
LIGHT RAIN              180     FREEZING RAIN              0
LT FREEZING RAIN          0     HAIL                       0
HEAVY SNOW                3     SNOW                       8
LIGHT SNOW               38     SLEET                      0
FOG                     238     FOG W/VIS <= 1/4 MILE     57
HAZE                     63

-  INDICATES NEGATIVE NUMBERS.
R  INDICATES RECORD WAS SET OR TIED.
MM INDICATES DATA IS MISSING.
T  INDICATES TRACE AMOUNT.

$$
