000
CXUS51 KRLX 091337 CCA
CLACKB

CLIMATE REPORT
NATIONAL WEATHER SERVICE CHARLESTON WV
837 AM EST WED JAN 9 2019

...................................

...THE CLARKSBURG WV CLIMATE SUMMARY FOR THE YEAR OF 2018...

CLIMATE NORMAL PERIOD 1981 TO 2010
CLIMATE RECORD PERIOD 1922 TO 2018

WEATHER         OBSERVED          NORMAL  DEPART  LAST YEAR`S
                 VALUE   DATE(S)  VALUE   FROM    VALUE
                                          NORMAL
.............................................................
TEMPERATURE (F)
RECORD
 HIGH             102   09/04/1953
                        09/03/1953
                        07/27/1934
 LOW              -24   01/19/1994
HIGHEST            95   07/04
LOWEST             -9   01/03
AVG. MAXIMUM     65.3              63.0     2.3
AVG. MINIMUM     45.7              42.3     3.4
MEAN             55.5R             52.7     2.8     54.9
DAYS MAX >= 90     21               6.5    14.5        2
DAYS MAX <= 32     18              23.6    -5.6       20
DAYS MIN <= 32    111             110.3     0.7       89
DAYS MIN <= 0       5               1.3     3.7        0

PRECIPITATION (INCHES)
RECORD
 MAXIMUM        63.87   1996
 MINIMUM        21.65   1930
TOTALS          56.83             45.83   11.00    53.41
DAILY AVG.       0.16              0.13    0.03     0.14
DAYS >= .01       182                MM      MM      159
DAYS >= .10       122                MM      MM       94
DAYS >= .50        37                MM      MM       41
DAYS >= 1.00        9                MM      MM       14
GREATEST
 24 HR. TOTAL    2.29   MM                          2.41
 STORM TOTAL       MM
 (MM/DD(HH))            MM

SNOWFALL (INCHES)
TOTALS            0.0
SINCE 7/1         0.0                MM

DEGREE_DAYS
HEATING TOTAL    4800              5242    -442     4409
 SINCE 7/1       1763              2038    -275     1896
COOLING TOTAL    1438               744     694      808
 SINCE 1/1       1438               745     693      808
..............................................................

WIND (MPH)
AVERAGE WIND SPEED              5.4
HIGHEST WIND SPEED/DIRECTION    37/270    DATE  03/01
HIGHEST GUST SPEED/DIRECTION    53/220    DATE  04/12

SKY COVER
POSSIBLE SUNSHINE (PERCENT)   MM
AVERAGE SKY COVER           0.50
NUMBER OF DAYS FAIR          133
NUMBER OF DAYS PC            127
NUMBER OF DAYS CLOUDY        104

AVERAGE RH (PERCENT)     69

-  INDICATES NEGATIVE NUMBERS.
R  INDICATES RECORD WAS SET OR TIED.
MM INDICATES DATA IS MISSING.
T  INDICATES TRACE AMOUNT.

$$
