000
CXUS53 KILX 011911
CLACMI

CLIMATE REPORT
NATIONAL WEATHER SERVICE LINCOLN IL
111 PM CST MON JAN 1 2018

...................................

...THE CHAMPAIGN IL AIRPORT CLIMATE SUMMARY FOR THE YEAR OF 2017...

CLIMATE NORMAL PERIOD 1981 TO 2010
CLIMATE RECORD PERIOD 9999 TO 9999

WEATHER         OBSERVED          NORMAL  DEPART  LAST YEAR`S
                 VALUE   DATE(S)  VALUE   FROM    VALUE  DATE(S)
                                          NORMAL
................................................................
TEMPERATURE (F)
RECORD
 HIGH              MM   MM
 LOW               MM   MM
HIGHEST            97   06/13        MM      MM       94  06/11
                                                          06/10
LOWEST            -10   12/27        MM      MM       -4  12/19
AVG. MAXIMUM     65.3              62.0     3.3     64.5
AVG. MINIMUM     44.0              41.3     2.7     44.6
MEAN             54.7              51.6     3.1     54.6
DAYS MAX >= 90     27              15.9    11.1       22
DAYS MAX <= 32     24              34.7   -10.7       29
DAYS MIN <= 32    100             123.5   -23.5      107
DAYS MIN <= 0       7               6.1     0.9        3

PRECIPITATION (INCHES)
RECORD
 MAXIMUM           MM   MM
 MINIMUM           MM   MM
TOTALS          31.88             39.72   -7.84    36.76
DAILY AVG.       0.09                               0.10
DAYS >= .01       111                MM      MM      111
DAYS >= .10        56                MM      MM       76
DAYS >= .50        26                MM      MM       22
DAYS >= 1.00        8                MM      MM        7
GREATEST
 24 HR. TOTAL    2.13   MM                          3.16

SNOWFALL (INCHES)
RECORDS
 TOTAL             MM   MM
 24 HR TOTAL       MM
TOTALS             MM                MM      MM       MM
DAYS >= TRACE      MM                MM      MM       MM
DAYS >= 1.0        MM                MM      MM       MM
GREATEST
 SNOW DEPTH        MM                                 MM  MM
 24 HR TOTAL       MM                                 MM

DEGREE_DAYS
HEATING TOTAL    4802              5822   -1020     4995
COOLING TOTAL    1126               945     181     1284

FREEZE DATES
RECORD
 EARLIEST     MM
 LATEST       MM
EARLIEST                        MM
LATEST                          MM
.................................................................

SKY COVER
POSSIBLE SUNSHINE (PERCENT)   MM



-  INDICATES NEGATIVE NUMBERS.
R  INDICATES RECORD WAS SET OR TIED.
MM INDICATES DATA IS MISSING.
T  INDICATES TRACE AMOUNT.

&&

PRECIPITATION DATA INCOMPLETE DUE TO MISSING DATA.

$$
