000
CXUS51 KGYX 040637
CLACON

PWMCLMCON 000
TTAA00 KGYX 022101


CLIMATE REPORT
NATIONAL WEATHER SERVICE GRAY ME
137 AM EST FRI JAN 4 2019

...................................

...THE CONCORD NH CLIMATE SUMMARY FOR THE YEAR OF 2018...

CLIMATE NORMAL PERIOD 1981 TO 2010
CLIMATE RECORD PERIOD 1868 TO 2018

WEATHER         OBSERVED          NORMAL  DEPART  LAST YEAR`S
                 VALUE   DATE(S)  VALUE   FROM    VALUE  DATE(S)
                                          NORMAL
................................................................
TEMPERATURE (F)
RECORD
 HIGH             102   07/03/1966
                        07/04/1911
 LOW              -37   02/16/1943
HIGHEST            96   07/01        96       0       97  06/12
LOWEST            -19   01/02       -15      -4      -12  12/31
AVG. MAXIMUM     58.4              58.0     0.4     59.3
AVG. MINIMUM     37.0              34.8     2.2     37.1
MEAN             47.7              46.4     1.3     48.2
DAYS MAX >= 90     23              11.5    11.5       15
DAYS MAX <= 32     37              45.3    -8.3       39
DAYS MIN <= 32    164             167.0    -3.0      150
DAYS MIN <= 0      10              14.8    -4.8       11

PRECIPITATION (INCHES)
RECORD
 MAXIMUM        57.99   2008
 MINIMUM        24.17   1965
TOTALS          53.08             40.61   12.47    44.19
DAILY AVG.       0.15              0.11    0.04     0.12
DAYS >= .01       138             130.9     7.1      135
DAYS >= .10        98              78.4    19.6       84
DAYS >= .50        41              27.0    14.0       30
DAYS >= 1.00       15               9.3     5.7       10
GREATEST
 24 HR. TOTAL    2.97   08/08

SNOWFALL (INCHES)
RECORDS
 TOTAL          128.4   1956
TOTALS           83.9              61.4    22.5     83.1
SINCE 7/1        16.7              17.1    -0.4     20.7
SNOWDEPTH AVG.      2
DAYS >= TRACE      48              30.0    18.0       47
DAYS >= 1.0        19              16.2     2.8       19
GREATEST
 SNOW DEPTH        21   01/05
 24 HR TOTAL     16.7   03/13 TO 03/14

DEGREE_DAYS
HEATING TOTAL    6893              7236    -343     6595
 SINCE 7/1       2748              2746       2     2522
COOLING TOTAL     734               452     282      564

FREEZE DATES
RECORD
 EARLIEST     08/29/1986
 LATEST       06/26/1979
EARLIEST                        09/27
LATEST                          05/14
.................................................................

WIND (MPH)
AVERAGE WIND SPEED              5.8
HIGHEST WIND SPEED/DIRECTION    33/310    DATE  05/15
HIGHEST GUST SPEED/DIRECTION    47/320    DATE  01/04

SKY COVER
AVERAGE SKY COVER           0.50

AVERAGE RH (PERCENT)     70


-  INDICATES NEGATIVE NUMBERS.
R  INDICATES RECORD WAS SET OR TIED.
MM INDICATES DATA IS MISSING.
T  INDICATES TRACE AMOUNT.

&&

THE YEAR 2018 WAS THE FOURTH CONSECUTIVE YEAR OF ABOVE NORMAL
TEMPERATURE (SINCE 2014), THE 6TH WETTEST YEAR ON RECORD, AND THE
5TH OUT OF THE LAST 6 YEARS WITH WELL ABOVE NORMAL SNOWFALL. THE
COLD SPELL TO START THE YEAR SAW THE 4TH LONGEST STRETCH OF ZERO
DEGREE TEMPERATURES ON RECORD WHILE A HEAT WAVE IN JUNE AND JULY
BROUGHT THE 5TH LONGEST STRETCH OF 90 DEGREE HEAT. UNPRECEDENTED
WARMTH IN FEBRUARY, BACK TO BACK SNOWSTORMS IN MARCH, THE LATEST
SUBFREEZING DAY ON RECORD IN APRIL, AND ONE OF THE COLDEST
THANKSGIVINGS ON RECORD WERE JUST A FEW OF THE NOTABLE WEATHER
HIGHLIGHTS OF 2018.

THE YEAR BEGAN IN THE MIDST OF AN INTENSE COLD WAVE THAT HAD BEGUN
ON CHRISTMAS DAY AND INTENSIFIED INTO THE NEW YEAR. THE COLDEST
TEMPERATURE OF THIS COLD WAVE WAS ON JANUARY 2 WHEN THE TEMPERATURE
FELL TO 19 BELOW ZERO. JUST AS THE WORST OF THE COLD STARTED TO
ABATE, A STRONG NOR`EASTER BROUGHT 13 INCHES OF SNOW AND 47 MPH
WINDS CREATING BLIZZARD CONDITIONS ON JANUARY 4. MORE COLD AIR
POURED IN BEHIND THE STORM. WHEN THE COLD SPELL FINALLY BROKE,
CONCORD HAD SEEN 12 STRAIGHT DAYS WITH A TEMPERATURE OF ZERO OR
COLDER, THE 4TH LONGEST SUCH STRETCH ON RECORD.

MOST CONSECUTIVE DAYS WITH LOW OF ZERO OR COLDER (SINCE 1868)...
RANK  DAYS  DATES
1      16   DEC 30, 1967 - JAN 14, 1968
       16   JAN 23 - FEB 7, 1948
3      13   FEB 7 - FEB 19, 1875
4      12   DEC 27, 2017 - JAN 7, 2018 <===
       12   FEB 9, 1979 - FEB 20, 1979
       12   JAN 6 - JAN 17, 1942
7      11   DEC 23, 1872 - JAN 2, 1873
8      10   JAN 15, 1875 - JAN 24, 1875

AFTER NEARLY TWO WEEKS OF BRUTAL COLD, THE JANUARY THAW ARRIVED. THE
TEMPERATURE WARMED INTO THE 50S FOR THREE DAYS FROM JANUARY 11 THRU
13. THIS ALONG WITH MORE THAN AN INCH OF RAIN PUT A DENT IN THE SNOW
COVER WHICH HAD BUILT UP THROUGH THE COLD SPELL. A COLD FRONT ON
JANUARY 13 PUT AN END TO THE THAW WITH THE TEMPERATURE DROPPING FROM
57 DEGREES THAT MORNING ALL THE WAY TO 12 DEGREES BY MIDNIGHT.
ALTHOUGH IT GOT COLD AGAIN BEHIND THIS COLD FRONT, IT WAS A FAR CRY
FROM THE EXTREME COLD SEEN JUST A WEEK EARLIER. IN FACT, ALTHOUGH
CONCORD SAW A FEW MORE BOUTS OF WINTRY SNOW AND ICE, THE TEMPERATURE
BEGAN TO TREND ABOVE NORMAL FROM THE LAST HALF OF JANUARY RIGHT
THROUGH FEBRUARY. THIS GRADUAL WARMING INTENSIFIED DRAMATICALLY IN
THE LAST HALF OF FEBRUARY AS THE TEMPERATURE HIT 60 DEGREES ON 3
DIFFERENT DAYS, INCLUDING 74 DEGREES ON FEBRUARY 21. THIS WAS THE
WARMEST TEMPERATURE EVER OBSERVED IN THE MONTH OF FEBRUARY.

WARMEST TEMPERATURE IN FEBRUARY (SINCE 1868)...
RANK  TEMP  DATE
1      74   FEB 21, 2018  <===
2      69   FEB 24, 2017
3      68   FEB 25, 2017
       68   FEB 27, 1880
       68   FEB 12, 1872
6      67   FEB 22, 1997
7      66   FEB 26, 1957
       66   FEB 20, 1930
9      65   FEB 23, 2017
       65   FEB 9, 1886
       65   FEB 28, 1877

ALTHOUGH THE WARM FEBRUARY SENT SIGNALS OF AN EARLY SPRING, WINTER
HAD OTHER PLANS IN MIND. AN NOR`EASTER BROUGHT MORE THAN 10 INCHES
OF SNOW ON MARCH 7 AND 8, WITH AN EVEN BIGGER SNOWFALL COMING A WEEK
LATER WHEN MORE THAN 17 INCHES WAS RECORDED ON MARCH 13 AND 14. COLD
AIR POURED IN BEHIND THE SECOND STORM BRINGING WINTER-LIKE COLD IN
THE MIDDLE OF MARCH. ALTHOUGH IT BEGAN TO WARM UP AGAIN TOWARD THE
END OF MARCH, THE LATE SEASON SNOW AND COLD WAS ENOUGH TO KEEP THE
WINTER SNOW COVER ON THE GROUND UNTIL THE END OF MARCH FOR THE 5TH
TIME IN THE LAST 6 YEARS. A SERIES OF UPPER LEVEL TROUGHS BROUGHT
COLD AND SHOWERY WEATHER FOR MUCH OF APRIL. THE MOST INTENSE OF THIS
ROUND OF COLD CAME IN MID APRIL WHEN THE TEMPERATURE DID NOT RISE
ABOVE FREEZING ON APRIL 15, WITH SLEET AND FREEZING RAIN FALLING
MOST OF THE DAY. THIS WAS THE LATEST SUBFREEZING DAY ON RECORD AT
CONCORD. HEAVY RAIN MOVED IN THE NEXT DAY AS WARM AIR PUSHED THE
UNUSUALLY INTENSE LATE SEASON COLD AWAY. THE LAST FREEZE OF THE
SEASON CAME ON APRIL 24, ABOUT 3 WEEKS EARLIER THAN NORMAL.

LATEST DAYS IN SPRING WITH HIGH OF 32 OR COLDER (SINCE 1868)...
RANK  HIGH  DATE
1      32   APR 15, 2018  <===
2      30   APR 12, 1874
3      31   APR 10, 1917
4      29   APR 9, 1997
       29   APR 9, 1974

ALTHOUGH THE WARMTH OF SPRING WAS SLOW TO ARRIVE, IT ACCELERATED
INTO SUMMER HEAT IN A HURRY. THE TEMPERATURE HIT 90 DEGREES ON MAY
2, THE EARLIEST 90 DEGREE DAY IN CONCORD SINCE 2009. THE WEATHER
PATTERN HAD SHIFTED FROM A COOL AND WET ONE TO A WARM AND DRY ONE.
NORMALLY SPRING SEES THE MOST FREQUENT RAINFALL OF THE YEAR, BUT NOT
THIS YEAR AS CONCORD SAW ITS 8TH WARMEST AND 10TH DRIEST MAY ON
RECORD. ALTHOUGH THERE WAS A BRIEF PERIOD OF COOL, DAMP, ONSHORE
WINDS AT THE BEGINNING OF JUNE, A SIMILAR PATTERN RESUMED WITH ROUND
AFTER ROUND OF DRY HIGH PRESSURE BUILDING OUT OF CANADA. THIS
BROUGHT WARM DAYS AND COOL NIGHTS UNTIL THE LAST PART OF JUNE.

A LOW PRESSURE SYSTEM BROUGHT MORE THAN AN INCH OF RAIN ON JUNE 28,
THE MOST SIGNIFICANT RAINFALL IN MORE THAN 2 MONTHS. THIS WAS THE
START OF A SHIFT IN THE WEATHER PATTERN AS HOT AND HUMID CONDITIONS
BECAME DOMINANT. CONCORD TOPPED 90 DEGREES FOR 7 DAYS IN A ROW FROM
JUNE 29 THRU JULY 5, THE 5TH LONGEST SUCH STRETCH ON RECORD.

MOST CONSECUTIVE DAYS AT 90 DEGREES OR HIGHER (SINCE 1868)...
RANK  DAYS  MAX  DATES
1       9    99  AUG 11 TO 19, 2002
2       8    94  JUL 24 TO 31, 1970
        8    99  AUG 10 TO 17, 1944
        8    97  JUL 3 TO 10, 1912
5       7    96  JUN 29 TO JUL 5, 2018 <===
        7   101  JUL 15 TO 21, 1977
7       6*   99  JUL 4 TO 9, 2010
*MOST RECENT OF SEVERAL OCCURRENCES

A FEW COLD FRONTS BROUGHT SOME COOLER WEATHER IN MID JULY, BUT THE
HEAT KEPT RETURNING. ANOTHER PERIOD OF WARM AND HUMID WEATHER BEGAN
IN LATE JULY AS A RIDGE OF HIGH PRESSURE DEVELOPED OVER THE EAST
COAST AND WESTERN ATLANTIC, CONSISTENTLY PUMPING TROPICAL HEAT AND
HUMIDITY INTO NEW ENGLAND. THE HEAT AND HUMIDITY FREQUENTLY BUBBLED
OVER INTO SHOWERS AND THUNDERSTORMS IN THE AFTERNOONS. RAIN WAS
OBSERVED ON 7 STRAIGHT DAYS FROM JULY 22 TO 28 WITH OCCASIONALLY
HEAVY SHOWERS AND STORMS CONTINUING INTO AUGUST. THE HEAVIEST RAIN
CAME ON AUGUST 8 WHEN NEARLY 3 INCHES WAS RECORDED, THOUGH THERE
WERE 6 DIFFERENT DAYS THAT RECORDED MORE THAN AN INCH OF RAIN FROM
LATE JULY THROUGH MID AUGUST. IN ADDITION TO THE FREQUENT HEAVY
SHOWERS, ANOTHER SIGN OF THE PERSISTENT HUMIDITY WAS THE WARM
NIGHTTIME LOW TEMPERATURES, AS HUMID AIR DOES NOT COOL VERY WELL.
FOR 8 STRAIGHT DAYS FROM AUGUST 2 TO 9 CONCORD DID NOT DROP BELOW 65
DEGREES. ALTHOUGH A FEW MORE COLD FRONTS IN SEPTEMBER HELPED TO
OCCASIONALLY PUSH BACK THE WARM AND HUMID WEATHER, THE PERSISTENT
RIDGE OVER THE WESTERN ATLANTIC KEPT BRINGING BACK THE FLOW OF WARM,
MOIST AIR FROM THE TROPICS. THE REMNANTS OF HURRICANE FLORENCE
ROTATED AROUND THIS RIDGE AND PASSED THROUGH NEW ENGLAND ON
SEPTEMBER 18, ALTHOUGH IT ONLY QUICKLY GRAZED CONCORD WITH ALMOST AN
INCH OF RAIN. THE LAST GASP OF SUMMER-LIKE WARMTH WAS IN MID OCTOBER
WHEN CONCORD TOPPED 80 DEGREES ON OCTOBER 9 AND 10.

A COLD FRONT ON OCTOBER 11 BROUGHT ANOTHER INCH OF RAIN BUT MORE
SIGNIFICANTLY USHERED IN A SHIFT IN THE WEATHER PATTERN. A TROUGH
DEVELOPED OVER THE CENTRAL AND EASTERN UNITED STATES BRINGING
SEVERAL ROUNDS OF COLD AIR INTO THE AREA. THE FIRST FREEZE OF THE
SEASON CAME ON OCTOBER 13, ABOUT TWO WEEKS LATER THAN NORMAL AND
ONLY A FEW DAYS AFTER HITTING 80 DEGREES. THIS, COMBINED WITH THE
EARLY LAST FREEZE IN SPRING BROUGHT CONCORD ITS LONGEST GROWING
SEASON ON RECORD.

LONGEST STRETCHES OF ABOVE FREEZING TEMPERATURES (SINCE 1868)...
RANK  DAYS  DATES
1      172  APR 24 TO OCT 13, 2018  <===
2      171  APR 23 TO OCT 11, 1889
       171  APR 24 TO OCT 12, 1872
4      170  MAY 1 TO OCT 18, 1909
5      166  MAY 12 TO OCT 25, 1921

AS THE NEW PATTERN ESTABLISHED ITSELF WITH A TROUGH OF LOW PRESSURE
OVER THE CENTRAL AND EASTERN UNITED STATES, NEW ENGLAND FREQUENTLY
FOUND ITSELF ON THE EASTERN SIDE OF THE UPPER LEVEL TROUGH. THIS
MEANT THAT STORMS EXITING THE COUNTRY OFTEN TRACKED NEAR THE AREA
BRINGING A NEW ROUND OF PRECIPITATION EVERY FEW DAYS. THE CLOUDY,
WET WEATHER LED TO A LOT OF COOL DAYS AND MILD NIGHTS, BUT EVEN THIS
BEGAN TO CHANGE IN MID NOVEMBER. AFTER ANOTHER INCH OF RAIN ON
NOVEMBER 13, ARCTIC AIR POURED IN BEHIND A COLD FRONT. THE
TEMPERATURE DID NOT GET ABOVE FREEZING AGAIN FOR THE NEXT TWO DAYS.
THE FIRST SNOWFALL OF THE SEASON CAME ON NOVEMBER 15 AND 16 WHEN
MORE THAN 5 INCHES WAS RECORDED. NORMALLY AN EARLY SEASON SNOW SUCH
AS THIS DOES NOT STICK AROUND LONG, BUT A SECOND SNOWSTORM CAME ON
NOVEMBER 19 AND 20 WITH MORE THAN 6 INCHES THIS TIME. EVEN COLDER
AIR POURED IN BEHIND THIS STORM BRINGING MID-WINTER COLD JUST IN
TIME FOR THANKSGIVING. IT WAS THE COLDEST THANKSGIVING SINCE 1873 AS
THE TEMPERATURE FELL TO 6 DEGREES THANKSGIVING MORNING, NOVEMBER 22,
AND ONLY WARMED TO 17 DEGREES THAT AFTERNOON. AFTER SOME MODERATING
TEMPERATURES AT THE END OF NOVEMBER AND BEGINNING OF DECEMBER, ONE
MORE COLD SPELL ARRIVED IN THE FIRST HALF OF DECEMBER. FINALLY,
THOUGH, THE FREQUENT STORMINESS ENDED AS CONCORD WENT 12 DAYS
WITHOUT MEASURABLE PRECIPITATION. WARMER WEATHER BEGAN TO SPILL INTO
THE REGION IN MID DECEMBER. A RAINSTORM ON DECEMBER 21 WAS
ACCOMPANIED BY 60 DEGREE WARMTH AND MELTED OFF THE EARLY SEASON SNOW
COVER JUST BEFORE CHRISTMAS. IT REMAINED A BIT WARMER THAN NORMAL
THROUGH THE END OF THE YEAR, THOUGH SNOW RETURNED AGAIN ON NEW YEARS
EVE WITH 1.7 INCHES RECORDED BEFORE MIDNIGHT.

THE AVERAGE TEMPERATURE FOR THE YEAR WAS 47.7 DEGREES WHICH WAS 1.3
DEGREES ABOVE NORMAL AND THE FOURTH CONSECUTIVE ABOVE NORMAL YEAR.
THE WARMEST YEAR WAS IN 2016 WHEN THE AVERAGE TEMPERATURE WAS 49.3
DEGREES. THE COLDEST WAS IN 1918 WHEN IT WAS ONLY 41.1 DEGREES. THE
FOLLOWING TABLE LISTS THE AVERAGE TEMPERATURES FOR EACH MONTH OF
2018 INCLUDING DEPARTURES FROM NORMAL.

AVERAGE TEMPERATURES BY MONTH IN 2018
MONTH      MAXIMUM       MINIMUM      AVERAGE      NOTES
JANUARY    32.0 (+1.2)   12.0 (+1.6)  22.0 (+1.4)
FEBRUARY   41.5 (+6.6)   20.3 (+6.5)  30.9 (+6.6)  2ND WARMEST
MARCH      42.3 (-1.5)   24.7 (+2.2)  33.5 (+0.4)
APRIL      52.0 (-5.4)   31.2 (-1.5)  41.6 (-3.5)
MAY        75.2 (+6.3)   46.3 (+3.7)  60.7 (+4.9)  8TH WARMEST
JUNE       78.0 (+0.6)   51.3 (-1.2)  64.7 (-0.2)
JULY       86.2 (+3.9)   60.0 (+2.3)  73.1 (+3.1)
AUGUST     83.3 (+2.4)   62.4 (+6.3)  72.8 (+4.3)  2ND WARMEST
SEPTEMBER  74.8 (+2.2)   54.4 (+7.0)  64.6 (+4.6)  5TH WARMEST
OCTOBER    56.4 (-4.1)   37.4 (+1.6)  46.9 (-1.3)
NOVEMBER   40.7 (-7.7)   25.8 (-2.4)  33.2 (-5.1)
DECEMBER   37.8 (+1.5)   19.0 (+1.8)  28.4 (+1.6)
ANNUAL     58.4 (+0.4)   37.0 (+2.2)  47.7 (+1.3)

A TOTAL OF 53.08 INCHES OF PRECIPITATION FELL WHICH WAS 12.47 INCHES
ABOVE NORMAL AND THE 6TH WETTEST YEAR ON RECORD. THE HEAVIEST
PRECIPITATION FELL ON AUGUST 8 WHEN THUNDERSTORMS DROPPED 2.97
INCHES OF RAIN ON THE CITY CONTRIBUTING TO THE WETTEST AUGUST ON
RECORD. A PROLONGED PERIOD OF STORMY WEATHER ALSO BROUGHT FREQUENT
PRECIPITATION FROM LATE OCTOBER THROUGH NOVEMBER. THE WETTEST YEAR
ON RECORD WAS IN 2008 WHEN 57.99 INCHES OF PRECIPITATION FELL. THE
DRIEST WAS IN 1965 WHEN ONLY 24.17 INCHES WAS MEASURED. THE
FOLLOWING TABLE LISTS THE WETTEST YEARS ON RECORD AT CONCORD.

MOST PRECIPITATION IN A CALENDAR YEAR (SINCE 1868)...
RANK  PRECIP  YEAR
1     57.99   2008
2     57.28   2005
3     55.25   2006
4     54.79   2011
5     54.33   1888
6     53.08   2018  <===
7     50.05   1897
8     49.27   1951
9     48.79   1936
10    48.43   1938

THE FOLLOWING TABLE LISTS THE PRECIPITATION AND SNOWFALL AMOUNTS FOR
EACH MONTH IN 2018 INCLUDING DEPARTURES FROM NORMAL.

MONTHLY PRECIPITATION AND SNOWFALL TOTALS FOR 2018
MONTH      PRECIPITATION   SNOWFALL      NOTES
JANUARY    3.18   (+0.48)  17.9  (-0.2)
FEBRUARY   3.58   (+0.96)  18.9  (+6.6)
MARCH      2.58   (-0.69)  28.7 (+17.6)
APRIL      4.30   (+0.89)  1.7   (-1.1)
MAY        1.01   (-2.65)  0.0           10TH DRIEST
JUNE       3.06   (-0.63)  0.0
JULY       4.87   (+1.13)  0.0
AUGUST     10.67  (+7.49)  0.0           WETTEST
SEPTEMBER  4.71   (+1.33)  0.0
OCTOBER    4.54   (+0.50)  0.0
NOVEMBER   7.52   (+3.80)  13.3 (+10.7)  2ND WETTEST
DECEMBER   3.26   (+0.06)  3.4  (-11.1)
ANNUAL     53.08 (+12.47)  83.9 (+22.5)

THERE WERE 15 DAYS THAT RECORDED AT LEAST 1.00 INCH OF
PRECIPITATION. THIS IS 5.7 DAYS ABOVE NORMAL AND THE THIRD MOST ON
RECORD AT CONCORD (MOST IS 16 IN 2008 AND 1983). THE FOLLOWING
TABLES LIST THE YEARS WITH THE MOST DAYS WITH 1.00 INCH OF
PRECIPITATION OR MORE FOLLOWED BY THE DAYS IN 2018 WHICH RECORDED AT
LEAST 1.00 INCH OF PRECIPITATION.

MOST DAYS WITH 1.00 INCH OR MORE OF PRECIPITATION (SINCE 1868)...
RANK  DAYS  YEAR
1      16   2008
       16   1983
3      15   2018  <===
       15   2011
       15   1878
6      14   2010
       14   2009
       14   2005
       14   1951

DAYS WITH AT LEAST 1.00 INCH OF PRECIPITATION IN 2018
DAY           PRECIPITATION
APRIL 16      1.80
JUNE 28       1.13
JULY 28       1.64
AUGUST 1      1.70
AUGUST 3      1.41
AUGUST 8      2.97
AUGUST 12     1.01
AUGUST 22     1.14
SEPTEMBER 10  1.23
SEPTEMBER 25  1.08
OCTOBER 2     1.20
OCTOBER 11    1.11
NOVEMBER 2    1.08
NOVEMBER 13   1.22
DECEMBER 21   1.04

SNOWFALL STATISTICS ARE NORMALLY LISTED BY SEASON RATHER THAN BY
CALENDAR YEAR. HOWEVER, 2018 SAW 83.9 INCHES OF SNOWFALL WHICH WAS
22.5 INCHES ABOVE NORMAL. THIS IS THE 5TH OF THE LAST 6 YEARS IN
WHICH CONCORD HAS RECORDED MORE THAN A FOOT ABOVE NORMAL SNOWFALL.
THE HEAVIEST SNOWSTORM WAS ON MARCH 13 AND 14 WHEN 17.1 INCHES FELL.
THERE WERE 19 DAYS WHICH MEASURED AT LEAST 1.0 INCH OF SNOWFALL. AT
LEAST 6.0 INCHES WAS RECORDED ON 4 DAYS IN 2018. THE FOLLOWING TABLE
LISTS THE DAYS WHICH RECEIVED 6 INCHES OR MORE OF SNOWFALL IN 2018.

DAYS WITH AT LEAST 6 INCHES OF SNOWFALL IN 2018
DAYS          SNOWFALL
JANUARY 4     13.0
FEBRUARY 7    6.8
MARCH 8       7.8
MARCH 13      15.1

SNOW DEPTH PEAKED AT 21 INCHES ON JANUARY 5 AFTER AN INTENSE
NOR`EASTER BROUGHT BLIZZARD CONDITIONS NEAR THE END OF AN EXTENDED
PERIOD OF BRUTAL COLD. WARM CONDITIONS IN FEBRUARY AND EARLY MARCH
BROUGHT THE SNOW COVER DOWN TO ONLY 1 INCH IN THE FIRST WEEK OF
MARCH, BUT TWO MORE BIG SNOWSTORMS AND MORE COLD AIR BROUGHT SNOW
DEPTH BACK UP TO 18 INCHES AGAIN ON MARCH 14. THE LAST OF THIS SNOW
COVER REMAINED ON THE GROUND UNTIL THE MORNING OF APRIL 1. THE SNOW
SEASON BEGAN EARLY THIS FALL WITH THE FIRST SNOWSTORM ON NOVEMBER
15. MORE SNOW FELL A FEW DAYS LATER AND UNUSUALLY COLD WEATHER KEPT
THIS ON THE GROUND FOR MORE THAN A MONTH. HOWEVER, WARM AND WET
WEATHER IN THE LAST HALF OF DECEMBER MELTED THE SNOW COVER BEFORE
CHRISTMAS. THERE WERE A TOTAL OF 127 DAYS WITH AT LEAST 1 INCH OF
SNOW ON THE GROUND, 47 DAYS MORE THAN NORMAL AND THE 5TH MOST ON
RECORD. THERE WERE 65 DAYS WITH AT LEAST 6 INCHES OF SNOW ON THE
GROUND, 22 DAYS MORE THAN NORMAL. AT LEAST 12 INCHES OF SNOW WAS ON
THE GROUND ON 12 DAYS, 8 DAYS FEWER THAN NORMAL. THE FOLLOWING TABLE
LISTS THE YEARS WITH THE MOST DAYS WITH AT LEAST 6 INCHES OF SNOW ON
THE GROUND.

DAYS WITH 1 INCH OR MORE OF SNOW ON THE GROUND (SINCE 1868)...
RANK  DAYS  YEAR
1     141   1971
2     132   2014
3     130   1972
4     128   1967
5     127   2018  <===
6     122   2017
      122   2008
8     120   1978
9     117   2005
      117   1956

THE FOLLOWING DAILY RECORDS WERE SET OR TIED IN 2018...
DATE    RECORD                               PREVIOUS
FEB 21  74   - WARMEST HIGH TEMPERATURE      64 IN 1872
AUG 3   1.41 - GREATEST PRECIPITATION        1.09 IN 2008
AUG 8   2.97 - GREATEST PRECIPITATION        2.24 IN 1937
SEP 3   94   - WARMEST HIGH TEMPERATURE      93 IN 1973
SEP 5   91   - WARMEST HIGH TEMPERATURE      91 IN 1961 AND OTHERS (TIED)
SEP 6   92   - WARMEST HIGH TEMPERATURE      91 IN 1998
DEC 21  62   - WARMEST HIGH TEMPERATURE      60 IN 1994

$$

KIMBLE
