000
CXUS52 KCAE 012103
CLACUB


CLIMATE REPORT
NATIONAL WEATHER SERVICE COLUMBIA SC
332 PM EST MON JAN 1 2018

...................................

...THE HAMILTON - OWENS AIRPORT SC CLIMATE SUMMARY FOR THE YEAR OF 2017...

CLIMATE NORMAL PERIOD 1981 TO 2010
CLIMATE RECORD PERIOD 9999 TO 9999

WEATHER         OBSERVED          NORMAL  DEPART
                 VALUE   DATE(S)  VALUE   FROM
                                          NORMAL
................................................
TEMPERATURE (F)
HIGHEST            97   08/19        MM      MM
                        08/17
                        08/18
LOWEST             23   01/09        MM      MM
                        01/08
AVG. MAXIMUM     78.2              75.7     2.5
AVG. MINIMUM     56.7              54.0     2.7
MEAN             67.5              64.9     2.6
DAYS MAX >= 90     98              71.4    26.6
DAYS MAX <= 32      0               0.2    -0.2
DAYS MIN <= 32     23              32.7    -9.7
DAYS MIN <= 0       0               0.0     0.0

PRECIPITATION (INCHES)
TOTALS          46.21             45.40    0.81
DAILY AVG.       0.13              0.12    0.01
DAYS >= .01       103                MM      MM
DAYS >= .10        65                MM      MM
DAYS >= .50        34                MM      MM
DAYS >= 1.00       15                MM      MM
GREATEST
 24 HR. TOTAL    3.12   04/05



DEGREE_DAYS
HEATING TOTAL    1695              2316    -621
 SINCE 7/1        832               900     -68
COOLING TOTAL    2691              2262     429
 SINCE 1/1       2691              2260     431


.................................................

WIND (MPH)
AVERAGE WIND SPEED              3.8
HIGHEST WIND SPEED/DIRECTION    36/250    DATE  07/06
HIGHEST GUST SPEED/DIRECTION    48/290    DATE  07/24



-  INDICATES NEGATIVE NUMBERS.
R  INDICATES RECORD WAS SET OR TIED.
MM INDICATES DATA IS MISSING.
T  INDICATES TRACE AMOUNT.

$$
