482
CXUS52 KCAE 012124
CLACUB


CLIMATE REPORT
NATIONAL WEATHER SERVICE COLUMBIA SC
406 PM EST TUE JAN 1 2019

...................................

...THE HAMILTON - OWENS AIRPORT SC CLIMATE SUMMARY FOR THE YEAR OF 2018...

CLIMATE NORMAL PERIOD 1981 TO 2010
CLIMATE RECORD PERIOD 9999 TO 9999

WEATHER         OBSERVED          NORMAL  DEPART
                 VALUE   DATE(S)  VALUE   FROM
                                          NORMAL
................................................
TEMPERATURE (F)
HIGHEST           100   07/11        MM      MM
                        06/20
                        06/19
LOWEST             16   01/05        MM      MM
AVG. MAXIMUM     76.2              75.7     0.5
AVG. MINIMUM     56.2              54.0     2.2
MEAN             66.2              64.9     1.3
DAYS MAX >= 90     96              71.4    24.6
DAYS MAX <= 32      0               0.2    -0.2
DAYS MIN <= 32     30              32.7    -2.7
DAYS MIN <= 0       0               0.0     0.0

PRECIPITATION (INCHES)
TOTALS          51.49             45.40    6.09
DAILY AVG.       0.14              0.12    0.02
DAYS >= .01       127                MM      MM
DAYS >= .10        79                MM      MM
DAYS >= .50        38                MM      MM
DAYS >= 1.00       18                MM      MM
GREATEST
 24 HR. TOTAL    3.05   10/11 TO 10/11

DEGREE_DAYS
HEATING TOTAL    2232              2316     -84
 SINCE 7/1        906               900       6
COOLING TOTAL    2784              2262     522
 SINCE 1/1       2784              2260     524

FREEZE DATES
EARLIEST                        MM
LATEST                          MM
.................................................

WIND (MPH)
AVERAGE WIND SPEED              3.9
HIGHEST WIND SPEED/DIRECTION    32/300    DATE  03/01
HIGHEST GUST SPEED/DIRECTION    50/290    DATE  03/01

WEATHER CONDITIONS. NUMBER OF DAYS WITH
THUNDERSTORM             70     MIXED PRECIP               0
HEAVY RAIN               66     RAIN                      78
LIGHT RAIN              136     FREEZING RAIN              0
LT FREEZING RAIN          0     HAIL                       0
HEAVY SNOW                0     SNOW                       0
LIGHT SNOW                0     SLEET                      0
FOG                     182     FOG W/VIS <= 1/4 MILE     11
HAZE                     52

-  INDICATES NEGATIVE NUMBERS.
R  INDICATES RECORD WAS SET OR TIED.
MM INDICATES DATA IS MISSING.
T  INDICATES TRACE AMOUNT.

$$
