000
CXUS51 KALY 020556 CCA
CLADDH

CLIMATE REPORT
NATIONAL WEATHER SERVICE ALBANY NY
315 PM EST TUE JAN 1 2019

...................................

...THE BENNINGTON VT CLIMATE SUMMARY FOR THE YEAR OF 2018...

CLIMATE NORMAL PERIOD 1981 TO 2010
CLIMATE RECORD PERIOD 9999 TO 9999

WEATHER         OBSERVED          NORMAL  DEPART  LAST YEAR`S
                 VALUE   DATE(S)  VALUE   FROM    VALUE  DATE(S)
                                          NORMAL
................................................................
TEMPERATURE (F)
HIGHEST            94   07/16                         90  09/25
                        07/01                             06/12
                        07/02                             05/18
LOWEST            -23   01/07                        -11  12/30
AVG. MAXIMUM     57.6              56.5     1.1     58.2
AVG. MINIMUM     37.6              35.5     2.1     37.4
MEAN             47.6              46.0     1.6     47.8
DAYS MAX >= 90     12               1.5    10.5        3
DAYS MAX <= 32     40              46.4    -6.4       45
DAYS MIN <= 32    158             156.3     1.7      137
DAYS MIN <= 0      11              10.8     0.2        7

PRECIPITATION (INCHES)
TOTALS          44.52             40.70    3.82    41.70
DAILY AVG.       0.12              0.11    0.01     0.12
DAYS >= .01       157                                138
DAYS >= .10       104                                 79
DAYS >= .50        27                                 28
DAYS >= 1.00        7                                 10
GREATEST
 24 HR. TOTAL    2.34   09/18 TO 09/18

DEGREE_DAYS
HEATING TOTAL    6834              7236    -402     6561
 SINCE 7/1       2596              2772    -176     2560
COOLING TOTAL     637               312     325      395
 SINCE 1/1        637               313     324      395

FREEZE DATES
EARLIEST                        10/01
LATEST                          05/10
.................................................................

WIND (MPH)
AVERAGE WIND SPEED              4.7
HIGHEST WIND SPEED/DIRECTION    36/190    DATE  05/04
HIGHEST GUST SPEED/DIRECTION    53/290    DATE  05/04


WEATHER CONDITIONS. NUMBER OF DAYS WITH
THUNDERSTORM             18     MIXED PRECIP               0
HEAVY RAIN               36     RAIN                      60
LIGHT RAIN              140     FREEZING RAIN              4
LT FREEZING RAIN          6     HAIL                       0
HEAVY SNOW                6     SNOW                      16
LIGHT SNOW               65     SLEET                      0
FOG                     214     FOG W/VIS <= 1/4 MILE     32
HAZE                     58

-  INDICATES NEGATIVE NUMBERS.
R  INDICATES RECORD WAS SET OR TIED.
MM INDICATES DATA IS MISSING.
T  INDICATES TRACE AMOUNT.

$$
