000
CXUS53 KEAX 021608
CLADMO

CLIMATE REPORT
NATIONAL WEATHER SERVICE KANSAS CITY/PLEASANT HILL MO
1001 AM CST TUE JAN 2 2018

...................................

...THE SEDALIA MO CLIMATE SUMMARY FOR THE YEAR OF 2017...

CLIMATE NORMAL PERIOD 1981 TO 2010
CLIMATE RECORD PERIOD 9999 TO 9999

WEATHER         OBSERVED          NORMAL  DEPART
                 VALUE   DATE(S)  VALUE   FROM
                                          NORMAL
................................................
TEMPERATURE (F)
HIGHEST            98   07/22        98       0
                        07/21
LOWEST                  12/31                 0
AVG. MAXIMUM     68.9              66.4     2.5
AVG. MINIMUM     48.2              46.7     1.5
MEAN             58.5              56.5     2.0
DAYS MAX >= 90     36              33.4     2.6
DAYS MAX <= 32     17              23.3    -6.3
DAYS MIN <= 32     79             115.9   -36.9
DAYS MIN <= 0       1               5.0    -4.0

PRECIPITATION (INCHES)
TOTALS          35.51             41.11   -5.60
DAILY AVG.       0.10              0.11   -0.01
DAYS >= .01        88             103.4   -15.4
DAYS >= .10        58              64.9    -6.9
DAYS >= .50        23              26.8    -3.8
DAYS >= 1.00        9              11.2    -2.2
GREATEST
 24 HR. TOTAL    3.03   MM

DEGREE_DAYS
HEATING TOTAL    3785              4570    -785
COOLING TOTAL    1491              1491       0
.................................................

WIND (MPH)
AVERAGE WIND SPEED              9.3
HIGHEST WIND SPEED/DIRECTION    45/290    DATE  03/06
HIGHEST GUST SPEED/DIRECTION    57/290    DATE  03/06

SKY COVER
POSSIBLE SUNSHINE (PERCENT)    0
AVERAGE SKY COVER           0.30
NUMBER OF DAYS FAIR          228
NUMBER OF DAYS PC             83
NUMBER OF DAYS CLOUDY         54

AVERAGE RH (PERCENT)     69

WEATHER CONDITIONS. NUMBER OF DAYS WITH
THUNDERSTORM             50     MIXED PRECIP               0
HEAVY RAIN               41     RAIN                      48
LIGHT RAIN              104     FREEZING RAIN              1
LT FREEZING RAIN          2     HAIL                       0
HEAVY SNOW                0     SNOW                       0
LIGHT SNOW                8     SLEET                      0
FOG                     129     FOG W/VIS <= 1/4 MILE     19
HAZE                     19

-  INDICATES NEGATIVE NUMBERS.
R  INDICATES RECORD WAS SET OR TIED.
MM INDICATES DATA IS MISSING.
T  INDICATES TRACE AMOUNT.

$$
