000
CXUS53 KEAX 010803
CLADMO

CLIMATE REPORT
NATIONAL WEATHER SERVICE KANSAS CITY/PLEASANT HILL MO
153 AM CST TUE JAN 1 2019
...................................

...THE SEDALIA MO CLIMATE SUMMARY FOR THE YEAR OF 2018...

CLIMATE NORMAL PERIOD 1981 TO 2010
CLIMATE RECORD PERIOD 9999 TO 9999

WEATHER         OBSERVED          NORMAL  DEPART
                 VALUE   DATE(S)  VALUE   FROM
                                          NORMAL
................................................
TEMPERATURE (F)
HIGHEST            99   07/12        98       1
LOWEST             -8   01/01                -7
AVG. MAXIMUM     65.7              66.4    -0.7
AVG. MINIMUM     46.0              46.7    -0.7
MEAN             55.8              56.5    -0.7
DAYS MAX >= 90     59              33.4    25.6
DAYS MAX <= 32     26              23.3     2.7
DAYS MIN <= 32    111             115.9    -4.9
DAYS MIN <= 0       5               5.0     0.0

PRECIPITATION (INCHES)
TOTALS          34.00             41.11   -7.11
DAILY AVG.       0.09              0.11   -0.02
DAYS >= .01       108             103.4     4.6
DAYS >= .10        64              64.9    -0.9
DAYS >= .50        22              26.8    -4.8
DAYS >= 1.00        9              11.2    -2.2
GREATEST
 24 HR. TOTAL    2.47   MM

DEGREE_DAYS
HEATING TOTAL    5090              4570     520
COOLING TOTAL    1890              1491     399
.................................................

WIND (MPH)
AVERAGE WIND SPEED              9.0
HIGHEST WIND SPEED/DIRECTION    38/100    DATE  06/02
HIGHEST GUST SPEED/DIRECTION    55/110    DATE  06/02

SKY COVER
POSSIBLE SUNSHINE (PERCENT)    0
AVERAGE SKY COVER           0.40
NUMBER OF DAYS FAIR          209
NUMBER OF DAYS PC             92
NUMBER OF DAYS CLOUDY         63

AVERAGE RH (PERCENT)     72

WEATHER CONDITIONS. NUMBER OF DAYS WITH
  0
 49
  1
  0
  4
  0
 12
HAZE                     34

-  INDICATES NEGATIVE NUMBERS.
R  INDICATES RECORD WAS SET OR TIED.
MM INDICATES DATA IS MISSING.
T  INDICATES TRACE AMOUNT.

$$
