479
CXUS52 KCAE 012124
CLADNL


CLIMATE REPORT
NATIONAL WEATHER SERVICE COLUMBIA SC
406 PM EST TUE JAN 1 2019

...................................

...THE AUGUSTA DANIEL FIELD GA CLIMATE SUMMARY FOR THE YEAR OF 2018...

CLIMATE NORMAL PERIOD 1981 TO 2010
CLIMATE RECORD PERIOD 9999 TO 9999

WEATHER         OBSERVED          NORMAL  DEPART  LAST YEAR`S
                 VALUE   DATE(S)  VALUE   FROM    VALUE  DATE(S)
                                          NORMAL
................................................................
TEMPERATURE (F)
HIGHEST           100   06/20        MM      MM       98  07/20
                                                          07/06
LOWEST             18   01/02        MM      MM       24  01/08
AVG. MAXIMUM     77.2              75.1     2.1     79.0
AVG. MINIMUM     58.5              55.4     3.1     59.3
MEAN             67.9              65.2     2.7     69.1
DAYS MAX >= 90     96              61.7    34.3      105
DAYS MAX <= 32      0               0.1    -0.1        0
DAYS MIN <= 32     18              21.5    -3.5        9
DAYS MIN <= 0       0               0.0     0.0        0

PRECIPITATION (INCHES)
TOTALS          54.59             46.55    8.04    40.86
DAILY AVG.       0.16              0.13    0.03     0.11
DAYS >= .01       128                MM      MM      109
DAYS >= .10        91                MM      MM       60
DAYS >= .50        40                MM      MM       23
DAYS >= 1.00       14                MM      MM       11
GREATEST
 24 HR. TOTAL    3.26   10/11 TO 10/11

DEGREE_DAYS
HEATING TOTAL    1846              2172    -326     1363
 SINCE 7/1        757               839     -82      682
COOLING TOTAL    2711              2261     450     2979
 SINCE 1/1       2711              2261     450     2979

FREEZE DATES
RECORD
 EARLIEST     MM
 LATEST       MM
EARLIEST                        MM
LATEST                          MM
.................................................................

WIND (MPH)
AVERAGE WIND SPEED              5.9
RESULTANT WIND SPEED/DIRECTION   1/110
HIGHEST WIND SPEED/DIRECTION    52/040    DATE  06/15
HIGHEST GUST SPEED/DIRECTION    64/040    DATE  06/15

SKY COVER
POSSIBLE SUNSHINE (PERCENT)   MM
AVERAGE SKY COVER           0.30
NUMBER OF DAYS FAIR          218
NUMBER OF DAYS PC             78
NUMBER OF DAYS CLOUDY         63

AVERAGE RH (PERCENT)     66

WEATHER CONDITIONS. NUMBER OF DAYS WITH
THUNDERSTORM             72     MIXED PRECIP               0
HEAVY RAIN               65     RAIN                      78
LIGHT RAIN              157     FREEZING RAIN              0
LT FREEZING RAIN          0     HAIL                       0
HEAVY SNOW                0     SNOW                       0
LIGHT SNOW                1     SLEET                      0
FOG                     146     FOG W/VIS <= 1/4 MILE     27
HAZE                     26

-  INDICATES NEGATIVE NUMBERS.
R  INDICATES RECORD WAS SET OR TIED.
MM INDICATES DATA IS MISSING.
T  INDICATES TRACE AMOUNT.

$$
