000
CXUS53 KGJT 041743
CLADRO

CLIMATE REPORT
NATIONAL WEATHER SERVICE GRAND JUNCTION CO
1039 AM MST FRI JAN 4 2019

...................................

...THE DURANGO AIRPORT CO CLIMATE SUMMARY FOR THE YEAR OF 2018...

CLIMATE NORMAL PERIOD 1981 TO 2010
CLIMATE RECORD PERIOD 9999 TO 9999

WEATHER         OBSERVED          NORMAL  DEPART  LAST YEAR`S
                 VALUE   DATE(S)  VALUE   FROM    VALUE  DATE(S)
                                          NORMAL
................................................................
TEMPERATURE (F)
RECORD
 HIGH              MM   MM
 LOW               MM   MM
HIGHEST            95   07/23        MM      MM       96  06/21
                        06/27
LOWEST             -7   12/29        MM      MM      -12  01/28
AVG. MAXIMUM     64.7              61.8     2.9     64.5
AVG. MINIMUM     31.4              30.5     0.9     31.9
MEAN             48.1              46.1     2.0     48.2
DAYS MAX >= 90     28              11.0    17.0       18
DAYS MAX <= 32     12              16.8    -4.8       13
DAYS MIN <= 32    189             197.7    -8.7      207
DAYS MIN <= 0       5              12.2    -7.2        5

PRECIPITATION (INCHES)
RECORD
 MAXIMUM           MM   MM
 MINIMUM           MM   MM
TOTALS           6.86             16.07   -9.21     9.27
DAILY AVG.       0.02              0.04   -0.02     0.03
DAYS >= .01        61                MM      MM       73
DAYS >= .10        25                MM      MM       31
DAYS >= .50         2                MM      MM        1
DAYS >= 1.00        0                MM      MM        0
GREATEST
 24 HR. TOTAL    0.70   MM                       12/31 TO 12/31
 STORM TOTAL       MM                                 MM


SNOWFALL (INCHES)
RECORDS
 TOTAL             MM   MM
 24 HR TOTAL       MM
 SNOW DEPTH        MM   MM
TOTALS             MM                MM      MM       MM
 LIQUID EQUIV      MM                MM      MM       MM
SINCE 7/1          MM                MM      MM       MM
 LIQUID 7/1        MM                MM      MM       MM
SNOWDEPTH AVG.     MM                MM      MM       MM
DAYS >= TRACE      MM                MM      MM       MM
DAYS >= 1.0        MM                MM      MM       MM
GREATEST
 SNOW DEPTH        MM                                 MM  MM
 24 HR TOTAL       MM                                 MM
 STORM TOTAL       MM                                 MM

DEGREE_DAYS
HEATING TOTAL    6458              7124    -666     6367
 SINCE 7/1       2796              2874     -78     2550
COOLING TOTAL     401               242     159      351
 SINCE 1/1        401               243     158      351

FREEZE DATES
RECORD
 EARLIEST     MM
 LATEST       MM
EARLIEST                        MM
LATEST                          MM
.................................................................

WIND (MPH)
AVERAGE WIND SPEED              6.5
RESULTANT WIND SPEED/DIRECTION   2/276
HIGHEST WIND SPEED/DIRECTION    43/010    DATE  07/26
HIGHEST GUST SPEED/DIRECTION    56/250    DATE  04/12

SKY COVER
POSSIBLE SUNSHINE (PERCENT)   MM
AVERAGE SKY COVER           0.20
NUMBER OF DAYS FAIR          283
NUMBER OF DAYS PC             61
NUMBER OF DAYS CLOUDY         21

AVERAGE RH (PERCENT)     51

WEATHER CONDITIONS. NUMBER OF DAYS WITH
THUNDERSTORM             45     MIXED PRECIP                0
HEAVY RAIN                9     RAIN                       23
LIGHT RAIN               93     FREEZING RAIN               0
LT FREEZING RAIN          0     HAIL                        0
HEAVY SNOW                5     SNOW                       13
LIGHT SNOW               26     SLEET                       0
FOG                      56     FOG W/VIS <= 1/4 MILE      16
HAZE                     15


-  INDICATES NEGATIVE NUMBERS.
R  INDICATES RECORD WAS SET OR TIED.
MM INDICATES DATA IS MISSING.
T  INDICATES TRACE AMOUNT.

$$
