000
CXUS56 KOTX 011807
CLAEAT


CLIMATE REPORT
NATIONAL WEATHER SERVICE SPOKANE, WA
954 AM PST TUE JAN 1 2019

...................................

...THE WENATCHEE WA PANGBORN FIELD CLIMATE SUMMARY FOR THE YEAR OF 2018...

CLIMATE NORMAL PERIOD 1981 TO 2010
CLIMATE RECORD PERIOD 1959 TO 2018

WEATHER         OBSERVED          NORMAL  DEPART
                 VALUE   DATE(S)  VALUE   FROM
                                          NORMAL
................................................
TEMPERATURE (F)
RECORD
 HIGH             109   06/28/2015
                        08/04/1961
                        08/04/1961
 LOW              -21   12/30/1968
HIGHEST           103   08/09
LOWEST             12   02/21
                        02/20
AVG. MAXIMUM     62.0              61.0     1.0
AVG. MINIMUM     42.6              40.8     1.8
MEAN             52.3              29.5    22.8
DAYS MAX >= 90     29              28.1     0.9
DAYS MAX <= 32     20              31.9   -11.9
DAYS MIN <= 32    119              99.1    19.9
DAYS MIN <= 0       0               1.1    -1.1

PRECIPITATION (INCHES)
RECORD
 MAXIMUM        14.28   1983
 MINIMUM         4.49   1976
TOTALS           6.95              8.01   -1.06
DAILY AVG.         MM              0.02      MM
DAYS >= .01        69              67.9     1.1
DAYS >= .10        25              25.1    -0.1
DAYS >= .50         0               1.8    -1.8
DAYS >= 1.00        0               0.1    -0.1
GREATEST
 24 HR. TOTAL    0.45   MM

DEGREE_DAYS
HEATING TOTAL    5399              5772    -373
COOLING TOTAL     897               790     107

FREEZE DATES
RECORD
 EARLIEST     09/29/1985
 LATEST       05/27/2011
EARLIEST                        10/26
LATEST                          04/08
.................................................

WIND (MPH)
AVERAGE WIND SPEED              7.2
HIGHEST WIND SPEED/DIRECTION    43/270    DATE  02/08
HIGHEST GUST SPEED/DIRECTION    58/320    DATE  11/02

SKY COVER
AVERAGE SKY COVER           0.30

AVERAGE RH (PERCENT)     58

WEATHER CONDITIONS. NUMBER OF DAYS WITH
THUNDERSTORM              7     MIXED PRECIP              MM
HEAVY RAIN                1     RAIN                      13
LIGHT RAIN               71     FREEZING RAIN              0
LT FREEZING RAIN          3     HAIL                       0
HEAVY SNOW                1     SNOW                       4
LIGHT SNOW               26     SLEET                     MM
FOG                      91     FOG W/VIS <= 1/4 MILE     38
HAZE                     35

-  INDICATES NEGATIVE NUMBERS.
R  INDICATES RECORD WAS SET OR TIED.
MM INDICATES DATA IS MISSING.
T  INDICATES TRACE AMOUNT.

$$
