000
CXUS53 KGJT 012048
CLAEEO

CLIMATE REPORT
NATIONAL WEATHER SERVICE GRAND JUNCTION CO
659 AM MST MON JAN 1 2018

...................................

...THE MEEKER CO CLIMATE SUMMARY FOR THE YEAR OF 2017...

CLIMATE NORMAL PERIOD 1981 TO 2010
CLIMATE RECORD PERIOD 9999 TO 9999

WEATHER         OBSERVED          NORMAL  DEPART  LAST YEAR`S
                 VALUE   DATE(S)  VALUE   FROM    VALUE  DATE(S)
                                          NORMAL
................................................................
TEMPERATURE (F)
RECORD
 HIGH              MM   MM
 LOW               MM   MM
HIGHEST            96   06/20        MM      MM       98  06/21
LOWEST            -29   01/06        MM      MM      -24  01/01
AVG. MAXIMUM     63.4              58.9     4.5     60.8
AVG. MINIMUM     31.5              28.3     3.2     29.4
MEAN             47.4              43.6     3.8     45.1
DAYS MAX >= 90     30              13.4    16.6       19
DAYS MAX <= 32     20              39.5   -19.5       41
DAYS MIN <= 32    195             205.6   -10.6      183
DAYS MIN <= 0       9              25.2   -16.2       30

PRECIPITATION (INCHES)
RECORD
 MAXIMUM           MM   MM
 MINIMUM           MM   MM
TOTALS          14.69             16.06   -1.37    15.02
DAILY AVG.       0.04              0.04    0.00     0.04
DAYS >= .01        94                MM      MM      121
DAYS >= .10        42                MM      MM       51
DAYS >= .50         7                MM      MM        4
DAYS >= 1.00        1                MM      MM        0
GREATEST
 24 HR. TOTAL    1.50   MM                       12/31 TO 12/31
 STORM TOTAL       MM                                 MM

SNOWFALL (INCHES)
RECORDS
 TOTAL             MM   MM
 24 HR TOTAL       MM
 SNOW DEPTH        MM   MM
TOTALS             MM                MM      MM       MM
 LIQUID EQUIV      MM                MM      MM       MM
SINCE 7/1          MM                MM      MM       MM
 LIQUID 7/1        MM                MM      MM       MM
SNOWDEPTH AVG.     MM                MM      MM       MM
DAYS >= TRACE      MM                MM      MM       MM
DAYS >= 1.0        MM                MM      MM       MM
GREATEST
 SNOW DEPTH        MM                                 MM  MM
 24 HR TOTAL       MM                                 MM
 STORM TOTAL       MM                                 MM

DEGREE_DAYS
HEATING TOTAL    6620              7974   -1354     7402
 SINCE 7/1       2697              3289    -592     2848
COOLING TOTAL     321               171     150      225
 SINCE 1/1        321               172     149      225

FREEZE DATES
RECORD
 EARLIEST     MM
 LATEST       MM
EARLIEST                        MM
LATEST                          MM
..................................................

WIND (MPH)
AVERAGE WIND SPEED              6.1
RESULTANT WIND SPEED/DIRECTION   1/214
HIGHEST WIND SPEED/DIRECTION    46/020    DATE  10/08
HIGHEST GUST SPEED/DIRECTION    60/010    DATE  10/08

SKY COVER
POSSIBLE SUNSHINE (PERCENT)   MM
AVERAGE SKY COVER           0.30
NUMBER OF DAYS FAIR          243
NUMBER OF DAYS PC             77
NUMBER OF DAYS CLOUDY         45

AVERAGE RH (PERCENT)     55

WEATHER CONDITIONS. NUMBER OF DAYS WITH
THUNDERSTORM             61     MIXED PRECIP               0
HEAVY RAIN               16     RAIN                      29
LIGHT RAIN              112     FREEZING RAIN              0
LT FREEZING RAIN          0     HAIL                       0
HEAVY SNOW                8     SNOW                      17
LIGHT SNOW               62     SLEET                      0
FOG                      83     FOG W/VIS <= 1/4 MILE     12
HAZE                     19

-  INDICATES NEGATIVE NUMBERS.
R  INDICATES RECORD WAS SET OR TIED.
MM INDICATES DATA IS MISSING.
T  INDICATES TRACE AMOUNT.

$$
