000
CXUS53 KGJT 032126
CLAEEO


CLIMATE REPORT
NATIONAL WEATHER SERVICE GRAND JUNCTION CO
1200 PM MST THU JAN 3 2019

...................................

...THE MEEKER CO CLIMATE SUMMARY FOR THE YEAR OF 2018...

CLIMATE NORMAL PERIOD 1981 TO 2010
CLIMATE RECORD PERIOD 9999 TO 9999

WEATHER         OBSERVED          NORMAL  DEPART  LAST YEAR`S
                 VALUE   DATE(S)  VALUE   FROM    VALUE  DATE(S)
                                          NORMAL
................................................................
TEMPERATURE (F)
RECORD
 HIGH              MM   MM
 LOW               MM   MM
HIGHEST            97   08/12        MM      MM       96  06/20
                        07/19
                        07/08
LOWEST            -14   12/29        MM      MM      -29  01/06
AVG. MAXIMUM     62.5              58.9     3.6     63.4
AVG. MINIMUM     30.2              28.3     1.9     31.5
MEAN             46.3              43.6     2.7     47.4
DAYS MAX >= 90     42              13.4    28.6       30
DAYS MAX <= 32     23              39.5   -16.5       20
DAYS MIN <= 32    191             205.6   -14.6      195
DAYS MIN <= 0      12              25.2   -13.2        9

PRECIPITATION (INCHES)
RECORD
 MAXIMUM           MM   MM
 MINIMUM           MM   MM
TOTALS          14.32             16.06   -1.74    14.69
DAILY AVG.       0.04              0.04    0.00     0.04
DAYS >= .01        85                MM      MM       94
DAYS >= .10        48                MM      MM       42
DAYS >= .50         6                MM      MM        7
DAYS >= 1.00        0                MM      MM        1
GREATEST
 24 HR. TOTAL    0.80   MM                       12/31 TO 12/31
 STORM TOTAL       MM                                 MM

SNOWFALL (INCHES)
RECORDS
 TOTAL             MM   MM
 24 HR TOTAL       MM
 SNOW DEPTH        MM   MM
TOTALS             MM                MM      MM       MM
 LIQUID EQUIV      MM                MM      MM       MM
SINCE 7/1          MM                MM      MM       MM
 LIQUID 7/1        MM                MM      MM       MM
SNOWDEPTH AVG.     MM                MM      MM       MM
DAYS >= TRACE      MM                MM      MM       MM
DAYS >= 1.0        MM                MM      MM       MM
GREATEST
 SNOW DEPTH        MM                                 MM  MM
 24 HR TOTAL       MM                                 MM
 STORM TOTAL       MM                                 MM

DEGREE_DAYS
HEATING TOTAL    7077              7974    -897     6620
 SINCE 7/1       3184              3289    -105     2697
COOLING TOTAL     395               171     224      321
 SINCE 1/1        395               172     223      321

FREEZE DATES
RECORD
 EARLIEST     MM
 LATEST       MM
EARLIEST                        MM
LATEST                          MM
.................................................................

WIND (MPH)
AVERAGE WIND SPEED              5.6
RESULTANT WIND SPEED/DIRECTION   1/198
HIGHEST WIND SPEED/DIRECTION    46/250    DATE  04/12
HIGHEST GUST SPEED/DIRECTION    62/220    DATE  02/19

SKY COVER
POSSIBLE SUNSHINE (PERCENT)    0
AVERAGE SKY COVER           0.30
NUMBER OF DAYS FAIR          234
NUMBER OF DAYS PC             82
NUMBER OF DAYS CLOUDY         49

AVERAGE RH (PERCENT)     52

WEATHER CONDITIONS. NUMBER OF DAYS WITH
THUNDERSTORM             34     MIXED PRECIP                0
HEAVY RAIN               12     RAIN                       29
LIGHT RAIN               91     FREEZING RAIN               0
LT FREEZING RAIN          0     HAIL                        0
HEAVY SNOW               12     SNOW                       28
LIGHT SNOW               68     SLEET                       0
FOG                      73     FOG W/VIS <= 1/4 MILE      15
HAZE                     26


-  INDICATES NEGATIVE NUMBERS.
R  INDICATES RECORD WAS SET OR TIED.
MM INDICATES DATA IS MISSING.
T  INDICATES TRACE AMOUNT.

$$
