000
CXUS53 KPAH 020231
CLAEVV

CLIMATE REPORT
NATIONAL WEATHER SERVICE PADUCAH KY
826 PM CST TUE JAN 1 2019

...................................

...THE EVANSVILLE IN CLIMATE SUMMARY FOR THE YEAR OF 2018...

CLIMATE NORMAL PERIOD 1981 TO 2010
CLIMATE RECORD PERIOD 1896 TO 2018

WEATHER         OBSERVED          NORMAL  DEPART  LAST YEAR`S
                 VALUE   DATE(S)  VALUE   FROM    VALUE  DATE(S)
                                          NORMAL
................................................................
TEMPERATURE (F)
RECORD
 HIGH             111   07/28/1930
 LOW              -23   02/02/1951
HIGHEST            96   09/04                         99  07/22
                        07/05
LOWEST             -2   01/02                          5  01/07
AVG. MAXIMUM     66.6              66.9    -0.3     69.2
AVG. MINIMUM     47.8              45.8     2.0     48.7
MEAN             57.2              56.4     0.8     59.0
DAYS MAX >= 90     57              38.0    19.0       30
DAYS MAX <= 32     19              15.5     3.5       12
DAYS MAX >= 95      6
DAYS MAX >= 100     0
DAYS MIN <= 32     96              92.6     3.4       75
DAYS MIN <= 0       1               1.8    -0.8        0

PRECIPITATION (INCHES)
RECORD
 MAXIMUM        70.03   2011
 MINIMUM         0.01   1910
TOTALS          56.24             45.31   10.93    43.48
DAILY AVG.       0.16              0.12    0.04     0.12
DAYS >= .01       138             115.5    22.5      116
DAYS >= .10        85              74.9    10.1       67
DAYS >= .50        36              30.8     5.2       28
DAYS >= 1.00       14              11.9     2.1       12
DAYS >= 0.25       61
DAYS >= 2.00        4
GREATEST
 24 HR. TOTAL    3.45
 STORM TOTAL       MM
 (MM/DD(HH))

SNOWFALL (INCHES)
RECORDS
 TOTAL           41.0   1918
 24 HR TOTAL     19.3   12/22/2004 TO 12/22/2004
TOTALS           14.3              11.8     2.5      1.4
 LIQUID EQUIV    1.43              1.50   -0.07
SINCE 7/1         2.2               3.5    -1.3        T
 LIQUID 7/1      0.22
SNOWDEPTH AVG.      0
DAYS >= TRACE      33              10.4    22.6       16
DAYS >= 1.0         4               3.5     0.5
GREATEST
 SNOW DEPTH         4   01/13
 24 HR TOTAL      4.3   MM
 STORM TOTAL       MM
 (MM/DD(HH))

DEGREE_DAYS
HEATING TOTAL    4622              4549      73     3623
 SINCE 7/1         MM              1772      MM

FREEZE DATES
RECORD
 EARLIEST     10/03/1974
 LATEST       05/10/1966
EARLIEST                        10/23
LATEST                          04/10
.................................................................

WIND (MPH)
AVERAGE WIND SPEED              6.6
HIGHEST WIND SPEED/DIRECTION    35/030    DATE  06/10
HIGHEST GUST SPEED/DIRECTION    54/310    DATE  05/31

SKY COVER
POSSIBLE SUNSHINE (PERCENT)   MM
AVERAGE SKY COVER           0.40
NUMBER OF DAYS FAIR          184
NUMBER OF DAYS PC            102
NUMBER OF DAYS CLOUDY         74

AVERAGE RH (PERCENT)     75

WEATHER CONDITIONS. NUMBER OF DAYS WITH
THUNDERSTORM             57     MIXED PRECIP               0
HEAVY RAIN               55     RAIN                      76
LIGHT RAIN              150     FREEZING RAIN              4
LT FREEZING RAIN          6     HAIL                       0
HEAVY SNOW                1     SNOW                       6
LIGHT SNOW               31     SLEET                      1
FOG                     192     FOG W/VIS <= 1/4 MILE     15
HAZE                     30

-  INDICATES NEGATIVE NUMBERS.
R  INDICATES RECORD WAS SET OR TIED.
MM INDICATES DATA IS MISSING.
T  INDICATES TRACE AMOUNT.

$$
