000
CXUS51 KOKX 011757
CLAEWR

CLIMATE REPORT
NATIONAL WEATHER SERVICE NEW YORK NY
1256 PM EST TUE JAN 1 2019

...................................

...THE NEWARK NJ CLIMATE SUMMARY FOR THE YEAR OF 2018...

CLIMATE NORMAL PERIOD 1981 TO 2010
CLIMATE RECORD PERIOD 1929 TO 2018

WEATHER         OBSERVED          NORMAL  DEPART  LAST YEAR`S
                 VALUE   DATE(S)  VALUE   FROM    VALUE  DATE(S)
                                          NORMAL
................................................................
TEMPERATURE (F)
RECORD
 HIGH             108   07/22/2011
 LOW              -14   02/09/1934
HIGHEST            98   09/06        MM      MM       99  06/13
                        07/01
LOWEST              4   01/07        MM      MM        9  12/31
AVG. MAXIMUM     63.8              63.2     0.6     64.6
AVG. MINIMUM     47.9              46.6     1.3     48.3
MEAN             55.9              54.9     1.0     56.4
DAYS MAX >= 90     36              20.9    15.1       22
DAYS MAX <= 32     12              15.6    -3.6       17
DAYS MIN <= 32     85              81.9     3.1       76
DAYS MIN <= 0       0               0.4    -0.4        0

PRECIPITATION (INCHES)
RECORD
 MAXIMUM        69.91   2011
 MINIMUM        26.09   1965
TOTALS          59.47             46.25   13.22    47.49
DAILY AVG.       0.16              0.13    0.03     0.13
DAYS >= .01       149             122.2    26.8      120
DAYS >= .10        94              75.7    18.3       74
DAYS >= .50        47              32.0    15.0       32
DAYS >= 1.00       17              12.5     4.5       11
GREATEST
 24 HR. TOTAL    2.99   MM                       12/31 TO 12/31
                                                          12/31 TO 12/31EATHER         OBSERVED          NORMAL  DEPART  LAST YEAR`S
                                                          12/31 TO 12/31EATHER         OBSERVED          NORMAL  DEPART  LAST YEAR`S
 STORM TOTAL       MM                                 MM
 (MM/DD(HH))            MM                    12/31(00) TO 12/31(00)
                                                 12/31(00) TO 12/31(00)1EATHER         OBSERVED          NORMAL  DEPART  LAST YEAR`S
                                                 12/31(00) TO 12/31(00)1EATHER         OBSERVED          NORMAL  DEPART  LAST YEAR`S

SNOWFALL (INCHES)
RECORDS
 TOTAL           65.8   1978
 24 HR TOTAL     27.5   12/31/2016 TO 12/31/2016
 SNOW DEPTH        30   01/08/1996
TOTALS           38.1              28.5     9.6     34.3
 LIQUID EQUIV    3.81              2.80    1.01     3.43
SINCE 7/1         6.4               5.8     0.6      7.7
 LIQUID 7/1      0.64              0.60    0.04     0.77
SNOWDEPTH AVG.      0                MM      MM        0
DAYS >= TRACE      32              14.5    17.5       32
DAYS >= 1.0         7               6.8     0.2        9
GREATEST
 SNOW DEPTH         8   03/22                          6  02/10
 24 HR TOTAL      8.4   MM                       12/31 TO 12/31
                                                          12/31 TO 12/31EATHER         OBSERVED          NORMAL  DEPART  LAST YEAR`S
                                                          12/31 TO 12/31EATHER         OBSERVED          NORMAL  DEPART  LAST YEAR`S
 STORM TOTAL       MM                                 MM
 (MM/DD(HH))            MM                    12/31(00) TO 12/31(00)
                                                 12/31(00) TO 12/31(00)1EATHER         OBSERVED          NORMAL  DEPART  LAST YEAR`S
                                                 12/31(00) TO 12/31(00)1EATHER         OBSERVED          NORMAL  DEPART  LAST YEAR`S

DEGREE_DAYS
HEATING TOTAL    4726              4870    -144     4330
 SINCE 7/1         MM              1750      MM       MM
COOLING TOTAL    1511              1190     321     1316
 SINCE 1/1       1511              1192     319     1316
.................................................................

WIND (MPH)
AVERAGE WIND SPEED              9.5
RESULTANT WIND SPEED/DIRECTION   3/289
HIGHEST WIND SPEED/DIRECTION    44/270    DATE  04/04
HIGHEST GUST SPEED/DIRECTION    54/260    DATE  04/04

SKY COVER
POSSIBLE SUNSHINE (PERCENT)   MM
AVERAGE SKY COVER           0.70
NUMBER OF DAYS FAIR           48
NUMBER OF DAYS PC            146
NUMBER OF DAYS CLOUDY        171

AVERAGE RH (PERCENT)     66

WEATHER CONDITIONS. NUMBER OF DAYS WITH
  0
 77
  0
  2
 15
  7
 13
HAZE                     41

-  INDICATES NEGATIVE NUMBERS.
R  INDICATES RECORD WAS SET OR TIED.
MM INDICATES DATA IS MISSING.
T  INDICATES TRACE AMOUNT.

$$
