634
CXUS51 KOKX 021758
CLAEWR

CLIMATE REPORT
NATIONAL WEATHER SERVICE NEW YORK NY
1256 PM EST TUE JAN 2 2018

...................................

...THE NEWARK NJ CLIMATE SUMMARY FOR THE YEAR OF 2017...

CLIMATE NORMAL PERIOD 1981 TO 2010
CLIMATE RECORD PERIOD 1929 TO 2018

WEATHER         OBSERVED          NORMAL  DEPART  LAST YEAR`S
                 VALUE   DATE(S)  VALUE   FROM    VALUE  DATE(S)
                                          NORMAL
................................................................
TEMPERATURE (F)
RECORD
 HIGH             108   07/22/2011
 LOW              -14   02/09/1934
HIGHEST            99   06/13        MM      MM       99  07/25
LOWEST              9   12/31        MM      MM        0  02/14
AVG. MAXIMUM     64.6              63.2     1.4     65.9
AVG. MINIMUM     48.3              46.6     1.7     48.3
MEAN             56.4              54.9     1.5     57.1
DAYS MAX >= 90     22              20.9     1.1       40
DAYS MAX <= 32     17              15.6     1.4       13
DAYS MIN <= 32     76              81.9    -5.9       74
DAYS MIN <= 0       0               0.4    -0.4        1

PRECIPITATION (INCHES)
RECORD
 MAXIMUM        69.91   2011
 MINIMUM        26.09   1965
TOTALS          47.49             46.25    1.24    38.41
DAILY AVG.       0.13              0.13    0.00     0.10
DAYS >= .01       120             122.2    -2.2      119
DAYS >= .10        74              75.7    -1.7       72
DAYS >= .50        32              32.0     0.0       24
DAYS >= 1.00       11              12.5    -1.5        9
GREATEST
 24 HR. TOTAL    4.07   MM                       12/31 TO 12/31
                                                          12/31 TO 12/31
                                                          12/31 TO 12/31
 STORM TOTAL       MM                                 MM
 (MM/DD(HH))            MM                    12/31(00) TO 12/31(00)
                                                 12/31(00) TO 12/31(00)1
                                                 12/31(00) TO 12/31(00)1

SNOWFALL (INCHES)
RECORDS
 TOTAL           65.8   1978
 24 HR TOTAL     27.5   12/31/2016 TO 12/31/2016
 SNOW DEPTH        30   01/08/1996
TOTALS           34.3              28.5     5.8     39.4
 LIQUID EQUIV    3.43              2.80    0.63     3.94
SINCE 7/1         7.7               5.8     1.9      3.4
 LIQUID 7/1      0.77              0.60    0.17     0.34
SNOWDEPTH AVG.      0                MM      MM        0
DAYS >= TRACE      32              14.5    17.5       33
DAYS >= 1.0         9               6.8     2.2        5
GREATEST
 SNOW DEPTH         6   02/10                         20  01/24
 24 HR TOTAL      7.8   MM                       12/31 TO 12/31
                                                          12/31 TO 12/31
                                                          12/31 TO 12/31
 STORM TOTAL       MM                                 MM
 (MM/DD(HH))            MM                    12/31(00) TO 12/31(00)
                                                 12/31(00) TO 12/31(00)1
                                                 12/31(00) TO 12/31(00)1

DEGREE_DAYS
HEATING TOTAL    4330              4870    -540     4327
 SINCE 7/1         MM              1750      MM       MM
COOLING TOTAL    1316              1190     126     1565
 SINCE 1/1       1316              1192     124     1565
..................................................

WIND (MPH)
AVERAGE WIND SPEED              9.7
RESULTANT WIND SPEED/DIRECTION   3/287
HIGHEST WIND SPEED/DIRECTION    44/240    DATE  06/19
HIGHEST GUST SPEED/DIRECTION    63/240    DATE  06/19

SKY COVER
POSSIBLE SUNSHINE (PERCENT)   MM
AVERAGE SKY COVER           0.70
NUMBER OF DAYS FAIR           44
NUMBER OF DAYS PC            180
NUMBER OF DAYS CLOUDY        141

AVERAGE RH (PERCENT)     63

WEATHER CONDITIONS. NUMBER OF DAYS WITH
THUNDERSTORM              0     MIXED PRECIP               0
HEAVY RAIN               36     RAIN                      52
LIGHT RAIN              160     FREEZING RAIN              0
LT FREEZING RAIN          1     HAIL                       0
HEAVY SNOW                1     SNOW                      10
LIGHT SNOW               24     SLEET                      7
FOG                     119     FOG W/VIS <= 1/4 MILE      8
HAZE                     31

-  INDICATES NEGATIVE NUMBERS.
R  INDICATES RECORD WAS SET OR TIED.
MM INDICATES DATA IS MISSING.
T  INDICATES TRACE AMOUNT.

$$
