920
CXUS52 KRAH 031425
CLAFAY

CLIMATE REPORT
NATIONAL WEATHER SERVICE RALEIGH NC
930 AM EST THU JAN 3 2019

...................................

...THE FAYETTEVILLE REGL AIRPORT NC CLIMATE SUMMARY FOR THE YEAR OF 2018...

CLIMATE NORMAL PERIOD 1981 TO 2010
CLIMATE RECORD PERIOD 1910 TO 2019

WEATHER         OBSERVED          NORMAL  DEPART
                 VALUE   DATE(S)  VALUE   FROM
                                          NORMAL
................................................
TEMPERATURE (F)
RECORD
 HIGH             107   08/09/2007
                        07/22/1932
 LOW                    01/22/1985
                        01/21/1985
HIGHEST            99   06/24        MM      MM
LOWEST              9   01/07        MM      MM
AVG. MINIMUM     53.9              52.0     1.9
MEAN             64.5              63.0     1.5
DAYS MAX >= 90     97              57.1    39.9
DAYS MAX <= 32      3               0.6     2.4
DAYS MIN <= 32     45              46.0    -1.0
DAYS MIN <= 0       0               0.0     0.0

PRECIPITATION (INCHES)
RECORD
 MAXIMUM        69.12   1936
 MINIMUM        29.34   2007
TOTALS          58.66            44.46   14.20
DAYS >= .01       122                MM      MM
DAYS >= .10        79                MM      MM
DAYS >= .50        33                MM      MM
DAYS >= 1.00       17                MM      MM
GREATEST
 24 HR. TOTAL    6.45   MM

DEGREE_DAYS
HEATING TOTAL    2687              2732     -45
COOLING TOTAL    2590              1993     597
.................................................

WIND (MPH)
AVERAGE WIND SPEED              7.4
RESULTANT WIND SPEED/DIRECTION   1/238
HIGHEST WIND SPEED/DIRECTION    46/030    DATE  09/14
HIGHEST GUST SPEED/DIRECTION    65/030    DATE  09/14

SKY COVER
POSSIBLE SUNSHINE (PERCENT)    0
AVERAGE SKY COVER           0.40
NUMBER OF DAYS FAIR          204
NUMBER OF DAYS PC            104
NUMBER OF DAYS CLOUDY         55

AVERAGE RH (PERCENT)     68

WEATHER CONDITIONS. NUMBER OF DAYS WITH
THUNDERSTORM             55     MIXED PRECIP               0
HEAVY RAIN               41     RAIN                      58
LIGHT RAIN              131     FREEZING RAIN              0
LT FREEZING RAIN          0     HAIL                       0
HEAVY SNOW                0     SNOW                       0
LIGHT SNOW                0     SLEET                      0
FOG                     179     FOG W/VIS <= 1/4 MILE     27
HAZE                     30


-  INDICATES NEGATIVE NUMBERS.
R  INDICATES RECORD WAS SET OR TIED.
MM INDICATES DATA IS MISSING.
T  INDICATES TRACE AMOUNT.

$$
