000
CXUS53 KDDC 021950
CLAGCK


CLIMATE REPORT
NATIONAL WEATHER SERVICE DODGE CITY KS
147 PM CST WED JAN 2 2019

...................................

...THE GARDEN CITY REGIONAL ARPT KS CLIMATE SUMMARY FOR THE YEAR OF 2018...

CLIMATE NORMAL PERIOD 1981 TO 2010
CLIMATE RECORD PERIOD 1948 TO 2019

WEATHER         OBSERVED          NORMAL  DEPART  LAST YEAR`S
                 VALUE   DATE(S)  VALUE   FROM    VALUE  DATE(S)
                                          NORMAL
................................................................
TEMPERATURE (F)
RECORD
 HIGH             110   06/08/1985
                        07/11/1954
                        06/24/1953
 LOW              -22   03/11/1948
HIGHEST           103   06/10        MM      MM      104  06/17
                                                          06/11
LOWEST             -9   01/01        MM      MM       -4  01/07
AVG. MAXIMUM     68.6              67.9     0.7     70.3
AVG. MINIMUM     39.4              40.7    -1.3     41.3
MEAN             54.0              54.3    -0.3     55.8
DAYS MAX >= 90     71              59.2    11.8       57
DAYS MAX <= 32     14              19.0    -5.0       14
DAYS MIN <= 32    147             136.6    10.4      128
DAYS MIN <= 0       4               3.9     0.1        4

PRECIPITATION (INCHES)
RECORD
 MAXIMUM        30.75   1969
 MINIMUM         9.23
TOTALS          25.26             19.47    5.79    20.57
DAYS >= .01        68              72.0    -4.0       66
DAYS >= .10        37              39.3    -2.3       36
DAYS >= .50        16              12.6     3.4       14
DAYS >= 1.00        8               4.1     3.9        5
GREATEST
 24 HR. TOTAL    2.32   07/28 TO 07/29

DEGREE_DAYS
HEATING TOTAL    5333              5207     126     4576
 SINCE 7/1       2318              2123     195     1974
COOLING TOTAL    1462              1300     162     1373
 SINCE 1/1       1462              1298     164     1373

FREEZE DATES
.................................................................

WIND (MPH)
AVERAGE WIND SPEED              12.5
HIGHEST WIND SPEED/DIRECTION    53/010    DATE  07/25
HIGHEST GUST SPEED/DIRECTION    80/230    DATE  06/06


WEATHER CONDITIONS. NUMBER OF DAYS WITH
THUNDERSTORM             50     MIXED PRECIP               0
HEAVY RAIN               26     RAIN                      36
LIGHT RAIN               74     FREEZING RAIN              0
LT FREEZING RAIN          4     HAIL                       1
HEAVY SNOW                1     SNOW                       5
LIGHT SNOW               21     SLEET                      0
FOG                     134     FOG W/VIS <= 1/4 MILE     16
HAZE                     54

-  INDICATES NEGATIVE NUMBERS.
R  INDICATES RECORD WAS SET OR TIED.
MM INDICATES DATA IS MISSING.
T  INDICATES TRACE AMOUNT.

$$
