000
CXUS51 KPHI 241435
CLAGED


CLIMATE REPORT
NATIONAL WEATHER SERVICE MOUNT HOLLY NJ
932 AM EST WED JAN 24 2018

...................................

...THE GEORGETOWN DE CLIMATE SUMMARY FOR THE YEAR OF 2017...

CLIMATE NORMAL PERIOD 1981 TO 2010
CLIMATE RECORD PERIOD 1948 TO 2018

WEATHER         OBSERVED          NORMAL  DEPART  LAST YEAR`S
                 VALUE   DATE(S)  VALUE   FROM    VALUE  DATE(S)
                                          NORMAL
................................................................
TEMPERATURE (F)
RECORD
 HIGH             104   07/23/2011
                        07/22/2011
 LOW              -13   01/28/1987
HIGHEST            96   07/20        MM      MM       98  07/25
                        07/13
LOWEST              2   01/09        MM      MM       12  02/14
AVG. MAXIMUM     68.4              65.8     2.6     67.4
AVG. MINIMUM     49.3              46.6     2.7     48.3
MEAN             58.8              56.2     2.6     57.8
DAYS MAX >= 90     29              21.5     7.5       38
DAYS MAX <= 32     10               8.9     1.1       10
DAYS MIN <= 32     77              83.5    -6.5       81
DAYS MIN <= 0       0               0.0     0.0        0

PRECIPITATION (INCHES)
RECORD
 MAXIMUM        48.07   2016
 MINIMUM        35.21   2015
TOTALS          42.69             43.77   -1.08    48.07
DAILY AVG.       0.12              0.12    0.00     0.13
DAYS >= .01       109             137.6   -28.6      115
DAYS >= .10        68              70.4    -2.4       78
DAYS >= .50        28              27.3     0.7       28
DAYS >= 1.00       13              11.0     2.0       11
GREATEST
 24 HR. TOTAL    2.45   MM                       12/31 TO 12/31
                                                          12/31 TO 12/31
                                                          12/31 TO 12/31
 STORM TOTAL       MM                                 MM
 (MM/DD(HH))            MM                    12/31(00) TO 12/31(00)
                                                 12/31(00) TO 12/31(00)1
                                                 12/31(00) TO 12/31(00)1

DEGREE_DAYS
HEATING TOTAL    3663              4406    -743     4017
 SINCE 7/1       1471              1582    -111     1398
COOLING TOTAL    1517              1196     321     1506
 SINCE 1/1       1517              1196     321     1506

FREEZE DATES
RECORD
 EARLIEST     MM
 LATEST       MM
EARLIEST                        MM
LATEST                          MM
..................................................

WIND (MPH)
AVERAGE WIND SPEED              7.0
RESULTANT WIND SPEED/DIRECTION   1/238
HIGHEST WIND SPEED/DIRECTION    40/060    DATE  01/23
HIGHEST GUST SPEED/DIRECTION    53/060    DATE  01/23

SKY COVER
POSSIBLE SUNSHINE (PERCENT)    0
AVERAGE SKY COVER           0.40
NUMBER OF DAYS FAIR          200
NUMBER OF DAYS PC            112
NUMBER OF DAYS CLOUDY         52

AVERAGE RH (PERCENT)     68

WEATHER CONDITIONS. NUMBER OF DAYS WITH
THUNDERSTORM              0     MIXED PRECIP               0
HEAVY RAIN               39     RAIN                      52
LIGHT RAIN              142     FREEZING RAIN              1
LT FREEZING RAIN          1     HAIL                       0
HEAVY SNOW                1     SNOW                       3
LIGHT SNOW               15     SLEET                      0
FOG                     180     FOG W/VIS <= 1/4 MILE     28
HAZE                     34

-  INDICATES NEGATIVE NUMBERS.
R  INDICATES RECORD WAS SET OR TIED.
MM INDICATES DATA IS MISSING.
T  INDICATES TRACE AMOUNT.

$$
